000
CXUS55 KRIW 010945
CF6RKS
PRELIMINARY LOCAL CLIMATOLOGICAL DATA (WS FORM: F-6)
STATION: ROCK SPRINGS WY
MONTH: MAY
YEAR: 2020
LATITUDE: 41 35 N
LONGITUDE: 109 4 W
TEMPERATURE IN F: :PCPN: SNOW: WIND :SUNSHINE: SKY :PK WND
================================================================================
1 2 3 4 5 6A 6B 7 8 9 10 11 12 13 14 15 16 17 18
12Z AVG MX 2MIN
DY MAX MIN AVG DEP HDD CDD WTR SNW DPTH SPD SPD DIR MIN PSBL S-S WX SPD DR
================================================================================
1 60 41 51 5 14 0 0.00 M M 10.9 26 300 M M 4 35 350
2 61 38 50 4 15 0 0.00 M M 7.0 22 230 M M 1 27 230
3 60 38 49 2 16 0 0.03 M M 10.2 23 260 M M 7 13 30 260
4 56 35 46 -1 19 0 0.00 M M 16.0 35 270 M M 3 47 270
5 64 33 49 2 16 0 0.00 M M 8.9 24 250 M M 0 35 260
6 73 34 54 6 11 0 0.00 M M 17.4 39 270 M M 0 53 270
7 56 32 44 -4 21 0 0.00 M M 21.5 39 260 M M 0 48 260
8 63 25 44 -4 21 0 0.00 M M 10.1 29 280 M M 1 38 290
9 62 29 46 -3 19 0 0.00 M M 7.9 24 60 M M 0 32 60
10 67 28 48 -1 17 0 0.00 M M 12.1 23 70 M M 0 32 70
11 64 33 49 0 16 0 T M M 10.1 28 260 M M 2 3 37 260
12 72 42 57 7 8 0 0.00 M M 11.0 36 260 M M 4 55 260
13 51 39 45 -5 20 0 0.04 M M 12.7 26 270 M M 4 1 37 270
14 60 34 47 -3 18 0 0.03 M M 8.2 29 270 M M 6 36 270
15 61 38 50 0 15 0 T M M 12.1 26 260 M M 7 36 290
16 63 31 47 -4 18 0 0.00 M M 6.5 13 170 M M 1 18 200
17 76 40 58 7 7 0 0.00 M M 9.6 26 190 M M 0 35 180
18 80 53 67 16 0 2 0.00 M M 17.1 35 200 M M 0 47 200
19 78 48 63 11 2 0 0.00 M M 21.0 46 190 M M 0 8 62 190
20 61 37 49 -3 16 0 0.00 M M 17.8 41 220 M M 1 53 230
21 61 35 48 -4 17 0 0.00 M M 17.0 33 250 M M 3 44 260
22 69 42 56 3 9 0 0.00 M M 14.0 36 200 M M 2 47 200
23 54 34 44 -9 21 0 T M M 18.0 30 240 M M 5 41 240
24 58 29 44 -9 21 0 T M M 9.3 20 260 M M 5 29 280
25 65 34 50 -4 15 0 0.00 M M 8.2 18 300 M M 2 29 310
26 72 41 57 3 8 0 0.00 M M 14.7 29 270 M M 4 41 270
27 76 46 61 7 4 0 0.00 M M 12.3 25 300 M M 4 36 310
28 81 46 64 10 1 0 0.00 0.0 M 5.8 16 260 M M 0 25 250
29 86 50 68 13 0 3 0.14 0.0 M 7.1 44 250 M M 2 38 62 230
30 82 46 64 9 1 0 T M M 9.6 33 240 M M 1 3 43 230
31 81 53 67 12 0 2 0.01 0.0 M 16.3 40 260 M M 2 3 52 260
================================================================================
SM 2073 1184 386 7 0.25 0.0 380.4 M 71
================================================================================
AV 66.9 38.2 12.3 FASTST M M 2 MAX(MPH)
MISC ----> # 46 190 # 62 190
================================================================================
NOTES:
# LAST OF SEVERAL OCCURRENCES
COLUMN 17 PEAK WIND IN M.P.H.
PRELIMINARY LOCAL CLIMATOLOGICAL DATA (WS FORM: F-6) , PAGE 2
STATION: ROCK SPRINGS WY
MONTH: MAY
YEAR: 2020
LATITUDE: 41 35 N
LONGITUDE: 109 4 W
[TEMPERATURE DATA] [PRECIPITATION DATA] SYMBOLS USED IN COLUMN 16
AVERAGE MONTHLY: 52.5 TOTAL FOR MONTH: 0.25 1 = FOG OR MIST
DPTR FM NORMAL: 1.7 DPTR FM NORMAL: -0.96 2 = FOG REDUCING VISIBILITY
HIGHEST: 86 ON 29 GRTST 24HR 0.14 ON 29-29 TO 1/4 MILE OR LESS
LOWEST: 25 ON 8 3 = THUNDER
SNOW, ICE PELLETS, HAIL 4 = ICE PELLETS
TOTAL MONTH: 0.0 INCH 5 = HAIL
GRTST 24HR 0.0 6 = FREEZING RAIN OR DRIZZLE
GRTST DEPTH: M ON M 7 = DUSTSTORM OR SANDSTORM:
VSBY 1/2 MILE OR LESS
8 = SMOKE OR HAZE
[NO. OF DAYS WITH] [WEATHER - DAYS WITH] 9 = BLOWING SNOW
X = TORNADO
MAX 32 OR BELOW: 0 0.01 INCH OR MORE: 5
MAX 90 OR ABOVE: 0 0.10 INCH OR MORE: 1
MIN 32 OR BELOW: 6 0.50 INCH OR MORE: 0
MIN 0 OR BELOW: 0 1.00 INCH OR MORE: 0
[HDD (BASE 65) ]
TOTAL THIS MO. 386 CLEAR (SCALE 0-3) 21
DPTR FM NORMAL -57 PTCLDY (SCALE 4-7) 10
TOTAL FM JUL 1 8214 CLOUDY (SCALE 8-10) 0
DPTR FM NORMAL 239
[CDD (BASE 65) ]
TOTAL THIS MO. 7
DPTR FM NORMAL 6 [PRESSURE DATA]
TOTAL FM JAN 1 7 HIGHEST SLP 30.34 ON 8
DPTR FM NORMAL 6 LOWEST SLP 29.48 ON 19
[REMARKS]
#FINAL-05-20#