000
CXUS55 KRIW 011010
CF6RKS
PRELIMINARY LOCAL CLIMATOLOGICAL DATA (WS FORM: F-6)
STATION: ROCK SPRINGS WY
MONTH: AUGUST
YEAR: 2023
LATITUDE: 41 35 N
LONGITUDE: 109 4 W
TEMPERATURE IN F: :PCPN: SNOW: WIND :SUNSHINE: SKY :PK WND
================================================================================
1 2 3 4 5 6A 6B 7 8 9 10 11 12 13 14 15 16 17 18
12Z AVG MX 2MIN
DY MAX MIN AVG DEP HDD CDD WTR SNW DPTH SPD SPD DIR MIN PSBL S-S WX SPD DR
================================================================================
1 80 57 69 -1 0 4 0.02 M M 5.9 23 130 M M 5 13 29 130
2 81 57 69 -1 0 4 0.31 M M 7.0 26 250 M M 7 13 37 250
3 70 55 63 -7 2 0 0.24 M M 10.4 29 270 M M 5 13 37 270
4 77 52 65 -5 0 0 0.00 M M 11.6 33 340 M M 3 44 350
5 79 48 64 -6 1 0 0.00 M M 8.8 26 60 M M 1 3 35 50
6 74 49 62 -8 3 0 0.06 M M 8.7 29 330 M M 3 13 37 340
7 78 48 63 -7 2 0 T M M 8.7 29 260 M M 2 39 270
8 72 50 61 -8 4 0 0.10 M M 11.7 31 290 M M 4 3 45 290
9 78 45 62 -7 3 0 0.00 M M 10.2 24 260 M M 0 32 260
10 85 54 70 1 0 5 0.00 M M 13.9 35 270 M M 1 46 280
11 86 54 70 1 0 5 T M M 12.2 33 230 M M 1 3 41 230
12 83 56 70 1 0 5 0.02 M M 11.1 25 220 M M 1 3 33 230
13 77 53 65 -3 0 0 0.00 M M 12.9 29 60 M M 0 35 60
14 83 47 65 -3 0 0 0.00 M M 7.5 15 80 M M 0 23 70
15 90 53 72 4 0 7 0.00 M M 8.5 23 260 M M 1 30 290
16 91 61 76 8 0 11 0.00 M M 9.3 18 240 M M 1 22 250
17 91 60 76 9 0 11 0.00 M M 9.0 35 250 M M 1 43 250
18 88 62 75 8 0 10 T M M 13.3 28 210 M M 3 35 220
19 87 57 72 5 0 7 0.00 M M 10.1 31 200 M M 1 40 190
20 87 57 72 6 0 7 0.00 M M 11.2 29 200 M M 0 41 240
21 87 62 75 9 0 10 0.00 M M 17.1 37 200 M M 1 55 210
22 85 55 70 4 0 5 T M M 11.2 29 210 M M 2 8 38 200
23 81 53 67 1 0 2 0.13 M M 5.7 33 270 M M 5 13 45 260
24 73 53 63 -2 2 0 0.02 M M 5.0 18 240 M M 5 23 240
25 76 54 65 0 0 0 0.00 M M 9.6 22 60 M M 6 28 70
26 84 51 68 3 0 3 0.00 M M 5.1 20 260 M M 0 25 260
27 83 57 70 6 0 5 0.02 M M 7.7 32 250 M M 1 3 43 250
28 82 50 66 2 0 1 0.00 M M 6.6 17 260 M M 1 25 270
29 86 54 70 6 0 5 0.00 M M 9.3 22 220 M M 1 32 180
30 84 57 71 8 0 6 0.00 M M 15.5 30 270 M M 0 39 240
31 84 51 68 5 0 3 0.00 M M 9.1 21 260 M M 0 26 270
================================================================================
SM 2542 1672 17 116 0.92 M 303.9 M 62
================================================================================
AV 82.0 53.9 9.8 FASTST M M 2 MAX(MPH)
MISC ----> 37 200 55 210
================================================================================
NOTES:
# LAST OF SEVERAL OCCURRENCES
COLUMN 17 PEAK WIND IN M.P.H.
PRELIMINARY LOCAL CLIMATOLOGICAL DATA (WS FORM: F-6) , PAGE 2
STATION: ROCK SPRINGS WY
MONTH: AUGUST
YEAR: 2023
LATITUDE: 41 35 N
LONGITUDE: 109 4 W
[TEMPERATURE DATA] [PRECIPITATION DATA] SYMBOLS USED IN COLUMN 16
AVERAGE MONTHLY: 68.0 TOTAL FOR MONTH: 0.92 1 = FOG OR MIST
DPTR FM NORMAL: 0.7 DPTR FM NORMAL: 0.36 2 = FOG REDUCING VISIBILITY
HIGHEST: 91 ON 17,16 GRTST 24HR 0.49 ON 2- 3 TO 1/4 MILE OR LESS
LOWEST: 45 ON 9 3 = THUNDER
SNOW, ICE PELLETS, HAIL 4 = ICE PELLETS
TOTAL MONTH: M 5 = HAIL
GRTST 24HR M ON M 6 = FREEZING RAIN OR DRIZZLE
GRTST DEPTH: M ON M 7 = DUSTSTORM OR SANDSTORM:
VSBY 1/2 MILE OR LESS
8 = SMOKE OR HAZE
[NO. OF DAYS WITH] [WEATHER - DAYS WITH] 9 = BLOWING SNOW
X = TORNADO
MAX 32 OR BELOW: 0 0.01 INCH OR MORE: 9
MAX 90 OR ABOVE: 3 0.10 INCH OR MORE: 4
MIN 32 OR BELOW: 0 0.50 INCH OR MORE: 0
MIN 0 OR BELOW: 0 1.00 INCH OR MORE: 0
[HDD (BASE 65) ]
TOTAL THIS MO. 17 CLEAR (SCALE 0-3) 23
DPTR FM NORMAL -21 PTCLDY (SCALE 4-7) 8
TOTAL FM JUL 1 26 CLOUDY (SCALE 8-10) 0
DPTR FM NORMAL -30
[CDD (BASE 65) ]
TOTAL THIS MO. 116
DPTR FM NORMAL 7 [PRESSURE DATA]
TOTAL FM JAN 1 311 HIGHEST SLP 30.29 ON 14
DPTR FM NORMAL 2 LOWEST SLP 29.77 ON 31
[REMARKS]
#FINAL-08-23#