000
CXUS52 KFFC 011110
CF6RMG
PRELIMINARY LOCAL CLIMATOLOGICAL DATA (WS FORM: F-6)
STATION: ROME
MONTH: NOVEMBER
YEAR: 2022
LATITUDE: 34 20 N
LONGITUDE: 85 10 W
TEMPERATURE IN F: :PCPN: SNOW: WIND :SUNSHINE: SKY :PK WND
================================================================================
1 2 3 4 5 6A 6B 7 8 9 10 11 12 13 14 15 16 17 18
12Z AVG MX 2MIN
DY MAX MIN AVG DEP HDD CDD WTR SNW DPTH SPD SPD DIR MIN PSBL S-S WX SPD DR
================================================================================
1 73 50 62 6 3 0 0.00 M M 1.4 12 20 M M 5 12 15 30
2 76 56 66 11 0 1 0.00 M M 2.1 9 90 M M 2 18 13 90
3 77 52 65 10 0 0 0.00 M M 2.1 10 130 M M 5 1 15 110
4 77 49 63 8 2 0 0.00 M M 3.1 15 130 M M 0 1 21 140
5 76 55 66 12 0 1 T M M 4.2 18 170 M M 6 24 170
6 81 59 70 16 0 5 0.00 M M 0.8 7 250 M M 6 10 280
7 85 60 73 19 0 8 0.00 M M 3.5 15 30 M M 5 1 19 20
8 84 59 72 19 0 7 0.00 M M 2.9 12 120 M M 1 1 18 100
9 71 52 62 9 3 0 0.00 M M 5.9 14 120 M M 0 19 140
10 74 50 62 9 3 0 0.04 M M 4.7 18 100 M M 6 18 25 90
11 70 57 64 12 1 0 1.45 M M 5.0 13 300 M M 9 1 18 300
12 65 41 53 1 12 0 0.00 M M 7.0 17 280 M M 10 12 23 330
13 45 32 39 -13 26 0 0.00 M M 10.8 18 350 M M 5 27 360
14 55 28 42 -10 23 0 0.00 M M 5.5 14 120 M M 1 19 130
15 50 46 48 -3 17 0 0.52 M M 4.3 15 110 M M 10 1 22 110
16 54 34 44 -7 21 0 0.00 M M 7.2 17 350 M M 3 24 360
17 48 27 38 -13 27 0 0.00 M M 3.8 14 10 M M 0 19 350
18 56 24 40 -10 25 0 0.00 M M 1.9 12 290 M M 0 18 290
19 52 27 40 -10 25 0 0.00 M M 3.5 10 200 M M 0 16 300
20 48 27 38 -12 27 0 0.00 M M 6.1 15 350 M M 0 20 30
21 59 22 41 -9 24 0 0.00 M M 1.3 10 160 M M 1 16 160
22 59 34 47 -3 18 0 0.01 M M 2.0 8 20 M M 4 10 10
23 70 31 51 2 14 0 0.00 M M 0.9 7 60 M M 2 9 130
24 67 42 55 6 10 0 0.00 M M 2.7 15 130 M M 8 23 130
25 66 44 55 6 10 0 0.13 0.0 M 3.7 18 360 M M 6 1 25 350
26 68 39 54 6 11 0 0.09 M M 6.1 15 170 M M 4 1 23 180
27 64 56 60 12 5 0 0.17 M M 7.9 21 260 M M 8 1 34 270
28 64 41 53 5 12 0 0.00 M M 3.0 12 300 M M 5 19 310
29 70 35 53 5 12 0 1.26 M M 6.1 18 310 M M 4 138 26 60
30 64 35 50 2 15 0 1.99 M M 7.9 24 300 M M 5 13 38 300
================================================================================
SM 1968 1264 346 22 5.66 0.0 127.4 M 121
================================================================================
AV 65.6 42.1 4.2 FASTST M M 4 MAX(MPH)
MISC ----> 24 300 38 300
================================================================================
NOTES:
# LAST OF SEVERAL OCCURRENCES
COLUMN 17 PEAK WIND IN M.P.H.
PRELIMINARY LOCAL CLIMATOLOGICAL DATA (WS FORM: F-6) , PAGE 2
STATION: ROME
MONTH: NOVEMBER
YEAR: 2022
LATITUDE: 34 20 N
LONGITUDE: 85 10 W
[TEMPERATURE DATA] [PRECIPITATION DATA] SYMBOLS USED IN COLUMN 16
AVERAGE MONTHLY: 53.9 TOTAL FOR MONTH: 5.66 1 = FOG OR MIST
DPTR FM NORMAL: 2.5 DPTR FM NORMAL: 1.49 2 = FOG REDUCING VISIBILITY
HIGHEST: 85 ON 7 GRTST 24HR 3.25 ON 29-30 TO 1/4 MILE OR LESS
LOWEST: 22 ON 21 3 = THUNDER
SNOW, ICE PELLETS, HAIL 4 = ICE PELLETS
TOTAL MONTH: 0.0 INCH 5 = HAIL
GRTST 24HR 0.0 6 = FREEZING RAIN OR DRIZZLE
GRTST DEPTH: M ON M 7 = DUSTSTORM OR SANDSTORM:
VSBY 1/2 MILE OR LESS
8 = SMOKE OR HAZE
[NO. OF DAYS WITH] [WEATHER - DAYS WITH] 9 = BLOWING SNOW
X = TORNADO
MAX 32 OR BELOW: 0 0.01 INCH OR MORE: 9
MAX 90 OR ABOVE: 0 0.10 INCH OR MORE: 6
MIN 32 OR BELOW: 8 0.50 INCH OR MORE: 4
MIN 0 OR BELOW: 0 1.00 INCH OR MORE: 3
[HDD (BASE 65) ]
TOTAL THIS MO. 346 CLEAR (SCALE 0-3) 11
DPTR FM NORMAL -69 PTCLDY (SCALE 4-7) 15
TOTAL FM JUL 1 519 CLOUDY (SCALE 8-10) 4
DPTR FM NORMAL -47
[CDD (BASE 65) ]
TOTAL THIS MO. 22
DPTR FM NORMAL 16 [PRESSURE DATA]
TOTAL FM JAN 1 2097 HIGHEST SLP 30.49 ON 21
DPTR FM NORMAL 259 LOWEST SLP 29.55 ON 11
[REMARKS]
#FINAL-11-22#