000
CXUS52 KFFC 011010
CF6RMG
PRELIMINARY LOCAL CLIMATOLOGICAL DATA (WS FORM: F-6)
STATION: ROME
MONTH: AUGUST
YEAR: 2023
LATITUDE: 34 20 N
LONGITUDE: 85 10 W
TEMPERATURE IN F: :PCPN: SNOW: WIND :SUNSHINE: SKY :PK WND
================================================================================
1 2 3 4 5 6A 6B 7 8 9 10 11 12 13 14 15 16 17 18
12Z AVG MX 2MIN
DY MAX MIN AVG DEP HDD CDD WTR SNW DPTH SPD SPD DIR MIN PSBL S-S WX SPD DR
================================================================================
1 93 67 80 0 0 15 0.00 M M 4.4 16 350 M M 0 21 350
2 91 65 78 -2 0 13 0.00 M M 4.0 13 140 M M 3 17 140
3 90 72 81 1 0 16 0.00 M M 4.4 14 260 M M 4 3 20 230
4 86 72 79 -1 0 14 T M M 3.8 14 340 M M 5 1 18 330
5 94 69 82 2 0 17 0.00 M M 2.3 10 280 M M 2 12 15 290
6 88 70 79 -1 0 14 0.66 M M 4.6 22 290 M M 4 138 33 280
7 93 70 82 2 0 17 0.29 M M 4.7 26 280 M M 5 123 43 280
8 83 68 76 -4 0 11 0.00 M M 3.2 15 260 M M 5 12 21 290
9 88 65 77 -3 0 12 0.02 M M 3.0 18 320 M M 4 123 25 330
10 88 69 79 -1 0 14 0.42 M M 5.1 15 300 M M 5 13 23 290
11 92 72 82 2 0 17 0.45 M M 2.5 13 280 M M 5 138 16 280
12 92 73 83 3 0 18 T M M 2.6 21 50 M M 4 123 28 40
13 95 71 83 3 0 18 T M M 2.5 16 270 M M 4 123 28 290
14 95 72 84 4 0 19 0.00 M M 3.6 20 280 M M 3 123 27 270
15 88 67 78 -2 0 13 0.04 M M 4.7 14 320 M M 4 13 20 280
16 86 65 76 -4 0 11 0.00 M M 4.1 12 10 M M 1 19 350
17 87 62 75 -5 0 10 0.00 M M 2.8 14 290 M M 2 1 20 290
18 91 64 78 -2 0 13 0.00 M M 2.3 13 330 M M 1 1 19 330
19 90 64 77 -2 0 12 0.00 0.0 0 3.4 10 30 M M 0 15 20
20 92 65 79 0 0 14 0.00 M M 2.4 9 60 M M 0 14 180
21 96 68 82 3 0 17 0.00 M M 2.0 8 70 M M 1 1 13 280
22 97 71 84 5 0 19 0.00 M M 5.4 16 20 M M 0 1 24 350
23 99 74 87 8 0 22 0.00 M M 2.5 10 40 M M 0 1 14 40
24 98 73 86 7 0 21 0.00 M M 2.2 9 170 M M 1 18 14 100
25 101 75 88 9 0 23 0.00 M M 2.8 13 310 M M 1 1 18 350
26 100 72 86 8 0 21 T M M 4.5 14 330 M M 0 1 20 350
27 99 73 86 8 0 21 0.72 M M 3.5 32 180 M M 2 3 54 170
28 91 73 82 4 0 17 0.57 M M 5.1 18 140 M M 5 13 26 130
29 91 72 82 4 0 17 0.67 M M 2.8 14 170 M M 7 13 18 180
30 86 73 80 2 0 15 0.00 M M 8.8 20 10 M M 5 25 20
31 89 66 78 0 0 13 0.00 M M 3.8 13 10 M M 1 19 360
================================================================================
SM 2849 2152 0 494 3.84 0.0 113.8 M 84
================================================================================
AV 91.9 69.4 3.7 FASTST M M 3 MAX(MPH)
MISC ----> 32 180 54 170
================================================================================
NOTES:
# LAST OF SEVERAL OCCURRENCES
COLUMN 17 PEAK WIND IN M.P.H.
PRELIMINARY LOCAL CLIMATOLOGICAL DATA (WS FORM: F-6) , PAGE 2
STATION: ROME
MONTH: AUGUST
YEAR: 2023
LATITUDE: 34 20 N
LONGITUDE: 85 10 W
[TEMPERATURE DATA] [PRECIPITATION DATA] SYMBOLS USED IN COLUMN 16
AVERAGE MONTHLY: 80.7 TOTAL FOR MONTH: 3.84 1 = FOG OR MIST
DPTR FM NORMAL: 1.2 DPTR FM NORMAL: 0.07 2 = FOG REDUCING VISIBILITY
HIGHEST: 101 ON 25 GRTST 24HR 1.24 ON 28-29 TO 1/4 MILE OR LESS
LOWEST: 62 ON 17 3 = THUNDER
SNOW, ICE PELLETS, HAIL 4 = ICE PELLETS
TOTAL MONTH: 0.0 INCH 5 = HAIL
GRTST 24HR 0.0 6 = FREEZING RAIN OR DRIZZLE
GRTST DEPTH: 0 7 = DUSTSTORM OR SANDSTORM:
VSBY 1/2 MILE OR LESS
8 = SMOKE OR HAZE
[NO. OF DAYS WITH] [WEATHER - DAYS WITH] 9 = BLOWING SNOW
X = TORNADO
MAX 32 OR BELOW: 0 0.01 INCH OR MORE: 9
MAX 90 OR ABOVE: 21 0.10 INCH OR MORE: 7
MIN 32 OR BELOW: 0 0.50 INCH OR MORE: 4
MIN 0 OR BELOW: 0 1.00 INCH OR MORE: 0
[HDD (BASE 65) ]
TOTAL THIS MO. 0 CLEAR (SCALE 0-3) 15
DPTR FM NORMAL 0 PTCLDY (SCALE 4-7) 16
TOTAL FM JUL 1 0 CLOUDY (SCALE 8-10) 0
DPTR FM NORMAL 0
[CDD (BASE 65) ]
TOTAL THIS MO. 494
DPTR FM NORMAL 46 [PRESSURE DATA]
TOTAL FM JAN 1 1549 HIGHEST SLP 30.17 ON 21
DPTR FM NORMAL 48 LOWEST SLP 29.68 ON 30
[REMARKS]
#FINAL-08-23#