000
CXUS51 KRNK 011234 CCA
CF6RNK
PRELIMINARY LOCAL CLIMATOLOGICAL DATA (WS FORM: F-6)
STATION: BLACKSBURG VA
MONTH: FEBRUARY
YEAR: 2023
LATITUDE: 37 13 N
LONGITUDE: 80 25 W
TEMPERATURE IN F: :PCPN: SNOW: WIND :SUNSHINE: SKY :PK WND
================================================================================
1 2 3 4 5 6A 6B 7 8 9 10 11 12 13 14 15 16 17 18
12Z AVG MX 2MIN
DY MAX MIN AVG DEP HDD CDD WTR SNW DPTH SPD SPD DIR MIN PSBL S-S WX SPD DR
================================================================================
1 43 31 37 5 28 0 0.09 0.0 0 2.8 9 290 M M 10 1 M M
2 39 32 36 4 29 0 0.10 0.8 0 2.5 9 300 M M 7 1 20 280
3 34 18 26 -7 39 0 T T 0 12.9 23 310 M M 3 36 310
4 39 13 26 -7 39 0 0.00 0.0 0 2.4 9 170 M M 0 M M
5 51 23 37 4 28 0 0.00 0.0 0 2.1 10 250 M M 1 18 250
6 54 28 41 8 24 0 0.00 0.0 0 6.0 16 320 M M 4 24 310
7 61 24 43 10 22 0 0.00 0.0 0 2.0 10 180 M M 0 M M
8 63 33 48 15 17 0 T 0.0 0 2.2 14 330 M M 7 17 300
9 62 47 55 21 10 0 0.00 0.0 0 5.6 16 200 M M 5 25 210
10 56 40 48 14 17 0 0.00 0.0 0 7.9 14 310 M M 1 24 290
11 51 32 42 8 23 0 0.00 0.0 0 3.8 14 310 M M 1 20 310
12 42 32 37 3 28 0 2.06 T 0 6.1 15 50 M M 10 146 21 50
13 54 33 44 10 21 0 0.00 0.0 0 6.5 15 310 M M 0 23 300
14 64 30 47 13 18 0 0.00 0.0 0 3.0 14 290 M M 0 21 290
15 70 44 57 22 8 0 0.01 0.0 0 3.2 14 250 M M 3 21 260
16 69 44 57 22 8 0 0.08 0.0 0 3.1 13 220 M M 6 1 24 190
17 58 26 42 7 23 0 0.84 T 0 10.5 26 310 M M 9 1 38 310
18 49 22 36 1 29 0 T T 0 5.3 16 300 M M 1 29 300
19 60 29 45 9 20 0 0.00 0.0 0 3.3 15 180 M M 0 23 200
20 54 37 46 10 19 0 0.01 0.0 0 2.9 8 240 M M 5 17 240
21 62 40 51 15 14 0 0.02 0.0 0 5.3 16 290 M M 3 1 37 280
22 71 35 53 17 12 0 0.00 0.0 0 2.8 9 190 M M 3 18 200
23 72 49 61 25 4 0 0.01 0.0 0 5.5 13 300 M M 5 21 300
24 60 42 51 14 14 0 0.00 0.0 0 6.7 24 310 M M 3 33 310
25 44 34 39 2 26 0 0.22 0.0 0 2.9 10 120 M M 7 1 M M
26 62 32 47 10 18 0 0.00 0.0 0 4.5 18 310 M M 2 1 24 300
27 60 37 49 12 16 0 0.28 0.0 0 2.6 10 260 M M 7 12 20 260
28 68 40 54 16 11 0 0.00 0.0 0 8.8 18 290 M M 1 32 290
================================================================================
SM 1572 927 565 0 3.72 0.8 133.2 M 104
================================================================================
AV 56.1 33.1 4.8 FASTST M M 4 MAX(MPH)
MISC ----> 26 310 38 310
================================================================================
NOTES:
# LAST OF SEVERAL OCCURRENCES
COLUMN 17 PEAK WIND IN M.P.H.
PRELIMINARY LOCAL CLIMATOLOGICAL DATA (WS FORM: F-6) , PAGE 2
STATION: BLACKSBURG VA
MONTH: FEBRUARY
YEAR: 2023
LATITUDE: 37 13 N
LONGITUDE: 80 25 W
[TEMPERATURE DATA] [PRECIPITATION DATA] SYMBOLS USED IN COLUMN 16
AVERAGE MONTHLY: 44.6 TOTAL FOR MONTH: 3.72 1 = FOG OR MIST
DPTR FM NORMAL: 9.9 DPTR FM NORMAL: 0.89 2 = FOG REDUCING VISIBILITY
HIGHEST: 72 ON 23 GRTST 24HR 2.06 ON 12-12 TO 1/4 MILE OR LESS
LOWEST: 13 ON 4 3 = THUNDER
SNOW, ICE PELLETS, HAIL 4 = ICE PELLETS
TOTAL MONTH: 0.8 INCH 5 = HAIL
GRTST 24HR 0.8 ON 2- 2 6 = FREEZING RAIN OR DRIZZLE
GRTST DEPTH: 0 7 = DUSTSTORM OR SANDSTORM:
VSBY 1/2 MILE OR LESS
8 = SMOKE OR HAZE
[NO. OF DAYS WITH] [WEATHER - DAYS WITH] 9 = BLOWING SNOW
X = TORNADO
MAX 32 OR BELOW: 0 0.01 INCH OR MORE: 11
MAX 90 OR ABOVE: 0 0.10 INCH OR MORE: 5
MIN 32 OR BELOW: 14 0.50 INCH OR MORE: 2
MIN 0 OR BELOW: 0 1.00 INCH OR MORE: 1
[HDD (BASE 65) ]
TOTAL THIS MO. 565 CLEAR (SCALE 0-3) 16
DPTR FM NORMAL -283 PTCLDY (SCALE 4-7) 9
TOTAL FM JUL 1 3324 CLOUDY (SCALE 8-10) 3
DPTR FM NORMAL -622
[CDD (BASE 65) ]
TOTAL THIS MO. 0
DPTR FM NORMAL 0 [PRESSURE DATA]
TOTAL FM JAN 1 0 HIGHEST SLP M ON M
DPTR FM NORMAL 0 LOWEST SLP M ON M
[REMARKS]
#FINAL-02-23#