000
CXUS51 KRNK 010823
CLSRNK
CLIMATE REPORT
NATIONAL WEATHER SERVICE BLACKSBURG, VA
323 AM EST FRI DEC 01 2023
...................................
...THE BLACKSBURG VA CLIMATE SUMMARY FOR THE SEASON, FROM
9/1/2023 TO 11/30/2023...
CLIMATE NORMAL PERIOD: 1991 TO 2020
CLIMATE RECORD PERIOD: 1893 TO 2023
WEATHER OBSERVED NORMAL DEPART LAST YEAR`S
VALUE DATE(S) VALUE FROM VALUE
NORMAL
..............................................................
TEMPERATURE (F)
RECORD
HIGH 97 09/07/1925
LOW -1 11/16/1908
HIGHEST 91 09/05 84
09/06
LOWEST 17 11/29 17
AVG. MAXIMUM 67.2 65.4 1.8 65.3
AVG. MINIMUM 43.5 41.5 2.0 42.6
MEAN 55.4 53.4 2.0 54.0
DAYS MAX >= 90 2 0.7 1.3 0
DAYS MAX <= 32 0 0.4 -0.4 0
DAYS MIN <= 32 18 24.6 -6.6 20
DAYS MIN <= 0 0 0.0 0.0 0
PRECIPITATION (INCHES)
RECORD
MAXIMUM 17.83 1977
MINIMUM 2.63 1953
TOTALS 9.52 9.21 0.31 9.87
DAYS >= .01 21 27.5 -6.5 25
DAYS >= .10 12 16.0 -4.0 17
DAYS >= .50 4 6.6 -2.6 7
DAYS >= 1.00 2 2.2 -0.2 4
GREATEST
24 HR. TOTAL 4.41 1.43
SNOWFALL (INCHES)
TOTALS T 0.4 -0.4 T
DAYS >= TRACE 6 0.7 5.3 4
DAYS >= 1.0 0 0.1 -0.1 0
GREATEST
24 HR TOTAL T T
DEGREE DAYS
HEATING TOTAL 940 1127 -187 1058
COOLING TOTAL 85 76 9 76
..............................................................
WIND (MPH)
AVERAGE WIND SPEED 2.6
RESULTANT WIND SPEED/DIRECTION 1/310
HIGHEST WIND SPEED/DIRECTION 31/140 DATE 09/07
HIGHEST GUST SPEED/DIRECTION 45/140 DATE 09/07
SKY COVER
AVERAGE SKY COVER 0.39
AVERAGE RH (PERCENT) 73
WEATHER CONDITIONS. NUMBER OF DAYS WITH
THUNDERSTORM 6 MIXED PRECIP 0
HEAVY RAIN 7 RAIN 14
LIGHT RAIN 28 FREEZING RAIN 0
LT FREEZING RAIN 0 HAIL 2
HEAVY SNOW 0 SNOW 0
LIGHT SNOW 4 SLEET 0
FOG 42 FOG W/VIS <= 1/4 MILE 18
HAZE 0
- INDICATES NEGATIVE NUMBERS.
R INDICATES RECORD WAS SET OR TIED.
MM INDICATES DATA IS MISSING.
T INDICATES TRACE AMOUNT.
$$
PW