000
CXUS56 KSGX 011145
CF6RNM
PRELIMINARY LOCAL CLIMATOLOGICAL DATA (WS FORM: F-6)
STATION: RAMONA AIRPORT CA
MONTH: FEBRUARY
YEAR: 2024
LATITUDE: 33 2 N
LONGITUDE: 116 55 W
TEMPERATURE IN F: :PCPN: SNOW: WIND :SUNSHINE: SKY :PK WND
================================================================================
1 2 3 4 5 6A 6B 7 8 9 10 11 12 13 14 15 16 17 18
12Z AVG MX 2MIN
DY MAX MIN AVG DEP HDD CDD WTR SNW DPTH SPD SPD DIR MIN PSBL S-S WX SPD DR
================================================================================
1 55 34 45 -7 20 0 0.81 M M 7.4 20 160 M M 8 1 25 150
2 59 46 53 1 12 0 0.44 M M 8.0 23 280 M M 8 138 29 280
3 60 38 49 -3 16 0 T M M 3.2 12 300 M M 7 12 17 290
4 64 39 52 0 13 0 0.01 M M 5.3 17 170 M M 5 12 28 170
5 60 49 55 3 10 0 0.95 M M 7.1 16 290 M M 10 1 22 150
6 54 46 50 -2 15 0 1.32 M M 6.8 21 160 M M 10 18 26 160
7 57 43 50 -2 15 0 0.61 M M 8.6 20 210 M M 9 18 29 220
8 53 41 47 -5 18 0 0.62 M M 7.9 24 270 M M 9 18 30 300
9 55 38 47 -5 18 0 0.14 M M 3.0 17 270 M M 9 18 21 280
10 61 34 48 -4 17 0 0.00 M M 3.9 15 300 M M 4 12 19 280
11 63 30 47 -5 18 0 0.00 M M 3.9 14 260 M M 0 1 20 300
12 68 30 49 -3 16 0 0.00 M M 3.2 15 260 M M 0 1 19 280
13 66 29 48 -4 17 0 0.00 M M 3.1 13 270 M M 1 128 16 300
14 64 30 47 -5 18 0 0.00 M M 3.1 12 260 M M 3 12 15 250
15 65 36 51 -1 14 0 0.00 M M 3.6 13 300 M M 4 12 17 270
16 69 39 54 2 11 0 0.00 M M 2.5 13 270 M M 5 12 16 260
17 61 36 49 -3 16 0 0.00 M M 4.1 10 280 M M 9 128 13 310
18 66 38 52 0 13 0 0.00 M M 2.2 10 300 M M 6 12 12 300
19 63 45 54 2 11 0 0.00 M M 3.2 12 200 M M 9 18 14 190
20 56 51 54 2 11 0 0.35 M M 2.3 13 310 M M 10 18 14 310
21 64 42 53 1 12 0 0.41 M M 3.2 18 300 M M 8 12 32 330
22 66 40 53 1 12 0 0.00 M M 3.4 15 260 M M 5 12 19 270
23 76 39 58 6 7 0 0.00 M M 5.2 20 80 M M 2 12 25 70
24 75 44 60 8 5 0 0.00 M M 2.3 12 300 M M 0 13 300
25 68 42 55 3 10 0 0.00 M M 4.2 13 300 M M 0 1 16 300
26 64 47 56 4 9 0 0.01 M M 3.1 10 310 M M 6 1 13 330
27 65 43 54 1 11 0 0.00 M M 3.1 12 270 M M 8 128 15 280
28 69 37 53 0 12 0 0.00 M M 3.3 14 260 M M 4 128 18 270
29 63 50 57 4 8 0 0.00 M M 3.6 9 260 M M 10 18 M M
================================================================================
SM 1829 1156 385 0 5.67 M 123.8 M 169
================================================================================
AV 63.1 39.9 4.3 FASTST M M 6 MAX(MPH)
MISC ----> 24 270 32 330
================================================================================
NOTES:
# LAST OF SEVERAL OCCURRENCES
COLUMN 17 PEAK WIND IN M.P.H.
PRELIMINARY LOCAL CLIMATOLOGICAL DATA (WS FORM: F-6) , PAGE 2
STATION: RAMONA AIRPORT CA
MONTH: FEBRUARY
YEAR: 2024
LATITUDE: 33 2 N
LONGITUDE: 116 55 W
[TEMPERATURE DATA] [PRECIPITATION DATA] SYMBOLS USED IN COLUMN 16
AVERAGE MONTHLY: 51.5 TOTAL FOR MONTH: 5.67 1 = FOG OR MIST
DPTR FM NORMAL: -0.4 DPTR FM NORMAL: 2.01 2 = FOG REDUCING VISIBILITY
HIGHEST: 76 ON 23 GRTST 24HR 1.90 ON 5- 6 TO 1/4 MILE OR LESS
LOWEST: 29 ON 13 3 = THUNDER
SNOW, ICE PELLETS, HAIL 4 = ICE PELLETS
TOTAL MONTH: M 5 = HAIL
GRTST 24HR M ON M 6 = FREEZING RAIN OR DRIZZLE
GRTST DEPTH: M ON M 7 = DUSTSTORM OR SANDSTORM:
VSBY 1/2 MILE OR LESS
8 = SMOKE OR HAZE
[NO. OF DAYS WITH] [WEATHER - DAYS WITH] 9 = BLOWING SNOW
X = TORNADO
MAX 32 OR BELOW: 0 0.01 INCH OR MORE: 11
MAX 90 OR ABOVE: 0 0.10 INCH OR MORE: 9
MIN 32 OR BELOW: 4 0.50 INCH OR MORE: 5
MIN 0 OR BELOW: 0 1.00 INCH OR MORE: 1
[HDD (BASE 65) ]
TOTAL THIS MO. 385 CLEAR (SCALE 0-3) 7
DPTR FM NORMAL 18 PTCLDY (SCALE 4-7) 12
TOTAL FM JUL 1 1461 CLOUDY (SCALE 8-10) 10
DPTR FM NORMAL -165
[CDD (BASE 65) ]
TOTAL THIS MO. 0
DPTR FM NORMAL -1 [PRESSURE DATA]
TOTAL FM JAN 1 0 HIGHEST SLP 30.22 ON 22
DPTR FM NORMAL -2 LOWEST SLP 29.65 ON 6
[REMARKS]
#FINAL-02-24#