000
CXUS56 KSGX 011045
CF6RNM
PRELIMINARY LOCAL CLIMATOLOGICAL DATA (WS FORM: F-6)
STATION: RAMONA AIRPORT CA
MONTH: SEPTEMBER
YEAR: 2021
LATITUDE: 33 2 N
LONGITUDE: 116 55 W
TEMPERATURE IN F: :PCPN: SNOW: WIND :SUNSHINE: SKY :PK WND
================================================================================
1 2 3 4 5 6A 6B 7 8 9 10 11 12 13 14 15 16 17 18
12Z AVG MX 2MIN
DY MAX MIN AVG DEP HDD CDD WTR SNW DPTH SPD SPD DIR MIN PSBL S-S WX SPD DR
================================================================================
1 78 61 70 -4 0 5 0.00 M M 5.8 15 260 M M 8 1 20 270
2 84 56 70 -4 0 5 0.00 M M 4.3 14 260 M M 4 1 19 260
3 88 56 72 -2 0 7 0.00 M M 3.8 13 260 M M 3 12 19 260
4 99 53 76 2 0 11 0.00 M M 6.4 22 290 M M 0 1 29 280
5 97 57 77 3 0 12 0.00 M M 5.1 16 300 M M 0 1 21 260
6 91 58 75 2 0 10 0.00 M M 5.1 16 260 M M 0 18 19 290
7 90 58 74 1 0 9 0.00 M M 4.0 13 300 M M 0 128 17 290
8 93 56 75 2 0 10 0.00 M M 4.9 14 300 M M 0 1 18 300
9 95 63 79 6 0 14 0.00 M M 4.3 14 260 M M 0 21 280
10 94 63 79 7 0 14 0.00 M M 4.9 14 270 M M 0 20 260
11 97 61 79 7 0 14 0.00 M M 5.3 17 270 M M 0 23 270
12 96 59 78 6 0 13 0.00 M M 5.6 20 290 M M 0 23 310
13 98 54 76 4 0 11 0.00 M M 4.2 14 280 M M 0 20 280
14 91 49 70 -2 0 5 0.00 M M 4.8 14 270 M M 1 12 18 260
15 87 44 66 -5 0 1 0.00 M M 4.6 13 290 M M 4 12 18 270
16 83 52 68 -3 0 3 0.00 M M 4.9 14 270 M M 5 12 18 270
17 82 55 69 -2 0 4 0.00 M M 4.6 13 290 M M 4 12 18 300
18 84 50 67 -4 0 2 0.00 M M 5.0 14 280 M M 2 12 18 300
19 83 51 67 -3 0 2 0.00 M M 3.8 14 300 M M 4 12 17 320
20 86 47 67 -3 0 2 0.00 M M 4.7 15 310 M M 0 20 270
21 101 53 77 7 0 12 0.00 M M 3.8 17 280 M M 0 21 280
22 99 57 78 8 0 13 0.00 M M 5.6 21 280 M M 1 26 270
23 91 59 75 5 0 10 0.00 M M 4.3 15 290 M M 0 20 260
24 83 54 69 0 0 4 0.03 M M 4.7 23 300 M M 3 13 30 300
25 82 56 69 0 0 4 0.00 M M 5.2 15 270 M M 3 12 20 300
26 67 59 63 -6 2 0 0.00 M M 4.2 12 280 M M 10 12 15 260
27 69 58 64 -4 1 0 0.00 M M 4.9 12 260 M M 10 12 14 270
28 72 57 65 -3 0 0 0.00 M M 4.4 13 270 M M 8 1 17 260
29 76 50 63 -5 2 0 0.00 M M 4.4 15 270 M M 2 1 20 270
30 89 41 65 -3 0 0 0.00 M M 4.6 17 280 M M 1 1 23 260
================================================================================
SM 2625 1647 5 197 0.03 M 142.2 M 73
================================================================================
AV 87.5 54.9 4.7 FASTST M M 2 MAX(MPH)
MISC ----> 23 300 30 300
================================================================================
NOTES:
# LAST OF SEVERAL OCCURRENCES
COLUMN 17 PEAK WIND IN M.P.H.
PRELIMINARY LOCAL CLIMATOLOGICAL DATA (WS FORM: F-6) , PAGE 2
STATION: RAMONA AIRPORT CA
MONTH: SEPTEMBER
YEAR: 2021
LATITUDE: 33 2 N
LONGITUDE: 116 55 W
[TEMPERATURE DATA] [PRECIPITATION DATA] SYMBOLS USED IN COLUMN 16
AVERAGE MONTHLY: 71.2 TOTAL FOR MONTH: 0.03 1 = FOG OR MIST
DPTR FM NORMAL: 0.0 DPTR FM NORMAL: -0.12 2 = FOG REDUCING VISIBILITY
HIGHEST: 101 ON 21 GRTST 24HR 0.03 ON 24-24 TO 1/4 MILE OR LESS
LOWEST: 41 ON 30 3 = THUNDER
SNOW, ICE PELLETS, HAIL 4 = ICE PELLETS
TOTAL MONTH: M 5 = HAIL
GRTST 24HR M ON M 6 = FREEZING RAIN OR DRIZZLE
GRTST DEPTH: M ON M 7 = DUSTSTORM OR SANDSTORM:
VSBY 1/2 MILE OR LESS
8 = SMOKE OR HAZE
[NO. OF DAYS WITH] [WEATHER - DAYS WITH] 9 = BLOWING SNOW
X = TORNADO
MAX 32 OR BELOW: 0 0.01 INCH OR MORE: 1
MAX 90 OR ABOVE: 14 0.10 INCH OR MORE: 0
MIN 32 OR BELOW: 0 0.50 INCH OR MORE: 0
MIN 0 OR BELOW: 0 1.00 INCH OR MORE: 0
[HDD (BASE 65) ]
TOTAL THIS MO. 5 CLEAR (SCALE 0-3) 21
DPTR FM NORMAL -6 PTCLDY (SCALE 4-7) 7
TOTAL FM JUL 1 5 CLOUDY (SCALE 8-10) 2
DPTR FM NORMAL -5
[CDD (BASE 65) ]
TOTAL THIS MO. 197
DPTR FM NORMAL 1 [PRESSURE DATA]
TOTAL FM JAN 1 946 HIGHEST SLP 30.08 ON 22
DPTR FM NORMAL 58 LOWEST SLP 29.76 ON 8
[REMARKS]
#FINAL-09-21#