000
CXUS56 KSGX 011045
CF6RNM
PRELIMINARY LOCAL CLIMATOLOGICAL DATA (WS FORM: F-6)
STATION: RAMONA AIRPORT CA
MONTH: AUGUST
YEAR: 2021
LATITUDE: 33 2 N
LONGITUDE: 116 55 W
TEMPERATURE IN F: :PCPN: SNOW: WIND :SUNSHINE: SKY :PK WND
================================================================================
1 2 3 4 5 6A 6B 7 8 9 10 11 12 13 14 15 16 17 18
12Z AVG MX 2MIN
DY MAX MIN AVG DEP HDD CDD WTR SNW DPTH SPD SPD DIR MIN PSBL S-S WX SPD DR
================================================================================
1 96 54 75 0 0 10 0.00 M M 5.7 18 290 M M 0 30 320
2 99 56 78 3 0 13 0.00 M M 5.4 16 260 M M 0 26 240
3 97 53 75 0 0 10 0.00 M M 5.7 15 280 M M 0 27 230
4 95 56 76 1 0 11 0.00 M M 5.7 15 300 M M 0 8 22 310
5 96 57 77 2 0 12 0.00 M M 5.4 14 260 M M 0 24 320
6 90 51 71 -4 0 6 0.00 M M 5.1 16 280 M M 1 12 19 290
7 90 48 69 -6 0 4 0.00 M M 5.5 17 290 M M 1 12 23 300
8 91 52 72 -3 0 7 0.00 M M 5.1 15 270 M M 0 21 260
9 93 56 75 0 0 10 0.00 M M 5.3 17 260 M M 0 20 270
10 96 59 78 3 0 13 0.00 M M 6.1 17 110 M M 1 23 110
11 M 68 M M M M 0.00 M M 5.8 15 80 M M 0 22 80
12 95 63 79 4 0 14 0.00 M M 4.6 15 280 M M 0 21 280
13 91 60 76 1 0 11 0.00 M M 4.7 15 270 M M 0 20 270
14 89 57 73 -2 0 8 0.00 M M 4.8 14 300 M M 0 16 300
15 93 62 78 3 0 13 0.00 M M 5.6 15 270 M M 1 3 21 270
16 92 61 77 2 0 12 0.00 M M 5.9 15 270 M M 0 19 260
17 86 62 74 -1 0 9 0.00 M M 5.9 16 270 M M 1 1 20 290
18 77 65 71 -4 0 6 0.00 M M 5.0 15 300 M M 10 18 18 300
19 82 64 73 -2 0 8 0.00 M M 6.2 15 260 M M 7 21 270
20 79 62 71 -4 0 6 0.00 M M 6.4 15 270 M M 7 20 260
21 71 62 67 -8 0 2 0.02 M M 6.0 13 270 M M 10 18 16 300
22 77 58 68 -7 0 3 0.00 M M 5.4 16 270 M M 7 20 300
23 84 55 70 -5 0 5 0.00 M M 4.4 13 260 M M 5 1 18 240
24 89 51 70 -5 0 5 0.00 M M 4.3 14 290 M M 2 12 19 300
25 96 56 76 1 0 11 0.00 M M 4.2 14 260 M M 0 8 18 300
26 99 58 79 4 0 14 0.00 M M 4.5 16 300 M M 0 27 310
27 100 57 79 5 0 14 0.00 M M 4.9 15 290 M M 0 32 330
28 97 58 78 4 0 13 0.00 M M 5.2 16 270 M M 0 20 290
29 95 60 78 4 0 13 0.89 M M 5.1 25 130 M M 1 38X 39 150
30 87 62 75 1 0 10 0.00 M M 5.2 15 260 M M 2 128 19 290
31 75 62 69 -5 0 4 T M M 5.0 14 260 M M 7 138 17 300
================================================================================
SM 2697 1805 0 277 0.91 M 164.1 M 63
================================================================================
AV 89.9 58.2 5.3 FASTST M M 2 MAX(MPH)
MISC ----> 25 130 39 150
================================================================================
NOTES:
# LAST OF SEVERAL OCCURRENCES
COLUMN 17 PEAK WIND IN M.P.H.
PRELIMINARY LOCAL CLIMATOLOGICAL DATA (WS FORM: F-6) , PAGE 2
STATION: RAMONA AIRPORT CA
MONTH: AUGUST
YEAR: 2021
LATITUDE: 33 2 N
LONGITUDE: 116 55 W
[TEMPERATURE DATA] [PRECIPITATION DATA] SYMBOLS USED IN COLUMN 16
AVERAGE MONTHLY: 74.1 TOTAL FOR MONTH: 0.91 1 = FOG OR MIST
DPTR FM NORMAL: -0.6 DPTR FM NORMAL: 0.87 2 = FOG REDUCING VISIBILITY
HIGHEST: 100 ON 27 GRTST 24HR 0.89 ON 29-29 TO 1/4 MILE OR LESS
LOWEST: 48 ON 7 3 = THUNDER
SNOW, ICE PELLETS, HAIL 4 = ICE PELLETS
TOTAL MONTH: M 5 = HAIL
GRTST 24HR M ON M 6 = FREEZING RAIN OR DRIZZLE
GRTST DEPTH: M ON M 7 = DUSTSTORM OR SANDSTORM:
VSBY 1/2 MILE OR LESS
8 = SMOKE OR HAZE
[NO. OF DAYS WITH] [WEATHER - DAYS WITH] 9 = BLOWING SNOW
X = TORNADO
MAX 32 OR BELOW: 0 0.01 INCH OR MORE: 2
MAX 90 OR ABOVE: 19 0.10 INCH OR MORE: 1
MIN 32 OR BELOW: 0 0.50 INCH OR MORE: 1
MIN 0 OR BELOW: 0 1.00 INCH OR MORE: 0
[HDD (BASE 65) ]
TOTAL THIS MO. 0 CLEAR (SCALE 0-3) 24
DPTR FM NORMAL -1 PTCLDY (SCALE 4-7) 5
TOTAL FM JUL 1 0 CLOUDY (SCALE 8-10) 2
DPTR FM NORMAL -1
[CDD (BASE 65) ]
TOTAL THIS MO. 277
DPTR FM NORMAL -26 [PRESSURE DATA]
TOTAL FM JAN 1 749 HIGHEST SLP 30.08 ON 14
DPTR FM NORMAL 57 LOWEST SLP 29.67 ON 27
[REMARKS]
#FINAL-08-21#