000
CXUS55 KREV 010844
CF6RNO
PRELIMINARY LOCAL CLIMATOLOGICAL DATA (WS FORM: F-6)
STATION: RENO-TAHOE INTL AIRPORT NV
MONTH: FEBRUARY
YEAR: 2023
LATITUDE: 39 30 N
LONGITUDE: 119 47 W
TEMPERATURE IN F: :PCPN: SNOW: WIND :SUNSHINE: SKY :PK WND
================================================================================
1 2 3 4 5 6A 6B 7 8 9 10 11 12 13 14 15 16 17 18
12Z AVG MX 2MIN
DY MAX MIN AVG DEP HDD CDD WTR SNW DPTH SPD SPD DIR MIN PSBL S-S WX SPD DR
================================================================================
1 41 11 26 -12 39 0 0.00 0.0 1 1.2 8 180 M M 5 8 180
2 47 17 32 -6 33 0 0.00 0.0 1 1.6 9 140 M M 4 10 140
3 52 25 39 1 26 0 0.00 0.0 T 4.7 23 200 M M 6 29 210
4 54 27 41 2 24 0 0.19 0.0 0 5.3 28 150 M M 7 1 35 180
5 42 30 36 -3 29 0 0.02 T 0 8.2 28 240 M M 7 39 240
6 46 28 37 -2 28 0 0.00 0.0 0 2.7 14 320 M M 5 17 300
7 49 24 37 -2 28 0 0.00 0.0 0 1.8 8 150 M M 4 8 150
8 58 26 42 3 23 0 0.00 0.0 0 2.5 14 360 M M 3 16 360
9 54 26 40 1 25 0 0.00 0.0 0 2.1 12 170 M M 1 14 190
10 63 24 44 4 21 0 0.00 0.0 0 4.0 23 190 M M 2 27 190
11 49 31 40 0 25 0 0.16 2.8 T 6.3 21 290 M M 6 1 25 290
12 52 28 40 0 25 0 0.00 0.0 0 1.7 5 270 M M 2 M M
13 63 25 44 4 21 0 0.00 0.0 0 7.4 28 310 M M 2 40 310
14 36 24 30 -10 35 0 T T 0 10.9 31 350 M M 7 18 38 350
15 41 22 32 -8 33 0 0.00 0.0 0 4.5 16 330 M M 1 20 340
16 44 19 32 -9 33 0 0.00 0.0 0 3.7 12 190 M M 5 13 200
17 48 24 36 -5 29 0 0.00 0.0 0 3.0 13 60 M M 4 17 70
18 50 21 36 -5 29 0 0.00 0.0 0 1.9 7 300 M M 3 8 40
19 54 24 39 -2 26 0 0.00 0.0 0 2.1 8 180 M M 5 10 10
20 62 28 45 3 20 0 0.00 0.0 0 2.7 15 340 M M 6 19 340
21 54 27 41 -1 24 0 0.04 1.1 0 11.7 38 270 M M 8 1 47 270
22 35 22 29 -13 36 0 0.01 0.3 1 9.9 22 310 M M 7 18 28 260
23 32 20 26 -16 39 0 0.02 0.4 1 6.3 20 180 M M 9 1 22 180
24 31 25 28 -14 37 0 0.27 3.6 T 5.8 21 130 M M 9 1 26 120
25 41 31 36 -7 29 0 0.05 0.3 3 7.4 17 80 M M 9 18 24 80
26 46 31 39 -4 26 0 0.00 0.0 1 8.4 30 180 M M 8 1 39 170
27 40 26 33 -10 32 0 0.10 1.2 T 12.0 32 190 M M 8 18 39 190
28 37 22 30 -13 35 0 0.21 2.8 1 11.3 26 180 M M 9 1 34 170
================================================================================
SM 1321 688 810 0 1.07 12.5 151.1 M 152
================================================================================
AV 47.2 24.6 5.4 FASTST M M 5 MAX(MPH)
MISC ----> 38 270 47 270
================================================================================
NOTES:
# LAST OF SEVERAL OCCURRENCES
COLUMN 17 PEAK WIND IN M.P.H.
PRELIMINARY LOCAL CLIMATOLOGICAL DATA (WS FORM: F-6) , PAGE 2
STATION: RENO-TAHOE INTL AIRPORT NV
MONTH: FEBRUARY
YEAR: 2023
LATITUDE: 39 30 N
LONGITUDE: 119 47 W
[TEMPERATURE DATA] [PRECIPITATION DATA] SYMBOLS USED IN COLUMN 16
AVERAGE MONTHLY: 35.9 TOTAL FOR MONTH: 1.07 1 = FOG OR MIST
DPTR FM NORMAL: -4.7 DPTR FM NORMAL: 0.04 2 = FOG REDUCING VISIBILITY
HIGHEST: 63 ON 13,10 GRTST 24HR 0.28 ON 24-25 TO 1/4 MILE OR LESS
LOWEST: 11 ON 1 3 = THUNDER
SNOW, ICE PELLETS, HAIL 4 = ICE PELLETS
TOTAL MONTH: 12.5 INCHES 5 = HAIL
GRTST 24HR 3.6 ON 24-24 6 = FREEZING RAIN OR DRIZZLE
GRTST DEPTH: 3 ON 25 7 = DUSTSTORM OR SANDSTORM:
VSBY 1/2 MILE OR LESS
8 = SMOKE OR HAZE
[NO. OF DAYS WITH] [WEATHER - DAYS WITH] 9 = BLOWING SNOW
X = TORNADO
MAX 32 OR BELOW: 2 0.01 INCH OR MORE: 10
MAX 90 OR ABOVE: 0 0.10 INCH OR MORE: 5
MIN 32 OR BELOW: 28 0.50 INCH OR MORE: 0
MIN 0 OR BELOW: 0 1.00 INCH OR MORE: 0
[HDD (BASE 65) ]
TOTAL THIS MO. 810 CLEAR (SCALE 0-3) 6
DPTR FM NORMAL 126 PTCLDY (SCALE 4-7) 18
TOTAL FM JUL 1 3783 CLOUDY (SCALE 8-10) 4
DPTR FM NORMAL 323
[CDD (BASE 65) ]
TOTAL THIS MO. 0
DPTR FM NORMAL 0 [PRESSURE DATA]
TOTAL FM JAN 1 0 HIGHEST SLP M ON M
DPTR FM NORMAL 0 LOWEST SLP 29.46 ON 22
[REMARKS]
#FINAL-02-23#