000
CXUS51 KRNK 011503
CF6ROA
PRELIMINARY LOCAL CLIMATOLOGICAL DATA (WS FORM: F-6)
STATION: ROANOKE VA
MONTH: JUNE
YEAR: 2023
LATITUDE: 37 19 N
LONGITUDE: 79 58 W
TEMPERATURE IN F: :PCPN: SNOW: WIND :SUNSHINE: SKY :PK WND
================================================================================
1 2 3 4 5 6A 6B 7 8 9 10 11 12 13 14 15 16 17 18
12Z AVG MX 2MIN
DY MAX MIN AVG DEP HDD CDD WTR SNW DPTH SPD SPD DIR MIN PSBL S-S WX SPD DR
================================================================================
1 83 54 69 -1 0 4 0.00 0.0 0 2.4 12 140 M M 0 15 30
2 88 56 72 2 0 7 0.00 0.0 0 4.7 17 50 M M 0 25 30
3 89 58 74 3 0 9 0.03 0.0 0 4.9 22 60 M M 4 3 28 50
4 71 61 66 -5 0 1 0.00 0.0 0 7.6 14 130 M M 10 17 110
5 81 57 69 -2 0 4 0.00 0.0 0 3.3 9 140 M M 3 12 120
6 81 53 67 -4 0 2 0.00 0.0 0 5.3 17 350 M M 2 23 350
7 77 57 67 -5 0 2 T 0.0 0 7.7 16 240 M M 6 21 240
8 77 52 65 -7 0 0 0.00 0.0 0 6.9 18 330 M M 1 24 310
9 78 50 64 -8 1 0 0.00 0.0 0 4.8 17 290 M M 2 21 300
10 84 52 68 -4 0 3 0.00 0.0 0 3.9 14 230 M M 2 19 230
11 86 59 73 0 0 8 0.11 0.0 0 5.8 25 210 M M 4 35 200
12 78 61 70 -3 0 5 0.09 0.0 0 9.5 24 310 M M 7 1 31 340
13 79 56 68 -5 0 3 0.00 0.0 0 6.5 18 300 M M 1 27 300
14 78 62 70 -4 0 5 T 0.0 0 9.1 20 260 M M 6 29 280
15 85 63 74 0 0 9 0.00 0.0 0 4.2 15 270 M M 4 20 260
16 87 60 74 0 0 9 0.00 0.0 0 9.4 26 330 M M 1 32 330
17 84 61 73 -1 0 8 0.00 0.0 0 8.5 20 310 M M 1 25 320
18 85 54 70 -5 0 5 0.00 0.0 0 2.8 13 120 M M 1 16 160
19 79 62 71 -4 0 6 0.85 0.0 0 5.6 17 160 M M 6 13 24 160
20 77 64 71 -4 0 6 1.36 0.0 0 9.9 24 80 M M 10 1 34 80
21 70 60 65 -10 0 0 0.48 0.0 0 9.1 20 30 M M 10 1 25 20
22 64 59 62 -14 3 0 1.06 0.0 0 5.9 12 20 M M 10 1 16 40
23 79 63 71 -5 0 6 0.04 0.0 0 4.0 10 210 M M 9 1 14 190
24 85 67 76 0 0 11 0.00 0.0 0 6.1 16 290 M M 7 20 290
25 90 66 78 2 0 13 0.00 0.0 0 6.1 17 250 M M 4 24 250
26 90 69 80 4 0 15 T 0.0 0 9.4 22 240 M M 3 3 29 240
27 81 68 75 -1 0 10 T 0.0 0 8.6 22 290 M M 7 3 29 290
28 84 66 75 -2 0 10 0.00 0.0 0 7.7 16 320 M M 2 8 21 360
29 85 60 73 -4 0 8 0.00 0.0 0 4.2 14 140 M M 1 18 17 150
30 87 69 78 1 0 13 0.01 0.0 0 3.1 13 110 M M 4 18 15 110
================================================================================
SM 2442 1799 4 182 4.03 0.0 187.0 M 128
================================================================================
AV 81.4 60.0 6.2 FASTST M M 4 MAX(MPH)
MISC ----> 26 330 35 200
================================================================================
NOTES:
# LAST OF SEVERAL OCCURRENCES
COLUMN 17 PEAK WIND IN M.P.H.
PRELIMINARY LOCAL CLIMATOLOGICAL DATA (WS FORM: F-6) , PAGE 2
STATION: ROANOKE VA
MONTH: JUNE
YEAR: 2023
LATITUDE: 37 19 N
LONGITUDE: 79 58 W
[TEMPERATURE DATA] [PRECIPITATION DATA] SYMBOLS USED IN COLUMN 16
AVERAGE MONTHLY: 70.7 TOTAL FOR MONTH: 4.03 1 = FOG OR MIST
DPTR FM NORMAL: -3.1 DPTR FM NORMAL: -0.63 2 = FOG REDUCING VISIBILITY
HIGHEST: 90 ON 26,25 GRTST 24HR 2.13 ON 19-20 TO 1/4 MILE OR LESS
LOWEST: 50 ON 9 3 = THUNDER
SNOW, ICE PELLETS, HAIL 4 = ICE PELLETS
TOTAL MONTH: 0.0 INCH 5 = HAIL
GRTST 24HR 0.0 6 = FREEZING RAIN OR DRIZZLE
GRTST DEPTH: 0 7 = DUSTSTORM OR SANDSTORM:
VSBY 1/2 MILE OR LESS
8 = SMOKE OR HAZE
[NO. OF DAYS WITH] [WEATHER - DAYS WITH] 9 = BLOWING SNOW
X = TORNADO
MAX 32 OR BELOW: 0 0.01 INCH OR MORE: 9
MAX 90 OR ABOVE: 2 0.10 INCH OR MORE: 5
MIN 32 OR BELOW: 0 0.50 INCH OR MORE: 3
MIN 0 OR BELOW: 0 1.00 INCH OR MORE: 2
[HDD (BASE 65) ]
TOTAL THIS MO. 4 CLEAR (SCALE 0-3) 14
DPTR FM NORMAL -4 PTCLDY (SCALE 4-7) 11
TOTAL FM JUL 1 3313 CLOUDY (SCALE 8-10) 5
DPTR FM NORMAL -554
[CDD (BASE 65) ]
TOTAL THIS MO. 182
DPTR FM NORMAL -90 [PRESSURE DATA]
TOTAL FM JAN 1 291 HIGHEST SLP 30.16 ON 1
DPTR FM NORMAL -130 LOWEST SLP 29.64 ON 26
[REMARKS]
#FINAL-06-23#