000
CXUS51 KRNK 010816
CF6ROA
PRELIMINARY LOCAL CLIMATOLOGICAL DATA (WS FORM: F-6)
STATION: ROANOKE VA
MONTH: MAY
YEAR: 2022
LATITUDE: 37 19 N
LONGITUDE: 79 58 W
TEMPERATURE IN F: :PCPN: SNOW: WIND :SUNSHINE: SKY :PK WND
================================================================================
1 2 3 4 5 6A 6B 7 8 9 10 11 12 13 14 15 16 17 18
12Z AVG MX 2MIN
DY MAX MIN AVG DEP HDD CDD WTR SNW DPTH SPD SPD DIR MIN PSBL S-S WX SPD DR
================================================================================
1 66 50 58 -5 7 0 0.01 0.0 0 0.8 10 110 M M 8 12 11 120
2 85 55 70 7 0 5 0.00 0.0 0 5.6 20 240 M M 2 12 25 230
3 83 52 68 5 0 3 0.04 0.0 0 3.9 16 170 M M 2 3 20 160
4 86 62 74 11 0 9 0.01 0.0 0 6.8 18 340 M M 3 1 24 340
5 76 53 65 1 0 0 0.00 0.0 0 6.0 16 110 M M 5 21 140
6 70 57 64 0 1 0 0.65 0.0 0 8.1 29 300 M M 10 13 35 300
7 60 50 55 -9 10 0 0.17 0.0 0 8.1 16 40 M M 10 1 22 60
8 56 47 52 -12 13 0 0.00 0.0 0 8.6 16 30 M M 10 21 10
9 72 41 57 -7 8 0 0.00 0.0 0 5.5 15 70 M M 1 19 70
10 77 41 59 -6 6 0 0.00 0.0 0 5.1 14 60 M M 0 20 90
11 80 46 63 -2 2 0 0.00 0.0 0 4.8 17 60 M M 0 23 70
12 75 52 64 -1 1 0 0.10 0.0 0 7.3 16 20 M M 6 1 22 20
13 75 62 69 4 0 4 0.39 0.0 0 2.3 20 120 M M 9 1 23 110
14 75 61 68 2 0 3 0.03 0.0 0 2.4 13 100 M M 7 1 17 110
15 83 58 71 5 0 6 T 0.0 0 4.1 15 160 M M 7 12 19 200
16 80 59 70 4 0 5 T 0.0 0 9.6 26 320 M M 5 35 300
17 82 54 68 2 0 3 0.00 0.0 0 8.0 23 300 M M 1 30 270
18 82 54 68 2 0 3 0.00 0.0 0 4.8 17 170 M M 3 22 160
19 89 69 79 12 0 14 T 0.0 0 6.8 22 310 M M 5 3 28 310
20 96 64 80 13 0 15 0.00 0.0 0 5.2 20 210 M M 1 26 210
21 92 67 80 13 0 15 0.30 0.0 0 4.8 20 250 M M 4 13 27 270
22 89 63 76 8 0 11 0.30 0.0 0 6.8 33 320 M M 4 13 40 310
23 72 57 65 -3 0 0 2.08 0.0 0 5.2 14 40 M M 9 1 17 40
24 65 56 61 -7 4 0 1.14 0.0 0 5.9 13 30 M M 10 1 16 30
25 68 57 63 -5 2 0 0.02 0.0 0 6.0 12 130 M M 10 12 15 140
26 65 58 62 -6 3 0 0.39 0.0 0 6.7 12 140 M M 10 13 14 140
27 77 61 69 0 0 4 1.40 0.0 0 4.4 38 240 M M 8 123 50 240
28 78 58 68 -1 0 3 0.00 0.0 0 7.2 17 300 M M 5 22 310
29 83 55 69 0 0 4 0.00 0.0 0 3.8 14 150 M M 2 17 140
30 88 59 74 4 0 9 0.00 0.0 0 3.0 14 150 M M 2 20 150
31 92 66 79 9 0 14 0.00 0.0 0 3.5 12 80 M M 2 14 80
================================================================================
SM 2417 1744 57 130 7.03 0.0 171.1 M 161
================================================================================
AV 78.0 56.3 5.5 FASTST M M 5 MAX(MPH)
MISC ----> 38 240 50 240
================================================================================
NOTES:
# LAST OF SEVERAL OCCURRENCES
COLUMN 17 PEAK WIND IN M.P.H.
PRELIMINARY LOCAL CLIMATOLOGICAL DATA (WS FORM: F-6) , PAGE 2
STATION: ROANOKE VA
MONTH: MAY
YEAR: 2022
LATITUDE: 37 19 N
LONGITUDE: 79 58 W
[TEMPERATURE DATA] [PRECIPITATION DATA] SYMBOLS USED IN COLUMN 16
AVERAGE MONTHLY: 67.1 TOTAL FOR MONTH: 7.03 1 = FOG OR MIST
DPTR FM NORMAL: 1.0 DPTR FM NORMAL: 2.72 2 = FOG REDUCING VISIBILITY
HIGHEST: 96 ON 20 GRTST 24HR 3.22 ON 23-24 TO 1/4 MILE OR LESS
LOWEST: 41 ON 10, 9 3 = THUNDER
SNOW, ICE PELLETS, HAIL 4 = ICE PELLETS
TOTAL MONTH: 0.0 INCH 5 = HAIL
GRTST 24HR 0.0 6 = FREEZING RAIN OR DRIZZLE
GRTST DEPTH: 0 7 = DUSTSTORM OR SANDSTORM:
VSBY 1/2 MILE OR LESS
8 = SMOKE OR HAZE
[NO. OF DAYS WITH] [WEATHER - DAYS WITH] 9 = BLOWING SNOW
X = TORNADO
MAX 32 OR BELOW: 0 0.01 INCH OR MORE: 15
MAX 90 OR ABOVE: 3 0.10 INCH OR MORE: 10
MIN 32 OR BELOW: 0 0.50 INCH OR MORE: 4
MIN 0 OR BELOW: 0 1.00 INCH OR MORE: 3
[HDD (BASE 65) ]
TOTAL THIS MO. 57 CLEAR (SCALE 0-3) 11
DPTR FM NORMAL -22 PTCLDY (SCALE 4-7) 12
TOTAL FM JUL 1 3391 CLOUDY (SCALE 8-10) 8
DPTR FM NORMAL -471
[CDD (BASE 65) ]
TOTAL THIS MO. 130
DPTR FM NORMAL 17 [PRESSURE DATA]
TOTAL FM JAN 1 168 HIGHEST SLP 30.36 ON 10
DPTR FM NORMAL 19 LOWEST SLP 29.51 ON 7
[REMARKS]
#FINAL-05-22#