000
CXUS54 KFWD 010730
CF6RPH
PRELIMINARY LOCAL CLIMATOLOGICAL DATA (WS FORM: F-6)
STATION: GRAHAM
MONTH: MARCH
YEAR: 2023
LATITUDE: 33 6 N
LONGITUDE: 98 30 W
TEMPERATURE IN F: :PCPN: SNOW: WIND :SUNSHINE: SKY :PK WND
================================================================================
1 2 3 4 5 6A 6B 7 8 9 10 11 12 13 14 15 16 17 18
12Z AVG MX 2MIN
DY MAX MIN AVG DEP HDD CDD WTR SNW DPTH SPD SPD DIR MIN PSBL S-S WX SPD DR
================================================================================
1 69 50 60 10 5 0 0.00 M M 3.9 9 330 M M 7 M M
2 69 48 59 9 6 0 0.06 M M 6.6 20 330 M M 4 1 33 330
3 63 43 53 2 12 0 0.00 M M 8.8 16 320 M M 1 23 320
4 73 47 60 9 5 0 0.00 M M 5.8 10 230 M M 0 18 230
5 82 48 65 14 0 0 0.00 M M 8.7 20 190 M M 0 30 M
6 86 57 72 20 0 7 0.00 M M 6.1 12 320 M M 0 M M
7 77 49 63 11 2 0 0.00 M M 7.3 14 340 M M 5 20 10
8 52 43 48 -4 17 0 0.11 M M 8.2 10 300 M M 10 1 M M
9 55 49 52 -1 13 0 0.01 M M 4.2 13 10 M M 10 1 22 10
10 66 44 55 2 10 0 0.00 M M 4.7 12 130 M M 4 21 130
11 90 56 73 20 0 8 0.00 M M 9.4 15 280 M M 1 24 240
12 65 47 56 2 9 0 M M M 10.8 15 30 M M 3 24 10
13 57 43 50 -4 15 0 T M M 7.8 12 20 M M 5 21 20
14 59 36 48 -6 17 0 M M M 4.5 9 150 M M 5 M M
15 72 43 58 4 7 0 0.00 M M 10.5 20 170 M M 5 31 M
16 85 41 63 8 2 0 0.00 M M 16.1 32 340 M M 5 43 340
17 52 35 44 -11 21 0 0.00 M M 11.2 21 350 M M 1 28 350
18 53 30 42 -13 23 0 0.00 M M 5.8 17 360 M M 0 23 360
19 57 27 42 -14 23 0 0.00 M M 4.3 10 120 M M 0 17 130
20 61 39 50 -6 15 0 0.00 M M 10.5 20 190 M M 7 8 31 180
21 81 52 67 11 0 2 0.00 M M 10.7 15 210 M M 5 25 160
22 87 65 76 20 0 11 0.00 M M 10.0 14 210 M M 2 24 210
23 83 60 72 15 0 7 T M M 7.3 14 200 M M 5 1 21 200
24 76 51 64 7 1 0 0.04 M M 9.6 21 250 M M 5 1 35 M
25 74 45 60 3 5 0 0.00 M M 8.2 18 270 M M 0 25 270
26 68 43 56 -2 9 0 0.00 M M 7.6 15 360 M M 0 22 30
27 68 39 54 -4 11 0 0.00 M M 4.9 10 60 M M 4 18 17 50
28 59 41 50 -8 15 0 0.00 M M 10.6 20 360 M M 1 30 360
29 65 45 55 -3 10 0 T M M 6.4 13 110 M M 8 18 150
30 71 58 65 7 0 0 T M M 10.4 13 150 M M 9 23 160
31 78 57 68 9 0 3 0.00 M M 13.8 25 250 M M 3 40 270
================================================================================
SM 2153 1431 253 38 0.22 M 254.7 M 115
================================================================================
AV 69.5 46.2 8.2 FASTST M M 4 MAX(MPH)
MISC ----> 32 340 43 340
================================================================================
NOTES:
# LAST OF SEVERAL OCCURRENCES
COLUMN 17 PEAK WIND IN M.P.H.
PRELIMINARY LOCAL CLIMATOLOGICAL DATA (WS FORM: F-6) , PAGE 2
STATION: GRAHAM
MONTH: MARCH
YEAR: 2023
LATITUDE: 33 6 N
LONGITUDE: 98 30 W
[TEMPERATURE DATA] [PRECIPITATION DATA] SYMBOLS USED IN COLUMN 16
AVERAGE MONTHLY: 57.8 TOTAL FOR MONTH: 0.22 1 = FOG OR MIST
DPTR FM NORMAL: 3.2 DPTR FM NORMAL: -2.63 2 = FOG REDUCING VISIBILITY
HIGHEST: 90 ON 11 GRTST 24HR 0.11 ON 8- 8 TO 1/4 MILE OR LESS
LOWEST: 27 ON 19 3 = THUNDER
SNOW, ICE PELLETS, HAIL 4 = ICE PELLETS
TOTAL MONTH: M 5 = HAIL
GRTST 24HR M ON M 6 = FREEZING RAIN OR DRIZZLE
GRTST DEPTH: M ON M 7 = DUSTSTORM OR SANDSTORM:
VSBY 1/2 MILE OR LESS
8 = SMOKE OR HAZE
[NO. OF DAYS WITH] [WEATHER - DAYS WITH] 9 = BLOWING SNOW
X = TORNADO
MAX 32 OR BELOW: 0 0.01 INCH OR MORE: 4
MAX 90 OR ABOVE: 1 0.10 INCH OR MORE: 1
MIN 32 OR BELOW: 2 0.50 INCH OR MORE: 0
MIN 0 OR BELOW: 0 1.00 INCH OR MORE: 0
[HDD (BASE 65) ]
TOTAL THIS MO. 253 CLEAR (SCALE 0-3) 13
DPTR FM NORMAL -88 PTCLDY (SCALE 4-7) 15
TOTAL FM JUL 1 2247 CLOUDY (SCALE 8-10) 3
DPTR FM NORMAL -492
[CDD (BASE 65) ]
TOTAL THIS MO. 38
DPTR FM NORMAL 19 [PRESSURE DATA]
TOTAL FM JAN 1 54 HIGHEST SLP M ON M
DPTR FM NORMAL 34 LOWEST SLP M ON M
[REMARKS]
#FINAL-03-23#