000
CXUS54 KFWD 161604
CF6RPH
PRELIMINARY LOCAL CLIMATOLOGICAL DATA (WS FORM: F-6)
STATION: GRAHAM
MONTH: JANUARY
YEAR: 2024
LATITUDE: 33 6 N
LONGITUDE: 98 30 W
TEMPERATURE IN F: :PCPN: SNOW: WIND :SUNSHINE: SKY :PK WND
================================================================================
1 2 3 4 5 6A 6B 7 8 9 10 11 12 13 14 15 16 17 18
12Z AVG MX 2MIN
DY MAX MIN AVG DEP HDD CDD WTR SNW DPTH SPD SPD DIR MIN PSBL S-S WX SPD DR
================================================================================
1 42 26 34 -8 31 0 0.00 M M 5.6 12 350 M M 4 M M
2 49 25 37 -5 28 0 0.07 M M 2.8 9 90 M M 6 1 M M
3 49 36 43 1 22 0 0.00 M M 1.4 7 310 M M 9 1 M M
4 50 32 41 -1 24 0 0.05 M M 4.4 13 130 M M 8 12 18 110
5 55 39 47 5 18 0 0.05 M M 7.3 16 310 M M 4 1 23 310
6 50 31 41 -1 24 0 0.00 M M 4.5 9 280 M M 4 M M
7 60 25 43 1 22 0 0.00 M M 8.4 18 130 M M 1 30 140
8 55 36 46 4 19 0 0.13 M M 15.2 29 260 M M 7 138 43 280
9 51 27 39 -3 26 0 0.00 M M 15.2 35 300 M M 1 45 300
10 68 28 48 6 17 0 0.00 M M 7.5 16 250 M M 0 24 240
11 74 34 54 12 11 0 0.00 M M 6.8 20 300 M M 0 8 38 M
12 62 25 44 2 21 0 T M M 13.5 29 330 M M 1 8 36 320
13 59 16 38 -4 27 0 0.00 M M 10.6 24 350 M M 0 31 M
14 15 9 12 -30 53 0 0.00 M M 11.9 20 360 M M 8 24 340
15 23 8 16 -26 49 0 0.00 M M 11.9 18 350 M M 2 28 360
16 26 8 17 -25 48 0 0.00 M M 6.9 16 350 M M 0 22 360
17 50 12 31 -11 34 0 0.00 M M 8.2 20 160 M M 0 25 160
18 57 34 46 4 19 0 0.00 M M 6.1 12 320 M M 0 M M
19 41 20 31 -12 34 0 0.00 M M 14.1 23 360 M M 0 31 M
20 37 15 26 -17 39 0 0.00 M M 4.7 8 40 M M 1 M M
21 39 31 35 -8 30 0 0.09 M M 9.0 15 130 M M 10 1 22 140
22 41 34 38 -5 27 0 0.02 M M 3.7 8 130 M M 10 1 M M
23 50 41 46 3 19 0 0.02 M M 3.5 10 350 M M 10 1 M M
24 51 41 46 3 19 0 0.00 M M 4.9 8 20 M M 10 1 M M
25 55 44 50 7 15 0 0.00 M M 2.6 7 250 M M 7 1 M M
26 48 44 46 3 19 0 0.01 M M 6.0 12 30 M M 9 1 16 30
27 55 36 46 3 19 0 T M M 9.9 16 330 M M 5 1 24 300
28 65 28 47 4 18 0 0.00 M M 2.3 7 230 M M 0 1 M M
29 71 35 53 10 12 0 0.00 M M 3.1 12 270 M M 0 M M
30 73 33 53 10 12 0 0.00 M M 1.9 8 260 M M 0 M M
31 73 35 54 10 11 0 0.00 M M 2.6 8 120 M M 0 17 99
================================================================================
SM 1594 888 767 0 0.44 M 216.8 M 117
================================================================================
AV 51.4 28.6 7.0 FASTST M M 4 MAX(MPH)
MISC ----> 35 300 45 300
================================================================================
NOTES:
# LAST OF SEVERAL OCCURRENCES
COLUMN 17 PEAK WIND IN M.P.H.
PRELIMINARY LOCAL CLIMATOLOGICAL DATA (WS FORM: F-6) , PAGE 2
STATION: GRAHAM
MONTH: JANUARY
YEAR: 2024
LATITUDE: 33 6 N
LONGITUDE: 98 30 W
[TEMPERATURE DATA] [PRECIPITATION DATA] SYMBOLS USED IN COLUMN 16
AVERAGE MONTHLY: 40.0 TOTAL FOR MONTH: 0.44 1 = FOG OR MIST
DPTR FM NORMAL: -2.5 DPTR FM NORMAL: -0.79 2 = FOG REDUCING VISIBILITY
HIGHEST: 74 ON 11 GRTST 24HR 0.35 ON 22-23 TO 1/4 MILE OR LESS
LOWEST: 8 ON 16,15 3 = THUNDER
SNOW, ICE PELLETS, HAIL 4 = ICE PELLETS
TOTAL MONTH: M 5 = HAIL
GRTST 24HR M ON M 6 = FREEZING RAIN OR DRIZZLE
GRTST DEPTH: M ON M 7 = DUSTSTORM OR SANDSTORM:
VSBY 1/2 MILE OR LESS
8 = SMOKE OR HAZE
[NO. OF DAYS WITH] [WEATHER - DAYS WITH] 9 = BLOWING SNOW
X = TORNADO
MAX 32 OR BELOW: 3 0.01 INCH OR MORE: 8
MAX 90 OR ABOVE: 0 0.10 INCH OR MORE: 1
MIN 32 OR BELOW: 17 0.50 INCH OR MORE: 0
MIN 0 OR BELOW: 0 1.00 INCH OR MORE: 0
[HDD (BASE 65) ]
TOTAL THIS MO. 767 CLEAR (SCALE 0-3) 16
DPTR FM NORMAL 71 PTCLDY (SCALE 4-7) 8
TOTAL FM JUL 1 1658 CLOUDY (SCALE 8-10) 7
DPTR FM NORMAL -213
[CDD (BASE 65) ]
TOTAL THIS MO. 0
DPTR FM NORMAL 0 [PRESSURE DATA]
TOTAL FM JAN 1 0 HIGHEST SLP M ON M
DPTR FM NORMAL 0 LOWEST SLP M ON M
[REMARKS]
#FINAL-01-24#