838
CXUS54 KFWD 010731
CF6RPH
PRELIMINARY LOCAL CLIMATOLOGICAL DATA (WS FORM: F-6)
STATION: GRAHAM
MONTH: AUGUST
YEAR: 2020
LATITUDE: 33 6 N
LONGITUDE: 98 30 W
TEMPERATURE IN F: :PCPN: SNOW: WIND :SUNSHINE: SKY :PK WND
================================================================================
1 2 3 4 5 6A 6B 7 8 9 10 11 12 13 14 15 16 17 18
12Z AVG MX 2MIN
DY MAX MIN AVG DEP HDD CDD WTR SNW DPTH SPD SPD DIR MIN PSBL S-S WX SPD DR
================================================================================
1 92 62 77 -7 0 12 0.00 0.0 0 2.5 12 330 M M 0 18 310
2 96 61 79 -5 0 14 0.00 0.0 0 2.5 8 70 M M 0 M M
3 94 70 82 -2 0 17 0.00 0.0 0 1.6 9 70 M M 0 M M
4 96 70 83 -1 0 18 0.00 0.0 0 5.4 12 90 M M 0 21 80
5 95 72 84 0 0 19 0.00 0.0 0 6.4 9 90 M M 0 17 100
6 100 74 87 3 0 22 0.00 0.0 0 6.8 10 150 M M 0 17 140
7 101 78 90 6 0 25 0.00 0.0 0 8.5 13 130 M M 0 22 170
8 100 79 90 6 0 25 0.00 0.0 0 7.7 15 130 M M 0 22 130
9 101 76 89 5 0 24 0.00 0.0 0 7.3 12 170 M M 0 22 150
10 101 77 89 5 0 24 0.00 0.0 0 7.5 15 180 M M 0 23 170
11 103 79 91 7 0 26 0.00 0.0 0 6.1 12 180 M M 0 16 180
12 105 80 93 9 0 28 0.00 0.0 0 6.0 13 210 M M 0 18 150
13 105 80 93 9 0 28 0.00 0.0 0 7.0 14 140 M M 0 21 140
14 109 78 94 10 0 29 0.00 0.0 0 4.2 9 210 M M 0 M M
15 107 75 91 7 0 26 0.00 0.0 0 4.4 10 90 M M 0 M M
16 106 69 88 4 0 23 0.04 0.0 0 5.0 32 330 M M 1 52 330
17 93 68 81 -3 0 16 0.00 0.0 0 2.4 6 290 M M 0 M M
18 96 69 83 -1 0 18 0.00 0.0 0 3.8 10 20 M M 1 22 40
19 95 61 78 -5 0 13 0.00 0.0 0 3.1 9 20 M M 0 16 30
20 94 64 79 -4 0 14 0.00 0.0 0 2.7 8 180 M M 0 9 230
21 97 68 83 0 0 18 0.00 0.0 0 5.4 12 80 M M 0 17 80
22 98 67 83 0 0 18 0.00 0.0 0 3.0 8 70 M M 0 M M
23 95 65 80 -3 0 15 0.00 0.0 0 3.5 10 70 M M 0 16 110
24 97 68 83 1 0 18 0.00 0.0 0 3.1 8 100 M M 0 16 100
25 95 65 80 -2 0 15 0.00 0.0 0 3.3 9 60 M M 0 M M
26 97 71 84 2 0 19 0.00 0.0 0 5.4 16 80 M M 0 29 80
27 98 68 83 1 0 18 0.00 0.0 0 2.1 12 60 M M 1 27 60
28 107 73 90 8 0 25 0.00 0.0 0 4.0 10 200 M M 0 16 200
29 105 80 93 12 0 28 0.00 0.0 0 4.8 12 280 M M 0 16 300
30 101 70 86 5 0 21 M 0.0 0 5.4 18 360 M M 1 28 360
31 100 74 87 6 0 22 0.23 0.0 0 7.3 16 350 M M 1 33 320
================================================================================
SM 3079 2211 0 638 0.27 0.0 148.2 M 5
================================================================================
AV 99.3 71.3 4.8 FASTST M M 0 MAX(MPH)
MISC ----> # 32 330 # 52 330
================================================================================
NOTES:
# LAST OF SEVERAL OCCURRENCES
COLUMN 17 PEAK WIND IN M.P.H.
PRELIMINARY LOCAL CLIMATOLOGICAL DATA (WS FORM: F-6) , PAGE 2
STATION: GRAHAM
MONTH: AUGUST
YEAR: 2020
LATITUDE: 33 6 N
LONGITUDE: 98 30 W
[TEMPERATURE DATA] [PRECIPITATION DATA] SYMBOLS USED IN COLUMN 16
AVERAGE MONTHLY: 85.3 TOTAL FOR MONTH: 0.27 1 = FOG OR MIST
DPTR FM NORMAL: 1.9 DPTR FM NORMAL: -1.48 2 = FOG REDUCING VISIBILITY
HIGHEST: 109 ON 14 GRTST 24HR 0.23 ON 31-31 TO 1/4 MILE OR LESS
LOWEST: 61 ON 19, 2 3 = THUNDER
SNOW, ICE PELLETS, HAIL 4 = ICE PELLETS
TOTAL MONTH: 0.0 INCH 5 = HAIL
GRTST 24HR 0.0 6 = FREEZING RAIN OR DRIZZLE
GRTST DEPTH: 0 7 = DUSTSTORM OR SANDSTORM:
VSBY 1/2 MILE OR LESS
8 = SMOKE OR HAZE
[NO. OF DAYS WITH] [WEATHER - DAYS WITH] 9 = BLOWING SNOW
X = TORNADO
MAX 32 OR BELOW: 0 0.01 INCH OR MORE: 2
MAX 90 OR ABOVE: 31 0.10 INCH OR MORE: 1
MIN 32 OR BELOW: 0 0.50 INCH OR MORE: 0
MIN 0 OR BELOW: 0 1.00 INCH OR MORE: 0
[HDD (BASE 65) ]
TOTAL THIS MO. 0 CLEAR (SCALE 0-3) 31
DPTR FM NORMAL 0 PTCLDY (SCALE 4-7) 0
TOTAL FM JUL 1 0 CLOUDY (SCALE 8-10) 0
DPTR FM NORMAL 0
[CDD (BASE 65) ]
TOTAL THIS MO. 638
DPTR FM NORMAL 69 [PRESSURE DATA]
TOTAL FM JAN 1 2065 HIGHEST SLP M ON M
DPTR FM NORMAL 192 LOWEST SLP M ON M
[REMARKS]
#FINAL-08-20#