000
CXUS54 KFWD 010730
CF6RPH
PRELIMINARY LOCAL CLIMATOLOGICAL DATA (WS FORM: F-6)
STATION: GRAHAM
MONTH: JULY
YEAR: 2023
LATITUDE: 33 6 N
LONGITUDE: 98 30 W
TEMPERATURE IN F: :PCPN: SNOW: WIND :SUNSHINE: SKY :PK WND
================================================================================
1 2 3 4 5 6A 6B 7 8 9 10 11 12 13 14 15 16 17 18
12Z AVG MX 2MIN
DY MAX MIN AVG DEP HDD CDD WTR SNW DPTH SPD SPD DIR MIN PSBL S-S WX SPD DR
================================================================================
1 78 68 73 -9 0 8 0.01 M M 6.7 16 310 M M 2 1 28 310
2 95 65 80 -2 0 15 T M M 2.6 6 99 M M 1 M M
3 98 74 86 4 0 21 0.00 M M 4.8 10 80 M M 1 22 99
4 97 74 86 4 0 21 T M M 5.3 13 110 M M 1 30 M
5 100 76 88 6 0 23 0.00 M M 5.5 9 130 M M 2 8 M M
6 94 69 82 -1 0 17 0.05 M M 4.5 14 40 M M 3 25 40
7 95 75 85 2 0 20 0.00 M M 6.2 14 160 M M 1 23 160
8 97 77 87 4 0 22 T M M 4.0 9 230 M M 5 8 M M
9 95 73 84 1 0 19 T M M 6.9 12 40 M M 3 24 99
10 102 74 88 5 0 23 0.00 M M 4.2 9 140 M M 3 20 110
11 102 75 89 6 0 24 T M M 7.0 17 50 M M 2 29 50
12 109 79 94 11 0 29 0.00 M M 7.8 17 210 M M 0 21 200
13 109 85 97 14 0 32 0.00 M M 7.6 15 230 M M 2 20 210
14 106 84 95 12 0 30 0.00 M M 5.5 10 160 M M 3 17 220
15 95 80 88 4 0 23 T M M 6.2 10 60 M M 4 18 30
16 99 71 85 1 0 20 T M M 5.1 14 300 M M 1 1 22 300
17 108 74 91 7 0 26 0.00 M M 5.6 12 230 M M 1 18 230
18 110 82 96 12 0 31 0.00 M M 9.1 15 210 M M 0 22 180
19 108 82 95 11 0 30 0.00 M M 8.4 14 220 M M 0 23 210
20 105 80 93 9 0 28 0.00 M M 5.8 10 150 M M 1 18 220
21 101 74 88 4 0 23 0.00 M M 6.4 15 10 M M 1 22 10
22 96 74 85 1 0 20 0.00 M M 5.5 9 10 M M 1 17 99
23 102 65 84 0 0 19 0.00 M M 3.8 9 120 M M 0 M M
24 106 69 88 4 0 23 0.00 M M 5.4 9 130 M M 0 16 160
25 106 79 93 9 0 28 0.00 M M 6.4 10 180 M M 0 31 M
26 103 76 90 6 0 25 0.00 M M 6.9 14 220 M M 0 21 200
27 103 78 91 7 0 26 0.00 M M 7.2 12 130 M M 0 21 180
28 102 80 91 7 0 26 0.00 M M 7.0 13 140 M M 1 18 200
29 103 75 89 5 0 24 0.00 M M 5.4 13 140 M M 1 18 140
30 105 72 89 5 0 24 0.00 M M 4.7 12 260 M M 0 16 99
31 105 74 90 6 0 25 0.00 M M 4.8 12 170 M M 0 20 99
================================================================================
SM 3134 2333 0 725 0.06 M 182.4 M 40
================================================================================
AV101.1 75.3 5.9 FASTST M M 1 MAX(MPH)
MISC ----> # 17 50 31 9999
================================================================================
NOTES:
# LAST OF SEVERAL OCCURRENCES
COLUMN 17 PEAK WIND IN M.P.H.
PRELIMINARY LOCAL CLIMATOLOGICAL DATA (WS FORM: F-6) , PAGE 2
STATION: GRAHAM
MONTH: JULY
YEAR: 2023
LATITUDE: 33 6 N
LONGITUDE: 98 30 W
[TEMPERATURE DATA] [PRECIPITATION DATA] SYMBOLS USED IN COLUMN 16
AVERAGE MONTHLY: 88.2 TOTAL FOR MONTH: 0.06 1 = FOG OR MIST
DPTR FM NORMAL: 4.8 DPTR FM NORMAL: -2.12 2 = FOG REDUCING VISIBILITY
HIGHEST: 110 ON 18 GRTST 24HR 0.05 ON 6- 6 TO 1/4 MILE OR LESS
LOWEST: 65 ON 23, 2 3 = THUNDER
SNOW, ICE PELLETS, HAIL 4 = ICE PELLETS
TOTAL MONTH: M 5 = HAIL
GRTST 24HR M ON M 6 = FREEZING RAIN OR DRIZZLE
GRTST DEPTH: M ON M 7 = DUSTSTORM OR SANDSTORM:
VSBY 1/2 MILE OR LESS
8 = SMOKE OR HAZE
[NO. OF DAYS WITH] [WEATHER - DAYS WITH] 9 = BLOWING SNOW
X = TORNADO
MAX 32 OR BELOW: 0 0.01 INCH OR MORE: 2
MAX 90 OR ABOVE: 30 0.10 INCH OR MORE: 0
MIN 32 OR BELOW: 0 0.50 INCH OR MORE: 0
MIN 0 OR BELOW: 0 1.00 INCH OR MORE: 0
[HDD (BASE 65) ]
TOTAL THIS MO. 0 CLEAR (SCALE 0-3) 27
DPTR FM NORMAL 0 PTCLDY (SCALE 4-7) 4
TOTAL FM JUL 1 0 CLOUDY (SCALE 8-10) 0
DPTR FM NORMAL 0
[CDD (BASE 65) ]
TOTAL THIS MO. 725
DPTR FM NORMAL 153 [PRESSURE DATA]
TOTAL FM JAN 1 1604 HIGHEST SLP M ON M
DPTR FM NORMAL 300 LOWEST SLP M ON M
[REMARKS]
#FINAL-07-23#