000
CXUS56 KFGZ 010910
CF6RQE
PRELIMINARY LOCAL CLIMATOLOGICAL DATA (WS FORM: F-6)
STATION: WINDOW ROCK AZ AIRPORT
MONTH: NOVEMBER
YEAR: 2023
LATITUDE: 35 39 N
LONGITUDE: 109 4 W
TEMPERATURE IN F: :PCPN: SNOW: WIND :SUNSHINE: SKY :PK WND
================================================================================
1 2 3 4 5 6A 6B 7 8 9 10 11 12 13 14 15 16 17 18
12Z AVG MX 2MIN
DY MAX MIN AVG DEP HDD CDD WTR SNW DPTH SPD SPD DIR MIN PSBL S-S WX SPD DR
================================================================================
1 64 12 38 -6 27 0 0.00 M M 1.9 10 100 M M 0 14 100
2 68 17 43 0 22 0 0.00 M M 2.6 14 250 M M 0 19 280
3 71 19 45 2 20 0 0.00 M M 2.1 12 270 M M 0 8 18 280
4 71 21 46 3 19 0 0.00 M M 2.5 10 100 M M 0 16 100
5 71 22 47 5 18 0 0.00 M M 5.0 24 250 M M 0 8 34 250
6 70 30 50 8 15 0 0.00 M M 9.6 26 230 M M 0 36 230
7 69 40 55 13 10 0 0.00 M M 13.9 30 230 M M 0 42 230
8 57 26 42 1 23 0 0.00 M M 5.0 12 290 M M 0 31 240
9 52 19 36 -5 29 0 0.00 M M 1.2 4 300 M M 1 M M
10 51 20 36 -5 29 0 0.00 M M 2.5 10 230 M M M 14 170
11 56 17 37 -3 28 0 0.00 M M 1.8 12 80 M M 0 17 50
12 60 11 36 -4 29 0 0.00 M M 2.8 10 50 M M 0 16 80
13 62 13 38 -2 27 0 0.00 M M 2.0 15 180 M M 0 22 170
14 64 23 44 5 21 0 0.00 M M 1.8 13 70 M M 0 20 220
15 64 24 44 5 21 0 0.00 M M 1.3 9 90 M M 0 13 70
16 65 35 50 12 15 0 T M M 3.9 22 240 M M 3 32 250
17 61 24 43 5 22 0 0.00 M M 3.1 15 230 M M 0 22 220
18 48 23 36 -2 29 0 0.29 M M 1.8 9 330 M M 5 12 13 330
19 45 34 40 3 25 0 0.31 M M 7.0 24 260 M M 9 1 38 240
20 47 27 37 0 28 0 0.02 M M 6.4 15 330 M M 5 1 21 320
21 53 22 38 1 27 0 0.00 M M 1.6 9 90 M M 0 1 14 360
22 56 18 37 1 28 0 0.00 M M 1.1 13 100 M M 0 1 18 110
23 53 18 36 0 29 0 0.00 M M 4.5 16 220 M M 0 21 220
24 46 31 39 3 26 0 0.01 M M 10.4 31 200 M M 7 18 44 200
25 38 21 30 -5 35 0 0.01 M M 4.6 14 310 M M 5 1 22 250
26 41 12 27 -8 38 0 0.00 M M 2.1 13 70 M M 0 18 70
27 40 11 26 -8 39 0 0.00 M M 2.2 12 100 M M 0 16 100
28 50 5 28 -6 37 0 0.00 M M 2.4 13 90 M M 0 18 100
29 53 18 36 2 29 0 0.00 M M 2.0 13 100 M M 6 17 110
30 37 28 33 0 32 0 0.32 M M 4.3 16 230 M M 10 1 24 230
================================================================================
SM 1683 641 777 0 0.96 M 113.4 M 51
================================================================================
AV 56.1 21.4 3.8 FASTST M M 2 MAX(MPH)
MISC ----> 31 200 44 200
================================================================================
NOTES:
# LAST OF SEVERAL OCCURRENCES
COLUMN 17 PEAK WIND IN M.P.H.
PRELIMINARY LOCAL CLIMATOLOGICAL DATA (WS FORM: F-6) , PAGE 2
STATION: WINDOW ROCK AZ AIRPORT
MONTH: NOVEMBER
YEAR: 2023
LATITUDE: 35 39 N
LONGITUDE: 109 4 W
[TEMPERATURE DATA] [PRECIPITATION DATA] SYMBOLS USED IN COLUMN 16
AVERAGE MONTHLY: 38.7 TOTAL FOR MONTH: 0.96 1 = FOG OR MIST
DPTR FM NORMAL: 0.1 DPTR FM NORMAL: 0.21 2 = FOG REDUCING VISIBILITY
HIGHEST: 71 ON 5, 4 GRTST 24HR 0.43 ON 18-19 TO 1/4 MILE OR LESS
LOWEST: 5 ON 28 3 = THUNDER
SNOW, ICE PELLETS, HAIL 4 = ICE PELLETS
TOTAL MONTH: M 5 = HAIL
GRTST 24HR M ON M 6 = FREEZING RAIN OR DRIZZLE
GRTST DEPTH: M ON M 7 = DUSTSTORM OR SANDSTORM:
VSBY 1/2 MILE OR LESS
8 = SMOKE OR HAZE
[NO. OF DAYS WITH] [WEATHER - DAYS WITH] 9 = BLOWING SNOW
X = TORNADO
MAX 32 OR BELOW: 0 0.01 INCH OR MORE: 6
MAX 90 OR ABOVE: 0 0.10 INCH OR MORE: 3
MIN 32 OR BELOW: 27 0.50 INCH OR MORE: 0
MIN 0 OR BELOW: 0 1.00 INCH OR MORE: 0
[HDD (BASE 65) ]
TOTAL THIS MO. 777 CLEAR (SCALE 0-3) 22
DPTR FM NORMAL -17 PTCLDY (SCALE 4-7) 5
TOTAL FM JUL 1 1390 CLOUDY (SCALE 8-10) 3
DPTR FM NORMAL -48
[CDD (BASE 65) ]
TOTAL THIS MO. 0
DPTR FM NORMAL 0 [PRESSURE DATA]
TOTAL FM JAN 1 387 HIGHEST SLP M ON M
DPTR FM NORMAL -26 LOWEST SLP 29.64 ON 30
[REMARKS]
#FINAL-11-23#