000
CXUS54 KLZK 011230
CF6RUE
PRELIMINARY LOCAL CLIMATOLOGICAL DATA (WS FORM: F-6)
STATION: RUSSELLVILLE
MONTH: MAY
YEAR: 2023
LATITUDE: 35 15 N
LONGITUDE: 93 6 W
TEMPERATURE IN F: :PCPN: SNOW: WIND :SUNSHINE: SKY :PK WND
================================================================================
1 2 3 4 5 6A 6B 7 8 9 10 11 12 13 14 15 16 17 18
12Z AVG MX 2MIN
DY MAX MIN AVG DEP HDD CDD WTR SNW DPTH SPD SPD DIR MIN PSBL S-S WX SPD DR
================================================================================
1 71 39 55 -10 10 0 0.00 M M 6.5 22 270 M M 0 31 270
2 76 40 58 -8 7 0 0.00 M M 6.0 21 280 M M 0 1 28 280
3 77 39 58 -8 7 0 0.00 M M 1.3 9 330 M M 0 11 310
4 73 46 60 -6 5 0 0.07 M M 2.5 8 90 M M 5 13 90
5 69 59 64 -2 1 0 0.02 M M 4.0 9 100 M M 10 18 130
6 90 66 78 11 0 13 0.00 M M 4.9 13 190 M M 6 18 19 200
7 84 68 76 9 0 11 0.01 M M 3.7 15 220 M M 6 3 22 230
8 86 66 76 9 0 11 0.00 M M 4.4 12 190 M M 1 1 16 190
9 87 63 75 7 0 10 0.00 M M 2.7 9 180 M M 2 1 13 110
10 82 66 74 6 0 9 1.26 M M 4.7 16 50 M M 5 138 19 40
11 77 67 72 4 0 7 1.57 M M 3.8 12 190 M M 9 1 17 140
12 82 67 75 7 0 10 0.10 M M 3.2 13 240 M M 6 13 21 220
13 88 70 79 10 0 14 0.00 M M 3.5 10 320 M M 2 16 170
14 88 66 77 8 0 12 0.06 M M 1.2 12 260 M M 1 1238 16 240
15 86 68 77 8 0 12 0.00 M M 4.0 15 250 M M 3 1 20 270
16 83 67 75 5 0 10 0.00 M M 7.9 16 270 M M 5 22 260
17 79 68 74 4 0 9 0.00 M M 3.4 9 60 M M 10 14 20
18 84 61 73 3 0 8 0.00 M M 1.7 8 190 M M 2 1 14 60
19 79 62 71 0 0 6 0.32 M M 1.8 12 270 M M 4 1 M M
20 78 57 68 -3 0 3 0.00 M M M M M M M M M M
21 77 53 65 -6 0 0 0.00 M M M M M M M M M M
22 81 56 69 -3 0 4 0.00 M M 1.2 10 60 M M 1 18 13 50
23 84 55 70 -2 0 5 0.00 M M 2.7 9 90 M M 1 13 15 80
24 83 64 74 2 0 9 0.00 M M 4.0 13 70 M M 1 16 70
25 87 64 76 4 0 11 0.00 M M 2.7 12 60 M M 3 18 60
26 85 58 72 -1 0 7 0.00 M M 4.6 14 70 M M 1 21 60
27 84 51 68 -5 0 3 0.00 M M 1.6 10 350 M M 0 14 50
28 84 51 68 -5 0 3 0.00 M M 1.2 8 160 M M 0 11 170
29 86 57 72 -2 0 7 0.00 M M 1.1 8 200 M M 0 13 180
30 88 59 74 0 0 9 0.00 M M 1.4 8 180 M M 1 1 11 120
31 89 62 76 2 0 11 0.00 M M 2.0 8 190 M M 0 18 12 110
================================================================================
SM 2547 1835 30 214 3.41 M 93.7 M 85
================================================================================
AV 82.2 59.2 3.2 FASTST M M 3 MAX(MPH)
MISC ----> 22 270 31 270
================================================================================
NOTES:
# LAST OF SEVERAL OCCURRENCES
COLUMN 17 PEAK WIND IN M.P.H.
PRELIMINARY LOCAL CLIMATOLOGICAL DATA (WS FORM: F-6) , PAGE 2
STATION: RUSSELLVILLE
MONTH: MAY
YEAR: 2023
LATITUDE: 35 15 N
LONGITUDE: 93 6 W
[TEMPERATURE DATA] [PRECIPITATION DATA] SYMBOLS USED IN COLUMN 16
AVERAGE MONTHLY: 70.7 TOTAL FOR MONTH: 3.41 1 = FOG OR MIST
DPTR FM NORMAL: 1.1 DPTR FM NORMAL: -1.26 2 = FOG REDUCING VISIBILITY
HIGHEST: 90 ON 6 GRTST 24HR 2.83 ON 10-11 TO 1/4 MILE OR LESS
LOWEST: 39 ON 3, 1 3 = THUNDER
SNOW, ICE PELLETS, HAIL 4 = ICE PELLETS
TOTAL MONTH: M 5 = HAIL
GRTST 24HR M ON M 6 = FREEZING RAIN OR DRIZZLE
GRTST DEPTH: M ON M 7 = DUSTSTORM OR SANDSTORM:
VSBY 1/2 MILE OR LESS
8 = SMOKE OR HAZE
[NO. OF DAYS WITH] [WEATHER - DAYS WITH] 9 = BLOWING SNOW
X = TORNADO
MAX 32 OR BELOW: 0 0.01 INCH OR MORE: 8
MAX 90 OR ABOVE: 1 0.10 INCH OR MORE: 4
MIN 32 OR BELOW: 0 0.50 INCH OR MORE: 2
MIN 0 OR BELOW: 0 1.00 INCH OR MORE: 2
[HDD (BASE 65) ]
TOTAL THIS MO. 30 CLEAR (SCALE 0-3) 19
DPTR FM NORMAL -3 PTCLDY (SCALE 4-7) 7
TOTAL FM JUL 1 2923 CLOUDY (SCALE 8-10) 5
DPTR FM NORMAL -354
[CDD (BASE 65) ]
TOTAL THIS MO. 214
DPTR FM NORMAL 37 [PRESSURE DATA]
TOTAL FM JAN 1 259 HIGHEST SLP 30.17 ON 21
DPTR FM NORMAL 24 LOWEST SLP 29.78 ON 11
[REMARKS]
#FINAL-05-23#