000
CXUS54 KLZK 011410
CF6RUE
PRELIMINARY LOCAL CLIMATOLOGICAL DATA (WS FORM: F-6)
STATION: RUSSELLVILLE
MONTH: JULY
YEAR: 2022
LATITUDE: 35 15 N
LONGITUDE: 93 6 W
TEMPERATURE IN F: :PCPN: SNOW: WIND :SUNSHINE: SKY :PK WND
================================================================================
1 2 3 4 5 6A 6B 7 8 9 10 11 12 13 14 15 16 17 18
12Z AVG MX 2MIN
DY MAX MIN AVG DEP HDD CDD WTR SNW DPTH SPD SPD DIR MIN PSBL S-S WX SPD DR
================================================================================
1 94 74 84 3 0 19 0.00 M M 1.9 10 190 M M 1 14 200
2 93 72 83 2 0 18 0.00 M M 2.5 9 120 M M 1 15 150
3 93 75 84 3 0 19 0.00 M M 2.2 9 180 M M 4 15 90
4 99 74 87 6 0 22 0.00 M M 3.0 9 130 M M 1 16 150
5 101 74 88 7 0 23 0.00 M M 4.2 13 250 M M 0 17 270
6 102 74 88 7 0 23 0.00 M M 2.7 10 210 M M 0 13 200
7 102 75 89 8 0 24 0.00 M M 2.9 12 270 M M 0 15 250
8 103 76 90 9 0 25 0.00 M M 3.5 10 180 M M 1 15 290
9 103 78 91 9 0 26 0.00 M M 6.0 16 10 M M 1 21 10
10 94 73 84 2 0 19 0.00 M M 5.1 14 60 M M 4 19 60
11 98 67 83 1 0 18 0.00 M M 1.9 10 130 M M 0 1 14 110
12 103 70 87 5 0 22 0.00 M M 4.2 20 360 M M 1 25 360
13 99 71 85 3 0 20 0.00 M M 2.4 9 200 M M 3 14 210
14 99 75 87 5 0 22 0.00 M M 3.6 14 80 M M 1 18 70
15 98 69 84 2 0 19 0.00 M M 2.2 12 70 M M 0 16 60
16 102 70 86 4 0 21 T M M 2.4 9 240 M M 0 14 200
17 102 74 88 6 0 23 0.27 M M 4.4 36 350 M M 2 13 47 350
18 100 72 86 4 0 21 0.00 M M 3.4 9 80 M M 2 3 M M
19 105 78 92 10 0 27 0.00 M M 4.3 13 210 M M 2 18 240
20 100 77 89 7 0 24 T M M 2.3 9 330 M M 1 3 13 330
21 102 73 88 6 0 23 T M M 4.0 16 230 M M 1 25 220
22 101 71 86 4 0 21 0.00 M M 2.7 12 250 M M 0 14 250
23 102 72 87 5 0 22 0.00 M M 3.5 13 240 M M 0 19 240
24 104 73 89 7 0 24 0.00 M M 2.5 12 250 M M 1 16 250
25 103 76 90 8 0 25 0.00 M M 3.2 12 170 M M 1 19 190
26 105 76 91 9 0 26 0.02 M M 4.5 16 70 M M 1 3 20 320
27 102 76 89 7 0 24 T M M 3.2 10 200 M M 1 M M
28 97 80 89 7 0 24 T M M 3.4 12 190 M M 4 3 17 350
29 85 73 79 -3 0 14 0.32 M M 2.3 18 340 M M 5 13 27 360
30 82 73 78 -4 0 13 0.62 M M 2.8 13 50 M M 7 13 17 70
31 84 72 78 -4 0 13 0.16 M M 1.4 6 290 M M 5 1 M M
================================================================================
SM 3057 2283 0 664 1.39 M 98.6 M 51
================================================================================
AV 98.6 73.6 3.2 FASTST M M 2 MAX(MPH)
MISC ----> 36 350 47 350
================================================================================
NOTES:
# LAST OF SEVERAL OCCURRENCES
COLUMN 17 PEAK WIND IN M.P.H.
PRELIMINARY LOCAL CLIMATOLOGICAL DATA (WS FORM: F-6) , PAGE 2
STATION: RUSSELLVILLE
MONTH: JULY
YEAR: 2022
LATITUDE: 35 15 N
LONGITUDE: 93 6 W
[TEMPERATURE DATA] [PRECIPITATION DATA] SYMBOLS USED IN COLUMN 16
AVERAGE MONTHLY: 86.1 TOTAL FOR MONTH: 1.39 1 = FOG OR MIST
DPTR FM NORMAL: 4.3 DPTR FM NORMAL: -2.06 2 = FOG REDUCING VISIBILITY
HIGHEST: 105 ON 19,26 GRTST 24HR 0.62 ON 30-30 TO 1/4 MILE OR LESS
LOWEST: 67 ON 11 3 = THUNDER
SNOW, ICE PELLETS, HAIL 4 = ICE PELLETS
TOTAL MONTH: M 5 = HAIL
GRTST 24HR M ON M 6 = FREEZING RAIN OR DRIZZLE
GRTST DEPTH: M ON M 7 = DUSTSTORM OR SANDSTORM:
VSBY 1/2 MILE OR LESS
8 = SMOKE OR HAZE
[NO. OF DAYS WITH] [WEATHER - DAYS WITH] 9 = BLOWING SNOW
X = TORNADO
MAX 32 OR BELOW: 0 0.01 INCH OR MORE: 5
MAX 90 OR ABOVE: 28 0.10 INCH OR MORE: 4
MIN 32 OR BELOW: 0 0.50 INCH OR MORE: 1
MIN 0 OR BELOW: 0 1.00 INCH OR MORE: 0
[HDD (BASE 65) ]
TOTAL THIS MO. 0 CLEAR (SCALE 0-3) 25
DPTR FM NORMAL 0 PTCLDY (SCALE 4-7) 6
TOTAL FM JUL 1 0 CLOUDY (SCALE 8-10) 0
DPTR FM NORMAL 0
[CDD (BASE 65) ]
TOTAL THIS MO. 664
DPTR FM NORMAL 143 [PRESSURE DATA]
TOTAL FM JAN 1 1342 HIGHEST SLP M ON M
DPTR FM NORMAL 199 LOWEST SLP 29.70 ON 19
[REMARKS]
#FINAL-07-22#