000
CXUS54 KLZK 011131
CF6RUE
PRELIMINARY LOCAL CLIMATOLOGICAL DATA (WS FORM: F-6)
STATION: Russellville
MONTH: AUGUST
YEAR: 2020
LATITUDE: 35 15 N
LONGITUDE: 93 6 W
TEMPERATURE IN F: :PCPN: SNOW: WIND :SUNSHINE: SKY :PK WND
================================================================================
1 2 3 4 5 6A 6B 7 8 9 10 11 12 13 14 15 16 17 18
12Z AVG MX 2MIN
DY MAX MIN AVG DEP HDD CDD WTR SNW DPTH SPD SPD DIR MIN PSBL S-S WX SPD DR
================================================================================
1 87 66 77 -5 0 12 0.00 M M 4.4 12 270 M M 3 15 260
2 88 64 76 -6 0 11 0.03 M M 2.4 10 210 M M 3 1 14 190
3 88 66 77 -5 0 12 0.00 M M 3.5 12 270 M M 4 1 17 260
4 86 65 76 -6 0 11 0.00 M M 3.9 13 70 M M 3 20 50
5 84 63 74 -8 0 9 0.00 M M 1.4 8 70 M M 2 12 90
6 89 64 77 -5 0 12 0.30 M M 2.9 12 300 M M 1 13 16 290
7 80 70 75 -7 0 10 0.22 M M 2.0 9 350 M M 3 13 13 130
8 92 69 81 -1 0 16 0.00 M M 1.8 9 200 M M 0 1 13 200
9 94 72 83 1 0 18 0.00 M M 3.2 10 190 M M 0 1 16 200
10 95 73 84 2 0 19 0.00 M M 3.3 12 210 M M 0 17 210
11 92 71 82 0 0 17 0.71 M M 3.0 24 290 M M 4 13 35 290
12 84 71 78 -4 0 13 0.11 M M 1.5 7 190 M M 7 1 10 80
13 91 68 80 -2 0 15 0.00 M M 1.8 9 110 M M 2 1 13 80
14 89 72 81 -1 0 16 0.39 M M 3.0 15 300 M M 3 13 20 290
15 95 69 82 0 0 17 0.00 M M 1.4 8 30 M M 1 12 10 230
16 93 68 81 -1 0 16 0.00 M M 3.4 13 20 M M 1 17 20
17 90 62 76 -6 0 11 0.00 M M 1.8 9 280 M M 1 13 280
18 89 65 77 -5 0 12 0.00 M M 5.5 15 360 M M 1 19 340
19 88 64 76 -6 0 11 0.00 M M 3.5 12 10 M M 2 14 50
20 89 60 75 -7 0 10 0.00 M M 1.6 12 360 M M 0 17 330
21 90 62 76 -5 0 11 0.00 M M 1.6 10 70 M M 2 16 80
22 92 65 79 -2 0 14 0.00 M M 1.8 8 210 M M 0 1 13 250
23 94 65 80 -1 0 15 0.00 M M 1.8 9 230 M M 0 18 13 240
24 95 66 81 0 0 16 0.00 M M 2.0 9 70 M M 1 13 130
25 97 66 82 1 0 17 0.00 M M 3.0 12 90 M M 2 17 110
26 80 73 77 -4 0 12 1.71 M M 2.9 16 280 M M 7 13 21 280
27 77 72 75 -5 0 10 2.70 M M 8.1 24 10 M M 7 1 37 20
28 93 72 83 3 0 18 0.00 M M 8.2 20 280 M M 2 27 270
29 95 72 84 4 0 19 0.10 M M 3.1 22 40 M M 3 13 29 60
30 86 71 79 -1 0 14 0.36 M M 2.4 9 280 M M 5 13 14 100
31 84 69 77 -3 0 12 0.34 M M 2.3 15 280 M M 3 13 20 280
================================================================================
SM 2766 2095 0 426 6.97 M 92.5 M 73
================================================================================
AV 89.2 67.6 3.0 FASTST M M 2 MAX(MPH)
MISC ----> # 24 290 # 37 20
================================================================================
NOTES:
# LAST OF SEVERAL OCCURRENCES
COLUMN 17 PEAK WIND IN M.P.H.
PRELIMINARY LOCAL CLIMATOLOGICAL DATA (WS FORM: F-6) , PAGE 2
STATION: Russellville
MONTH: AUGUST
YEAR: 2020
LATITUDE: 35 15 N
LONGITUDE: 93 6 W
[TEMPERATURE DATA] [PRECIPITATION DATA] SYMBOLS USED IN COLUMN 16
AVERAGE MONTHLY: 78.4 TOTAL FOR MONTH: 6.97 1 = FOG OR MIST
DPTR FM NORMAL: -3.0 DPTR FM NORMAL: 4.13 2 = FOG REDUCING VISIBILITY
HIGHEST: 97 ON 25 GRTST 24HR 2.70 ON 27-27 TO 1/4 MILE OR LESS
LOWEST: 60 ON 20 3 = THUNDER
SNOW, ICE PELLETS, HAIL 4 = ICE PELLETS
TOTAL MONTH: M 5 = HAIL
GRTST 24HR M ON M 6 = FREEZING RAIN OR DRIZZLE
GRTST DEPTH: M ON M 7 = DUSTSTORM OR SANDSTORM:
VSBY 1/2 MILE OR LESS
8 = SMOKE OR HAZE
[NO. OF DAYS WITH] [WEATHER - DAYS WITH] 9 = BLOWING SNOW
X = TORNADO
MAX 32 OR BELOW: 0 0.01 INCH OR MORE: 11
MAX 90 OR ABOVE: 15 0.10 INCH OR MORE: 10
MIN 32 OR BELOW: 0 0.50 INCH OR MORE: 3
MIN 0 OR BELOW: 0 1.00 INCH OR MORE: 2
[HDD (BASE 65) ]
TOTAL THIS MO. 0 CLEAR (SCALE 0-3) 23
DPTR FM NORMAL 0 PTCLDY (SCALE 4-7) 8
TOTAL FM JUL 1 0 CLOUDY (SCALE 8-10) 0
DPTR FM NORMAL 0
[CDD (BASE 65) ]
TOTAL THIS MO. 426
DPTR FM NORMAL -82 [PRESSURE DATA]
TOTAL FM JAN 1 1474 HIGHEST SLP 30.15 ON 7
DPTR FM NORMAL -148 LOWEST SLP 29.48 ON 27
[REMARKS]
#FINAL-08-20#