000
CXUS51 KBTV 010700
CF6RUT
PRELIMINARY LOCAL CLIMATOLOGICAL DATA (WS FORM: F-6)
STATION: RUTLAND VT
MONTH: MARCH
YEAR: 2022
LATITUDE: 43 31 N
LONGITUDE: 72 57 W
TEMPERATURE IN F: :PCPN: SNOW: WIND :SUNSHINE: SKY :PK WND
================================================================================
1 2 3 4 5 6A 6B 7 8 9 10 11 12 13 14 15 16 17 18
12Z AVG MX 2MIN
DY MAX MIN AVG DEP HDD CDD WTR SNW DPTH SPD SPD DIR MIN PSBL S-S WX SPD DR
================================================================================
1 36 5 21 M 44 0 T M M 10.9 21 110 M M 9 1 30 120
2 36 23 30 M 35 0 T M M 7.7 15 310 M M 8 24 310
3 28 8 18 M 47 0 T M M 9.0 18 330 M M 7 1 25 330
4 29 -4 13 M 52 0 0.00 M M 4.8 9 270 M M 2 17 290
5 36 7 22 M 43 0 0.00 M M 4.3 12 120 M M 3 M M
6 67 35 51 M 14 0 0.15 M M 12.5 28 250 M M 5 1 48 270
7 54 37 46 M 19 0 0.36 M M 6.6 25 250 M M 7 12 52 250
8 38 24 31 M 34 0 T M M 10.4 17 280 M M 5 33 250
9 35 23 29 M 36 0 0.03 M M 6.7 14 120 M M 5 1 M M
10 42 21 32 M 33 0 0.00 M M 4.6 9 210 M M 2 1 M M
11 48 24 36 M 29 0 0.00 M M 6.5 14 120 M M 3 M M
12 41 17 29 M 36 0 0.12 M M 12.3 22 330 M M 9 12 32 330
13 30 15 23 M 42 0 T M M 9.7 16 220 M M 5 23 280
14 43 25 34 M 31 0 T M M 7.9 13 190 M M 7 18 260
15 47 35 41 M 24 0 0.11 M M 3.7 8 10 M M 9 18 M M
16 56 33 45 M 20 0 0.00 M M 3.9 13 120 M M 5 12 M M
17 63 37 50 M 15 0 0.00 M M 9.7 14 170 M M 4 M M
18 67 39 53 M 12 0 0.00 M M 5.9 12 250 M M 8 12 M M
19 53 40 47 M 18 0 0.32 M M 13.9 25 120 M M 9 13 40 130
20 51 37 44 M 21 0 T M M 7.4 14 240 M M 10 20 300
21 50 29 40 M 25 0 0.00 M M 7.6 18 310 M M 4 33 310
22 43 24 34 M 31 0 0.00 M M 8.1 18 360 M M 0 25 340
23 47 22 35 M 30 0 0.00 M M 6.1 20 130 M M 4 28 130
24 41 34 38 M 27 0 0.13 M M 16.1 30 120 M M 10 1 44 130
25 52 37 45 M 20 0 0.18 M M 5.5 12 140 M M 10 17 250
26 46 35 41 M 24 0 T M M 5.8 13 250 M M 9 17 270
27 38 19 29 M 36 0 T M M 8.2 15 250 M M 10 1 23 280
28 22 11 17 M 48 0 T M M 11.3 17 290 M M 10 1 28 310
29 34 10 22 M 43 0 T M M 8.8 15 330 M M 8 23 310
30 40 15 28 M 37 0 T M M 4.4 12 360 M M 3 M M
31 65 33 49 M 16 0 0.64 M M 8.1 18 120 M M 7 1 25 120
================================================================================
SM 1378 750 942 0 2.04 M 248.5 M 197
================================================================================
AV 44.5 24.2 8.0 FASTST M M 6 MAX(MPH)
MISC ----> 30 120 52 250
================================================================================
NOTES:
# LAST OF SEVERAL OCCURRENCES
COLUMN 17 PEAK WIND IN M.P.H.
PRELIMINARY LOCAL CLIMATOLOGICAL DATA (WS FORM: F-6) , PAGE 2
STATION: RUTLAND VT
MONTH: MARCH
YEAR: 2022
LATITUDE: 43 31 N
LONGITUDE: 72 57 W
[TEMPERATURE DATA] [PRECIPITATION DATA] SYMBOLS USED IN COLUMN 16
AVERAGE MONTHLY: 34.3 TOTAL FOR MONTH: 2.04 1 = FOG OR MIST
DPTR FM NORMAL: 0.0 DPTR FM NORMAL: M 2 = FOG REDUCING VISIBILITY
HIGHEST: 67 ON 18, 6 GRTST 24HR 0.64 ON 31-31 TO 1/4 MILE OR LESS
LOWEST: -4 ON 4 3 = THUNDER
SNOW, ICE PELLETS, HAIL 4 = ICE PELLETS
TOTAL MONTH: M 5 = HAIL
GRTST 24HR M ON M 6 = FREEZING RAIN OR DRIZZLE
GRTST DEPTH: M ON M 7 = DUSTSTORM OR SANDSTORM:
VSBY 1/2 MILE OR LESS
8 = SMOKE OR HAZE
[NO. OF DAYS WITH] [WEATHER - DAYS WITH] 9 = BLOWING SNOW
X = TORNADO
MAX 32 OR BELOW: 4 0.01 INCH OR MORE: 9
MAX 90 OR ABOVE: 0 0.10 INCH OR MORE: 8
MIN 32 OR BELOW: 19 0.50 INCH OR MORE: 1
MIN 0 OR BELOW: 1 1.00 INCH OR MORE: 0
[HDD (BASE 65) ]
TOTAL THIS MO. 942 CLEAR (SCALE 0-3) 6
DPTR FM NORMAL M PTCLDY (SCALE 4-7) 15
TOTAL FM JUL 1 5824 CLOUDY (SCALE 8-10) 10
DPTR FM NORMAL M
[CDD (BASE 65) ]
TOTAL THIS MO. 0
DPTR FM NORMAL M [PRESSURE DATA]
TOTAL FM JAN 1 0 HIGHEST SLP M ON M
DPTR FM NORMAL M LOWEST SLP M ON M
[REMARKS]
#FINAL-03-22#