000
CXUS54 KTSA 010850
CF6RVS
PRELIMINARY LOCAL CLIMATOLOGICAL DATA (WS FORM: F-6)
STATION: TULSA-RIVERSIDE OKLAHOMA
MONTH: MARCH
YEAR: 2022
LATITUDE: 36 2 N
LONGITUDE: 95 59 W
TEMPERATURE IN F: :PCPN: SNOW: WIND :SUNSHINE: SKY :PK WND
================================================================================
1 2 3 4 5 6A 6B 7 8 9 10 11 12 13 14 15 16 17 18
12Z AVG MX 2MIN
DY MAX MIN AVG DEP HDD CDD WTR SNW DPTH SPD SPD DIR MIN PSBL S-S WX SPD DR
================================================================================
1 77 28 53 6 12 0 0.00 0.0 M 3.1 9 200 M M 0 M M
2 80 34 57 9 8 0 0.00 0.0 M 3.4 13 200 M M 0 18 180
3 81 35 58 10 7 0 0.00 0.0 M 3.0 14 150 M M 0 8 20 180
4 77 41 59 11 6 0 0.00 0.0 M 8.0 22 170 M M 0 8 33 180
5 82 51 67 18 0 2 0.00 0.0 M 14.6 26 200 M M 4 38 190
6 51 36 44 -5 21 0 0.81 0.0 M 9.6 17 10 M M 8 123 27 360
7 42 29 36 -13 29 0 0.00 0.0 M 6.1 15 360 M M 6 25 340
8 44 28 36 -14 29 0 0.00 0.0 M 3.7 14 30 M M 2 17 40
9 56 24 40 -10 25 0 0.00 0.0 M 3.2 10 60 M M 0 16 70
10 58 28 43 -7 22 0 0.00 0.0 M 9.5 20 10 M M 6 33 10
11 37 21 29 -22 36 0 0.10 M M 8.1 18 10 M M 7 128 30 360
12 52 16 34 -17 31 0 0.00 0.0 M 5.7 17 200 M M 0 23 210
13 69 39 54 3 11 0 0.00 0.0 M 13.6 24 180 M M 0 35 180
14 61 47 54 2 11 0 T 0.0 M 8.4 23 190 M M 6 35 180
15 70 46 58 6 7 0 0.00 0.0 M 5.0 14 30 M M 3 20 50
16 78 39 59 7 6 0 0.00 0.0 M 7.8 20 200 M M 0 1 29 200
17 78 53 66 13 0 1 0.40 0.0 M 10.2 23 230 M M 2 13 39 230
18 54 36 45 -8 20 0 0.13 0.0 M 7.1 17 330 M M 7 1 34 320
19 72 30 51 -3 14 0 0.00 0.0 M 3.4 13 280 M M 0 22 290
20 79 37 58 4 7 0 0.00 0.0 M 8.7 24 170 M M 0 34 160
21 62 51 57 3 8 0 1.51 0.0 M 8.7 22 110 M M 8 13 29 110
22 57 41 49 -5 16 0 0.01 0.0 M 8.3 15 230 M M 9 1 26 330
23 48 42 45 -10 20 0 0.00 0.0 M 7.8 15 300 M M 8 28 310
24 59 37 48 -7 17 0 0.00 0.0 M 6.1 16 50 M M 4 26 300
25 64 30 47 -8 18 0 0.00 0.0 M 4.6 16 40 M M 0 26 30
26 70 34 52 -4 13 0 0.00 0.0 M 3.8 14 50 M M 0 19 30
27 70 48 59 3 6 0 0.00 0.0 M 11.2 18 90 M M 0 27 40
28 81 46 64 8 1 0 0.00 0.0 M 9.9 17 120 M M 0 24 120
29 81 62 72 15 0 7 0.09 0.0 M 16.8 30 170 M M 3 3 48 160
30 67 36 52 -5 13 0 0.32 0.0 M 5.9 17 340 M M 8 13 31 350
31 48 33 41 -16 24 0 0.00 0.0 M 3.3 13 300 M M 4 24 330
================================================================================
SM 2005 1158 438 10 3.37 0.0 228.6 M 95
================================================================================
AV 64.7 37.4 7.4 FASTST M M 3 MAX(MPH)
MISC ----> 30 170 48 160
================================================================================
NOTES:
# LAST OF SEVERAL OCCURRENCES
COLUMN 17 PEAK WIND IN M.P.H.
PRELIMINARY LOCAL CLIMATOLOGICAL DATA (WS FORM: F-6) , PAGE 2
STATION: TULSA-RIVERSIDE OKLAHOMA
MONTH: MARCH
YEAR: 2022
LATITUDE: 36 2 N
LONGITUDE: 95 59 W
[TEMPERATURE DATA] [PRECIPITATION DATA] SYMBOLS USED IN COLUMN 16
AVERAGE MONTHLY: 51.0 TOTAL FOR MONTH: 3.37 1 = FOG OR MIST
DPTR FM NORMAL: -1.4 DPTR FM NORMAL: 0.15 2 = FOG REDUCING VISIBILITY
HIGHEST: 82 ON 5 GRTST 24HR 1.51 ON 21-21 TO 1/4 MILE OR LESS
LOWEST: 16 ON 12 3 = THUNDER
SNOW, ICE PELLETS, HAIL 4 = ICE PELLETS
TOTAL MONTH: 0.0 INCH 5 = HAIL
GRTST 24HR 0.0 6 = FREEZING RAIN OR DRIZZLE
GRTST DEPTH: M ON M 7 = DUSTSTORM OR SANDSTORM:
VSBY 1/2 MILE OR LESS
8 = SMOKE OR HAZE
[NO. OF DAYS WITH] [WEATHER - DAYS WITH] 9 = BLOWING SNOW
X = TORNADO
MAX 32 OR BELOW: 0 0.01 INCH OR MORE: 8
MAX 90 OR ABOVE: 0 0.10 INCH OR MORE: 6
MIN 32 OR BELOW: 9 0.50 INCH OR MORE: 2
MIN 0 OR BELOW: 0 1.00 INCH OR MORE: 1
[HDD (BASE 65) ]
TOTAL THIS MO. 438 CLEAR (SCALE 0-3) 18
DPTR FM NORMAL 32 PTCLDY (SCALE 4-7) 10
TOTAL FM JUL 1 2908 CLOUDY (SCALE 8-10) 3
DPTR FM NORMAL -262
[CDD (BASE 65) ]
TOTAL THIS MO. 10
DPTR FM NORMAL -6 [PRESSURE DATA]
TOTAL FM JAN 1 12 HIGHEST SLP 30.51 ON 12
DPTR FM NORMAL -6 LOWEST SLP 29.35 ON 30
[REMARKS]
#FINAL-03-22#