000
CXUS53 KMPX 012349
CF6RWF
PRELIMINARY LOCAL CLIMATOLOGICAL DATA (WS FORM: F-6)
STATION: REDWOOD FALLS MN
MONTH: OCTOBER
YEAR: 2021
LATITUDE: 44 32 N
LONGITUDE: 95 5 W
TEMPERATURE IN F: :PCPN: SNOW: WIND :SUNSHINE: SKY :PK WND
================================================================================
1 2 3 4 5 6A 6B 7 8 9 10 11 12 13 14 15 16 17 18
12Z AVG MX 2MIN
DY MAX MIN AVG DEP HDD CDD WTR SNW DPTH SPD SPD DIR MIN PSBL S-S WX SPD DR
================================================================================
1 77 63 70 14 0 5 0.08 M M 4.8 21 140 M M 7 1 28 140
2 65 57 61 6 4 0 T M M 8.2 15 300 M M 9 12 20 330
3 77 47 62 7 3 0 0.00 M M 5.0 14 350 M M 0 22 350
4 79 46 63 9 2 0 0.00 M M 1.7 8 130 M M 0 18 12 130
5 77 48 63 9 2 0 0.00 M M 6.8 15 160 M M 0 1 21 140
6 74 52 63 10 2 0 0.00 M M 6.8 15 140 M M 7 21 140
7 76 61 69 16 0 4 0.00 M M 7.9 15 160 M M 9 1 21 160
8 82 61 72 20 0 7 0.00 M M 8.3 16 140 M M 5 12 23 130
9 79 57 68 16 0 3 T M M 10.6 22 140 M M 3 32 120
10 68 51 60 9 5 0 0.00 M M 13.5 24 240 M M 6 33 230
11 73 44 59 8 6 0 0.00 M M 6.6 13 330 M M 0 1 19 310
12 66 43 55 5 10 0 0.00 M M 6.0 10 30 M M 4 16 60
13 70 48 59 9 6 0 0.20 M M 19.0 37 170 M M 5 1 56 170
14 55 44 50 1 15 0 0.00 M M 13.3 24 250 M M 7 39 240
15 56 39 48 -1 17 0 0.00 M M 10.4 20 310 M M 4 27 320
16 66 36 51 3 14 0 0.00 M M 9.4 22 290 M M 0 30 280
17 73 34 54 6 11 0 0.00 M M 5.8 16 220 M M 0 20 240
18 80 40 60 13 5 0 0.00 M M 10.1 25 190 M M 0 8 34 200
19 72 46 59 12 6 0 0.00 M M 6.5 13 210 M M 0 17 220
20 54 46 50 4 15 0 0.61 M M 7.5 18 70 M M 8 13 26 80
21 49 33 41 -5 24 0 T M M 9.9 17 340 M M 5 1 28 330
22 51 33 42 -3 23 0 0.00 M M 3.0 9 360 M M 4 13 350
23 51 28 40 -5 25 0 0.00 M M 5.4 12 130 M M 0 19 150
24 48 38 43 -1 22 0 0.00 M M 8.5 17 70 M M 6 27 80
25 53 35 44 0 21 0 0.00 M M 6.4 14 120 M M 3 19 120
26 58 39 49 6 16 0 T M M 18.1 31 130 M M 3 43 130
27 52 47 50 7 15 0 0.73 M M 12.2 23 130 M M 10 13 36 130
28 53 43 48 6 17 0 0.07 M M 9.0 16 330 M M 7 12 24 350
29 57 36 47 5 18 0 0.00 M M 6.3 15 360 M M 3 12 24 360
30 62 31 47 6 18 0 0.00 M M 10.0 24 320 M M 3 1 39 310
31 46 31 39 -2 26 0 0.00 M M 11.3 23 300 M M 2 32 330
================================================================================
SM 1999 1357 348 19 1.69 M 268.3 M 120
================================================================================
AV 64.5 43.8 8.7 FASTST M M 4 MAX(MPH)
MISC ----> 37 170 56 170
================================================================================
NOTES:
# LAST OF SEVERAL OCCURRENCES
COLUMN 17 PEAK WIND IN M.P.H.
PRELIMINARY LOCAL CLIMATOLOGICAL DATA (WS FORM: F-6) , PAGE 2
STATION: REDWOOD FALLS MN
MONTH: OCTOBER
YEAR: 2021
LATITUDE: 44 32 N
LONGITUDE: 95 5 W
[TEMPERATURE DATA] [PRECIPITATION DATA] SYMBOLS USED IN COLUMN 16
AVERAGE MONTHLY: 54.1 TOTAL FOR MONTH: 1.69 1 = FOG OR MIST
DPTR FM NORMAL: 5.8 DPTR FM NORMAL: -0.52 2 = FOG REDUCING VISIBILITY
HIGHEST: 82 ON 8 GRTST 24HR 0.80 ON 27-28 TO 1/4 MILE OR LESS
LOWEST: 28 ON 23 3 = THUNDER
SNOW, ICE PELLETS, HAIL 4 = ICE PELLETS
TOTAL MONTH: M 5 = HAIL
GRTST 24HR M ON M 6 = FREEZING RAIN OR DRIZZLE
GRTST DEPTH: M ON M 7 = DUSTSTORM OR SANDSTORM:
VSBY 1/2 MILE OR LESS
8 = SMOKE OR HAZE
[NO. OF DAYS WITH] [WEATHER - DAYS WITH] 9 = BLOWING SNOW
X = TORNADO
MAX 32 OR BELOW: 0 0.01 INCH OR MORE: 5
MAX 90 OR ABOVE: 0 0.10 INCH OR MORE: 3
MIN 32 OR BELOW: 3 0.50 INCH OR MORE: 2
MIN 0 OR BELOW: 0 1.00 INCH OR MORE: 0
[HDD (BASE 65) ]
TOTAL THIS MO. 348 CLEAR (SCALE 0-3) 14
DPTR FM NORMAL -178 PTCLDY (SCALE 4-7) 14
TOTAL FM JUL 1 408 CLOUDY (SCALE 8-10) 3
DPTR FM NORMAL -293
[CDD (BASE 65) ]
TOTAL THIS MO. 19
DPTR FM NORMAL 13 [PRESSURE DATA]
TOTAL FM JAN 1 985 HIGHEST SLP 30.28 ON 31
DPTR FM NORMAL 295 LOWEST SLP 29.36 ON 13
[REMARKS]
#FINAL-10-21#