000
CXUS55 KCYS 011530
CLMRWL
CLIMATE REPORT
NATIONAL WEATHER SERVICE CHEYENNE WY
930 AM MDT MON MAY 01 2023
...................................
...THE RAWLINS WYOMING AIRPORT CLIMATE SUMMARY FOR THE MONTH OF APRIL 2023...
CLIMATE NORMAL PERIOD 1991 TO 2020
CLIMATE RECORD PERIOD 1951 TO 2023
WEATHER OBSERVED NORMAL DEPART LAST YEAR`S
VALUE DATE(S) VALUE FROM VALUE DATE(S)
NORMAL
................................................................
TEMPERATURE (F)
RECORD
HIGH 79 04/24/2012
LOW -11 04/01/1970
HIGHEST 69 04/30 MM MM 71
LOWEST 2 04/07 MM MM 11
AVG. MAXIMUM 47.9 53.5 -5.6 53.9
AVG. MINIMUM 25.4 27.3 -1.9 24.9
MEAN 36.7 40.4 -3.7 39.4
DAYS MAX >= 90 0 0.0 0.0 0
DAYS MAX <= 32 4 0.9 3.1 1
DAYS MIN <= 32 23 21.7 1.3 25
DAYS MIN <= 0 0 0.1 -0.1 0
PRECIPITATION (INCHES)
RECORD
MAXIMUM 3.92 2009
TOTALS 78.62 1.26 77.36 0.55
DAYS >= .01 20 10.0 10.0 6
DAYS >= .10 19 4.0 15.0 3
DAYS >= .50 18 0.6 17.4 0
DAYS >= 1.00 16 0.1 15.9 0
GREATEST
24 HR. TOTAL 12.33 04/21 TO 04/22 0.23 04/22 TO 04/23
DEGREE DAYS
HEATING TOTAL 844 738 106 762
SINCE 7/1 8121 7522 599 MM
COOLING TOTAL 0 0 0 0
SINCE 1/1 0 0 0 MM
................................................................
WIND (MPH)
AVERAGE WIND SPEED 13.6
HIGHEST WIND SPEED/DIRECTION 44/230 DATE 04/01
HIGHEST GUST SPEED/DIRECTION 66/280 DATE 04/27
SKY COVER
POSSIBLE SUNSHINE (PERCENT) MM
AVERAGE SKY COVER 0.35
NUMBER OF DAYS FAIR 18
NUMBER OF DAYS PC 6
NUMBER OF DAYS CLOUDY 6
AVERAGE RH (PERCENT) 58
WEATHER CONDITIONS. NUMBER OF DAYS WITH
THUNDERSTORM 1 MIXED PRECIP 0
HEAVY RAIN 2 RAIN 2
LIGHT RAIN 4 FREEZING RAIN 0
LT FREEZING RAIN 0 HAIL 0
HEAVY SNOW 3 SNOW 5
LIGHT SNOW 13 SLEET 0
FOG 12 FOG W/VIS <= 1/4 MILE 3
HAZE 8
- INDICATES NEGATIVE NUMBERS.
R INDICATES RECORD WAS SET OR TIED.
MM INDICATES DATA IS MISSING.
T INDICATES TRACE AMOUNT.
$$