000
CXUS54 KEWX 011110
CF6RYW
PRELIMINARY LOCAL CLIMATOLOGICAL DATA (WS FORM: F-6)
STATION: LAGO VISTA
MONTH: JANUARY
YEAR: 2022
LATITUDE: 30 30 N
LONGITUDE: 97 58 W
TEMPERATURE IN F: :PCPN: SNOW: WIND :SUNSHINE: SKY :PK WND
================================================================================
1 2 3 4 5 6A 6B 7 8 9 10 11 12 13 14 15 16 17 18
12Z AVG MX 2MIN
DY MAX MIN AVG DEP HDD CDD WTR SNW DPTH SPD SPD DIR MIN PSBL S-S WX SPD DR
================================================================================
1 81 33 57 M 8 0 0.00 M M 7.3 22 20 M M 5 1 30 20
2 46 21 34 M 31 0 0.00 M M 11.1 20 330 M M 2 29 330
3 60 24 42 M 23 0 0.00 M M 4.9 9 270 M M 0 M M
4 66 37 52 M 13 0 0.00 M M 9.0 14 180 M M 0 22 180
5 73 44 59 M 6 0 0.00 M M 5.2 9 250 M M 0 M M
6 53 29 41 M 24 0 0.00 M M 7.0 16 360 M M 0 23 360
7 41 23 32 M 33 0 0.00 M M 3.4 8 30 M M 7 28 M M
8 63 40 52 M 13 0 0.01 M M 4.9 10 200 M M 10 2 18 200
9 63 43 53 M 12 0 0.00 M M 9.5 14 280 M M 5 12 23 360
10 57 35 46 M 19 0 0.00 M M 8.7 14 10 M M 2 24 10
11 46 38 42 M 23 0 0.23 M M 4.2 8 30 M M 6 M M
12 66 39 53 M 12 0 0.00 M M 1.5 5 230 M M 4 18 M M
13 74 38 56 M 9 0 0.00 M M 6.7 13 260 M M 0 M M
14 77 49 63 M 2 0 0.00 M M 7.4 15 190 M M 0 23 200
15 61 37 49 M 16 0 0.00 M M 15.1 24 310 M M 0 37 330
16 65 30 48 M 17 0 0.00 M M 6.4 10 320 M M 0 22 330
17 72 35 54 M 11 0 0.00 M M 4.8 8 170 M M 0 17 160
18 74 47 61 M 4 0 0.00 M M 11.1 16 200 M M 0 23 200
19 82 37 60 M 5 0 0.00 M M 8.5 17 20 M M 5 30 20
20 37 29 33 M 32 0 0.00 M M 10.6 15 360 M M 9 30 350
21 52 22 37 M 28 0 0.00 M M 5.9 10 30 M M 2 17 20
22 57 26 42 M 23 0 0.00 M M 4.4 7 80 M M 1 M M
23 59 42 51 M 14 0 0.00 M M 2.6 6 190 M M 10 M M
24 51 45 48 M 17 0 0.05 M M 1.5 6 250 M M 10 1 M M
25 49 42 46 M 19 0 0.00 M M 3.5 7 70 M M 10 12 M M
26 57 37 47 M 18 0 0.00 M M 6.2 10 40 M M 6 1 16 60
27 63 37 50 M 15 0 0.00 M M 1.2 8 30 M M 6 17 30
28 58 35 47 M 18 0 0.00 M M 9.2 14 10 M M 3 24 10
29 67 31 49 M 16 0 0.00 M M 6.9 9 270 M M 0 16 270
30 70 37 54 M 11 0 0.00 M M 6.1 10 170 M M 0 16 240
31 59 50 55 M 10 0 0.98 M M 4.9 12 100 M M 9 18 100
================================================================================
SM 1899 1112 502 0 1.27 M 199.9 M 112
================================================================================
AV 61.3 35.9 6.4 FASTST M M 4 MAX(MPH)
MISC ----> 24 310 37 330
================================================================================
NOTES:
# LAST OF SEVERAL OCCURRENCES
COLUMN 17 PEAK WIND IN M.P.H.
PRELIMINARY LOCAL CLIMATOLOGICAL DATA (WS FORM: F-6) , PAGE 2
STATION: LAGO VISTA
MONTH: JANUARY
YEAR: 2022
LATITUDE: 30 30 N
LONGITUDE: 97 58 W
[TEMPERATURE DATA] [PRECIPITATION DATA] SYMBOLS USED IN COLUMN 16
AVERAGE MONTHLY: 48.6 TOTAL FOR MONTH: 1.27 1 = FOG OR MIST
DPTR FM NORMAL: 0.0 DPTR FM NORMAL: M 2 = FOG REDUCING VISIBILITY
HIGHEST: 82 ON 19 GRTST 24HR 0.98 ON 31-31 TO 1/4 MILE OR LESS
LOWEST: 21 ON 2 3 = THUNDER
SNOW, ICE PELLETS, HAIL 4 = ICE PELLETS
TOTAL MONTH: M 5 = HAIL
GRTST 24HR M ON M 6 = FREEZING RAIN OR DRIZZLE
GRTST DEPTH: M ON M 7 = DUSTSTORM OR SANDSTORM:
VSBY 1/2 MILE OR LESS
8 = SMOKE OR HAZE
[NO. OF DAYS WITH] [WEATHER - DAYS WITH] 9 = BLOWING SNOW
X = TORNADO
MAX 32 OR BELOW: 0 0.01 INCH OR MORE: 4
MAX 90 OR ABOVE: 0 0.10 INCH OR MORE: 2
MIN 32 OR BELOW: 9 0.50 INCH OR MORE: 1
MIN 0 OR BELOW: 0 1.00 INCH OR MORE: 0
[HDD (BASE 65) ]
TOTAL THIS MO. 502 CLEAR (SCALE 0-3) 17
DPTR FM NORMAL M PTCLDY (SCALE 4-7) 8
TOTAL FM JUL 1 770 CLOUDY (SCALE 8-10) 6
DPTR FM NORMAL M
[CDD (BASE 65) ]
TOTAL THIS MO. 0
DPTR FM NORMAL M [PRESSURE DATA]
TOTAL FM JAN 1 0 HIGHEST SLP M ON M
DPTR FM NORMAL M LOWEST SLP M ON M
[REMARKS]
#FINAL-01-22#