000
CXUS54 KEWX 011010
CF6RYW
PRELIMINARY LOCAL CLIMATOLOGICAL DATA (WS FORM: F-6)
STATION: LAGO VISTA
MONTH: APRIL
YEAR: 2020
LATITUDE: 30 30 N
LONGITUDE: 97 58 W
TEMPERATURE IN F: :PCPN: SNOW: WIND :SUNSHINE: SKY :PK WND
================================================================================
1 2 3 4 5 6A 6B 7 8 9 10 11 12 13 14 15 16 17 18
12Z AVG MX 2MIN
DY MAX MIN AVG DEP HDD CDD WTR SNW DPTH SPD SPD DIR MIN PSBL S-S WX SPD DR
================================================================================
1 74 50 62 M 3 0 0.00 M M 6.8 10 130 M M 0 18 150
2 66 59 63 M 2 0 0.08 M M 7.1 12 140 M M 10 21 160
3 71 42 57 M 8 0 0.50 M M 7.0 16 330 M M 10 123 28 330
4 50 42 46 M 19 0 0.53 M M 6.2 14 30 M M 10 12 18 20
5 62 47 55 M 10 0 0.00 M M 4.3 7 50 M M 10 12 M M
6 74 58 66 M 0 1 0.00 M M 2.9 7 110 M M 8 12 M M
7 87 68 78 M 0 13 0.00 M M 5.6 12 180 M M 4 12 16 210
8 92 72 82 M 0 17 0.00 M M 5.9 10 270 M M 2 1 16 250
9 87 62 75 M 0 10 0.71 M M 6.3 22 350 M M 3 3 40 350
10 71 56 64 M 1 0 0.00 M M 9.1 14 30 M M 3 1 20 30
11 73 58 66 M 0 1 0.00 M M 5.9 12 140 M M 9 21 140
12 81 55 68 M 0 3 0.52 M M 10.5 23 270 M M 4 13 35 290
13 61 39 50 M 15 0 0.00 M M 9.0 16 10 M M 0 25 10
14 61 41 51 M 14 0 0.00 M M 9.2 13 20 M M 2 18 40
15 67 38 53 M 12 0 0.00 M M 5.8 10 10 M M 1 16 10
16 74 49 62 M 3 0 0.00 M M 8.5 14 180 M M 1 24 170
17 69 51 60 M 5 0 0.00 M M 6.9 12 360 M M 9 1 21 10
18 59 50 55 M 10 0 0.00 M M 3.8 8 40 M M 10 1 M M
19 89 57 73 M 0 8 0.03 M M 6.2 20 270 M M 5 12 28 280
20 84 61 73 M 0 8 0.00 M M 6.1 14 20 M M 3 1 18 20
21 83 61 72 M 0 7 0.00 M M 6.7 13 140 M M 2 1 21 150
22 81 67 74 M 0 9 0.23 M M 6.3 12 170 M M 7 13 17 160
23 85 60 73 M 0 8 0.00 M M 6.5 10 20 M M 0 M M
24 94 64 79 M 0 14 0.00 M M 10.1 17 220 M M 1 27 360
25 76 58 67 M 0 2 0.00 M M 7.8 15 30 M M 3 25 30
26 82 56 69 M 0 4 0.00 M M 4.3 9 150 M M 0 16 150
27 85 60 73 M 0 8 0.00 M M 9.7 17 180 M M 2 28 180
28 89 68 79 M 0 14 0.00 M M 8.3 14 180 M M 5 23 180
29 80 62 71 M 0 6 0.49 M M 9.7 18 40 M M 3 3 38 40
30 84 53 69 M 0 4 0.00 M M 4.3 9 30 M M 0 M M
================================================================================
SM 2291 1664 102 137 3.09 M 206.8 M 127
================================================================================
AV 76.4 55.5 6.9 FASTST M M 4 MAX(MPH)
MISC ----> # 23 270 # 40 350
================================================================================
NOTES:
# LAST OF SEVERAL OCCURRENCES
COLUMN 17 PEAK WIND IN M.P.H.
PRELIMINARY LOCAL CLIMATOLOGICAL DATA (WS FORM: F-6) , PAGE 2
STATION: LAGO VISTA
MONTH: APRIL
YEAR: 2020
LATITUDE: 30 30 N
LONGITUDE: 97 58 W
[TEMPERATURE DATA] [PRECIPITATION DATA] SYMBOLS USED IN COLUMN 16
AVERAGE MONTHLY: 65.9 TOTAL FOR MONTH: 3.09 1 = FOG OR MIST
DPTR FM NORMAL: M DPTR FM NORMAL: M 2 = FOG REDUCING VISIBILITY
HIGHEST: 94 ON 24 GRTST 24HR 0.71 ON 9- 9 TO 1/4 MILE OR LESS
LOWEST: 38 ON 15 3 = THUNDER
SNOW, ICE PELLETS, HAIL 4 = ICE PELLETS
TOTAL MONTH: M 5 = HAIL
GRTST 24HR M ON M 6 = FREEZING RAIN OR DRIZZLE
GRTST DEPTH: M ON M 7 = DUSTSTORM OR SANDSTORM:
VSBY 1/2 MILE OR LESS
8 = SMOKE OR HAZE
[NO. OF DAYS WITH] [WEATHER - DAYS WITH] 9 = BLOWING SNOW
X = TORNADO
MAX 32 OR BELOW: 0 0.01 INCH OR MORE: 8
MAX 90 OR ABOVE: 2 0.10 INCH OR MORE: 6
MIN 32 OR BELOW: 0 0.50 INCH OR MORE: 4
MIN 0 OR BELOW: 0 1.00 INCH OR MORE: 0
[HDD (BASE 65) ]
TOTAL THIS MO. 102 CLEAR (SCALE 0-3) 15
DPTR FM NORMAL M PTCLDY (SCALE 4-7) 8
TOTAL FM JUL 1 1652 CLOUDY (SCALE 8-10) 7
DPTR FM NORMAL M
[CDD (BASE 65) ]
TOTAL THIS MO. 137
DPTR FM NORMAL M [PRESSURE DATA]
TOTAL FM JAN 1 267 HIGHEST SLP M ON M
DPTR FM NORMAL M LOWEST SLP M ON M
[REMARKS]
#FINAL-04-20#