000
CXUS52 KCHS 011537
CF6SAV
PRELIMINARY LOCAL CLIMATOLOGICAL DATA (WS FORM: F-6)
STATION: SAVANNAH GA
MONTH: FEBRUARY
YEAR: 2021
LATITUDE: 32 7 N
LONGITUDE: 81 12 W
TEMPERATURE IN F: :PCPN: SNOW: WIND :SUNSHINE: SKY :PK WND
================================================================================
1 2 3 4 5 6A 6B 7 8 9 10 11 12 13 14 15 16 17 18
12Z AVG MX 2MIN
DY MAX MIN AVG DEP HDD CDD WTR SNW DPTH SPD SPD DIR MIN PSBL S-S WX SPD DR
================================================================================
1 59 42 51 0 14 0 0.00 0.0 0 14.1 23 300 M M 10 18 31 300
2 54 37 46 -5 19 0 0.00 0.0 0 14.5 24 300 M M 5 33 310
3 57 31 44 -7 21 0 0.00 0.0 0 8.5 15 300 M M 1 21 290
4 61 29 45 -6 20 0 0.00 0.0 0 4.8 15 150 M M 6 17 240
5 64 50 57 6 8 0 0.05 0.0 0 9.8 20 190 M M 9 1 25 200
6 51 47 49 -2 16 0 0.54 0.0 0 8.0 16 50 M M 10 1 21 60
7 53 37 45 -7 20 0 T 0.0 0 6.9 17 350 M M 7 1 23 310
8 66 33 50 -2 15 0 0.00 0.0 0 7.9 20 110 M M 4 1 24 110
9 65 51 58 6 7 0 0.20 0.0 0 3.6 22 160 M M 10 1 26 160
10 65 56 61 9 4 0 0.03 0.0 0 4.3 10 110 M M 10 1 12 120
11 70 55 63 11 2 0 0.43 0.0 0 4.3 10 150 M M 9 1238 12 150
12 59 47 53 1 12 0 0.02 0.0 0 6.4 13 40 M M 10 12 16 20
13 48 44 46 -7 19 0 0.54 0.0 0 7.2 14 340 M M 10 1 17 30
14 47 44 46 -7 19 0 1.09 0.0 0 8.0 17 80 M M 10 1 20 60
15 69 45 57 4 8 0 0.42 0.0 0 7.6 18 200 M M 10 123 26 200
16 69 41 55 2 10 0 0.00 0.0 0 11.9 23 260 M M 4 28 250
17 56 36 46 -7 19 0 0.00 0.0 0 7.2 14 80 M M 7 17 80
18 64 47 56 2 9 0 0.21 0.0 0 6.5 16 340 M M 10 128 21 310
19 51 43 47 -7 18 0 0.40 0.0 0 7.7 16 330 M M 9 1 20 340
20 60 37 49 -5 16 0 0.00 0.0 0 4.6 15 320 M M 2 1 17 320
21 62 32 47 -7 18 0 0.00 0.0 0 8.8 23 110 M M 3 1 30 110
22 75 48 62 8 3 0 T 0.0 0 8.2 26 180 M M 8 37 210
23 72 44 58 3 7 0 0.00 0.0 0 7.3 18 330 M M 1 1 23 340
24 77 43 60 5 5 0 0.00 0.0 0 4.5 18 210 M M 0 27 200
25 82 45 64 9 1 0 0.00 0.0 0 5.0 13 280 M M 1 16 280
26 82 50 66 11 0 1 0.00 0.0 0 5.5 18 160 M M 3 18 22 150
27 86 54 70 14 0 5 0.00 0.0 0 5.0 15 170 M M 5 1 19 180
28 86 66 76 20 0 11 0.00 0.0 0 10.0 20 240 M M 5 23 200
================================================================================
SM 1810 1234 310 17 3.93 0.0 208.1 M 179
================================================================================
AV 64.6 44.1 7.4 FASTST M M 6 MAX(MPH)
MISC ----> 26 180 37 210
================================================================================
NOTES:
# LAST OF SEVERAL OCCURRENCES
COLUMN 17 PEAK WIND IN M.P.H.
PRELIMINARY LOCAL CLIMATOLOGICAL DATA (WS FORM: F-6) , PAGE 2
STATION: SAVANNAH GA
MONTH: FEBRUARY
YEAR: 2021
LATITUDE: 32 7 N
LONGITUDE: 81 12 W
[TEMPERATURE DATA] [PRECIPITATION DATA] SYMBOLS USED IN COLUMN 16
AVERAGE MONTHLY: 54.4 TOTAL FOR MONTH: 3.93 1 = FOG OR MIST
DPTR FM NORMAL: 1.4 DPTR FM NORMAL: 1.14 2 = FOG REDUCING VISIBILITY
HIGHEST: 86 ON 28,27 GRTST 24HR 1.20 ON 13-14 TO 1/4 MILE OR LESS
LOWEST: 29 ON 4 3 = THUNDER
SNOW, ICE PELLETS, HAIL 4 = ICE PELLETS
TOTAL MONTH: 0.0 INCH 5 = HAIL
GRTST 24HR 0.0 6 = FREEZING RAIN OR DRIZZLE
GRTST DEPTH: 0 7 = DUSTSTORM OR SANDSTORM:
VSBY 1/2 MILE OR LESS
8 = SMOKE OR HAZE
[NO. OF DAYS WITH] [WEATHER - DAYS WITH] 9 = BLOWING SNOW
X = TORNADO
MAX 32 OR BELOW: 0 0.01 INCH OR MORE: 11
MAX 90 OR ABOVE: 0 0.10 INCH OR MORE: 8
MIN 32 OR BELOW: 3 0.50 INCH OR MORE: 3
MIN 0 OR BELOW: 0 1.00 INCH OR MORE: 1
[HDD (BASE 65) ]
TOTAL THIS MO. 310 CLEAR (SCALE 0-3) 6
DPTR FM NORMAL -33 PTCLDY (SCALE 4-7) 10
TOTAL FM JUL 1 1187 CLOUDY (SCALE 8-10) 12
DPTR FM NORMAL -330
[CDD (BASE 65) ]
TOTAL THIS MO. 17
DPTR FM NORMAL 10 [PRESSURE DATA]
TOTAL FM JAN 1 33 HIGHEST SLP 30.51 ON 21
DPTR FM NORMAL 30 LOWEST SLP 29.71 ON 1
[REMARKS]
#FINAL-02-21#