000
CXUS51 KAKQ 010710
CF6SBY
PRELIMINARY LOCAL CLIMATOLOGICAL DATA (WS FORM: F-6)
STATION: SALISBURY MD
MONTH: OCTOBER
YEAR: 2021
LATITUDE: 38 20 N
LONGITUDE: 75 30 W
TEMPERATURE IN F: :PCPN: SNOW: WIND :SUNSHINE: SKY :PK WND
================================================================================
1 2 3 4 5 6A 6B 7 8 9 10 11 12 13 14 15 16 17 18
12Z AVG MX 2MIN
DY MAX MIN AVG DEP HDD CDD WTR SNW DPTH SPD SPD DIR MIN PSBL S-S WX SPD DR
================================================================================
1 72 49 61 -3 4 0 0.00 0.0 0 3.6 13 320 M M 0 18 320
2 78 46 62 -2 3 0 0.00 0.0 0 5.0 15 230 M M 1 21 210
3 85 60 73 9 0 8 0.00 0.0 0 5.9 13 190 M M 0 1 17 220
4 82 67 75 12 0 10 0.00 0.0 0 7.3 16 240 M M 1 23 250
5 85 66 76 13 0 11 1.62 0.0 0 5.9 23 40 M M 5 13 27 40
6 74 67 71 9 0 6 0.00 0.0 0 7.1 13 90 M M 10 1 17 100
7 79 61 70 8 0 5 0.00 0.0 0 5.2 13 90 M M 4 19 70
8 77 58 68 6 0 3 0.00 0.0 0 3.3 10 60 M M 2 1 13 50
9 76 59 68 7 0 3 0.10 0.0 0 9.1 23 70 M M 8 1 31 70
10 80 65 73 12 0 8 0.05 0.0 0 12.0 21 50 M M 8 1 28 50
11 69 64 67 7 0 2 0.01 0.0 0 9.9 15 10 M M 10 1 22 350
12 71 66 69 9 0 4 0.05 0.0 0 7.9 16 40 M M 10 1 19 50
13 73 60 67 7 0 2 0.00 0.0 0 2.1 7 50 M M 9 12 9 360
14 80 58 69 10 0 4 0.00 0.0 0 2.1 9 310 M M 5 12 13 330
15 82 56 69 10 0 4 0.00 0.0 0 2.7 9 180 M M 0 1 13 240
16 83 57 70 12 0 5 0.45 0.0 0 10.2 25 320 M M 3 1 35 330
17 67 49 58 0 7 0 0.00 0.0 0 9.3 21 290 M M 1 29 300
18 67 44 56 -2 9 0 0.00 0.0 0 7.5 22 310 M M 2 30 280
19 70 41 56 -1 9 0 0.00 0.0 0 5.8 16 260 M M 0 30 250
20 77 49 63 6 2 0 0.00 0.0 0 5.4 15 260 M M 0 20 270
21 79 50 65 9 0 0 0.00 0.0 0 7.9 18 210 M M 0 1 25 200
22 70 53 62 6 3 0 0.04 0.0 0 4.9 15 220 M M 7 8 19 210
23 71 48 60 4 5 0 0.00 0.0 0 3.2 14 280 M M 3 1 17 250
24 70 47 59 3 6 0 0.00 0.0 0 4.7 14 150 M M 3 20 140
25 79 61 70 15 0 5 0.11 0.0 0 7.4 20 210 M M 4 1 24 210
26 67 53 60 5 5 0 0.46 0.0 0 11.5 25 290 M M 10 1 39 290
27 67 51 59 5 6 0 0.00 0.0 0 9.2 23 310 M M 10 1 29 290
28 68 50 59 5 6 0 0.00 0.0 0 6.7 14 90 M M 4 20 150
29 69 57 63 9 2 0 1.31 0.0 0 14.4 30 110 M M 9 18 39 110
30 68 50 59 6 6 0 0.00 0.0 0 6.2 18 210 M M 3 25 210
31 70 50 60 7 5 0 0.00 0.0 0 7.6 17 270 M M 3 21 260
================================================================================
SM 2305 1712 78 80 4.20 0.0 211.0 M 135
================================================================================
AV 74.4 55.2 6.8 FASTST M M 4 MAX(MPH)
MISC ----> 30 110 # 39 290
================================================================================
NOTES:
# LAST OF SEVERAL OCCURRENCES
COLUMN 17 PEAK WIND IN M.P.H.
PRELIMINARY LOCAL CLIMATOLOGICAL DATA (WS FORM: F-6) , PAGE 2
STATION: SALISBURY MD
MONTH: OCTOBER
YEAR: 2021
LATITUDE: 38 20 N
LONGITUDE: 75 30 W
[TEMPERATURE DATA] [PRECIPITATION DATA] SYMBOLS USED IN COLUMN 16
AVERAGE MONTHLY: 64.8 TOTAL FOR MONTH: 4.20 1 = FOG OR MIST
DPTR FM NORMAL: 6.3 DPTR FM NORMAL: 0.05 2 = FOG REDUCING VISIBILITY
HIGHEST: 85 ON 5, 3 GRTST 24HR 1.62 ON 5- 5 TO 1/4 MILE OR LESS
LOWEST: 41 ON 19 3 = THUNDER
SNOW, ICE PELLETS, HAIL 4 = ICE PELLETS
TOTAL MONTH: 0.0 INCH 5 = HAIL
GRTST 24HR 0.0 6 = FREEZING RAIN OR DRIZZLE
GRTST DEPTH: 0 7 = DUSTSTORM OR SANDSTORM:
VSBY 1/2 MILE OR LESS
8 = SMOKE OR HAZE
[NO. OF DAYS WITH] [WEATHER - DAYS WITH] 9 = BLOWING SNOW
X = TORNADO
MAX 32 OR BELOW: 0 0.01 INCH OR MORE: 10
MAX 90 OR ABOVE: 0 0.10 INCH OR MORE: 6
MIN 32 OR BELOW: 0 0.50 INCH OR MORE: 2
MIN 0 OR BELOW: 0 1.00 INCH OR MORE: 2
[HDD (BASE 65) ]
TOTAL THIS MO. 78 CLEAR (SCALE 0-3) 15
DPTR FM NORMAL -157 PTCLDY (SCALE 4-7) 8
TOTAL FM JUL 1 84 CLOUDY (SCALE 8-10) 8
DPTR FM NORMAL -182
[CDD (BASE 65) ]
TOTAL THIS MO. 80
DPTR FM NORMAL 46 [PRESSURE DATA]
TOTAL FM JAN 1 1579 HIGHEST SLP M ON M
DPTR FM NORMAL 281 LOWEST SLP 29.43 ON 29
[REMARKS]
#FINAL-10-21#