000
CXUS54 KFWD 220504
CF6SEP
PRELIMINARY LOCAL CLIMATOLOGICAL DATA (WS FORM: F-6)
STATION: STEPHENVILLE
MONTH: JULY
YEAR: 2022
LATITUDE: 32 13 N
LONGITUDE: 98 11 W
TEMPERATURE IN F: :PCPN: SNOW: WIND :SUNSHINE: SKY :PK WND
================================================================================
1 2 3 4 5 6A 6B 7 8 9 10 11 12 13 14 15 16 17 18
12Z AVG MX 2MIN
DY MAX MIN AVG DEP HDD CDD WTR SNW DPTH SPD SPD DIR MIN PSBL S-S WX SPD DR
================================================================================
1 99 71 85 4 0 20 0.00 M M 5.8 12 90 M M 2 20 120
2 100 73 87 6 0 22 0.00 M M 5.6 12 160 M M 2 18 160
3 100 76 88 7 0 23 0.00 M M 6.3 13 140 M M 3 26 0
4 100 74 87 6 0 22 0.00 M M 8.5 14 150 M M 2 22 170
5 102 75 89 7 0 24 0.00 M M 7.7 13 140 M M 2 20 190
6 104 78 91 9 0 26 0.00 M M 7.5 10 150 M M 2 18 190
7 102 78 90 8 0 25 0.00 M M 6.4 10 140 M M 2 16 140
8 106 75 91 9 0 26 0.00 M M 5.3 10 220 M M 3 17 210
9 105 76 91 9 0 26 0.00 M M 4.3 13 170 M M 3 24 170
10 104 76 90 8 0 25 0.00 M M 5.3 13 20 M M 2 21 20
11 105 77 91 9 0 26 0.00 M M 4.5 10 110 M M 2 17 110
12 104 80 92 10 0 27 0.00 M M 6.9 16 40 M M 1 28 20
13 105 75 90 8 0 25 0.00 M M 5.1 12 90 M M 2 20 50
14 102 69 86 4 0 21 0.00 M M 4.7 30 100 M M 3 40 100
15 99 65 82 0 0 17 0.00 M M 3.6 13 110 M M 3 21 110
16 100 71 86 4 0 21 0.00 M M 3.4 9 110 M M 3 M M
17 104 76 90 8 0 25 0.00 M M 5.0 10 230 M M 2 17 220
18 107 75 91 9 0 26 0.00 M M 7.7 15 230 M M 2 22 260
19 107 79 93 10 0 28 0.00 M M 9.5 15 220 M M 2 21 220
20 108 79 94 11 0 29 0.00 M M 8.1 10 150 M M 1 17 180
21 106 79 93 10 0 28 0.00 M M 5.8 12 120 M M 2 22 140
22 101 81 91 8 0 26 0.00 M M 7.8 13 140 M M 1 20 170
23 101 76 89 6 0 24 0.00 M M 8.3 13 150 M M 3 20 200
24 103 78 91 8 0 26 0.00 M M 8.5 12 150 M M 3 21 200
25 103 76 90 7 0 25 0.00 M M 8.7 15 210 M M 2 20 210
26 104 76 90 7 0 25 0.00 M M 8.2 14 140 M M 1 18 190
27 104 77 91 8 0 26 0.00 M M 8.2 14 170 M M 2 21 170
28 102 77 90 7 0 25 0.00 M M 7.5 14 140 M M 2 18 160
29 103 77 90 7 0 25 0.00 M M 7.3 12 20 M M 3 21 170
30 103 77 90 7 0 25 0.00 M M 6.3 12 190 M M 4 17 220
31 103 80 92 9 0 27 0.00 M M 9.1 12 160 M M 2 18 180
================================================================================
SM 3196 2352 0 766 0.00 M 207.0 M 69
================================================================================
AV103.1 75.9 6.7 FASTST M M 2 MAX(MPH)
MISC ----> 30 100 40 100
================================================================================
NOTES:
# LAST OF SEVERAL OCCURRENCES
COLUMN 17 PEAK WIND IN M.P.H.
PRELIMINARY LOCAL CLIMATOLOGICAL DATA (WS FORM: F-6) , PAGE 2
STATION: STEPHENVILLE
MONTH: JULY
YEAR: 2022
LATITUDE: 32 13 N
LONGITUDE: 98 11 W
[TEMPERATURE DATA] [PRECIPITATION DATA] SYMBOLS USED IN COLUMN 16
AVERAGE MONTHLY: 89.5 TOTAL FOR MONTH: 0.00 1 = FOG OR MIST
DPTR FM NORMAL: 7.2 DPTR FM NORMAL: -1.56 2 = FOG REDUCING VISIBILITY
HIGHEST: 108 ON 20 GRTST 24HR 0.00 ON 1- 1 TO 1/4 MILE OR LESS
LOWEST: 65 ON 15 3 = THUNDER
SNOW, ICE PELLETS, HAIL 4 = ICE PELLETS
TOTAL MONTH: M 5 = HAIL
GRTST 24HR M ON M 6 = FREEZING RAIN OR DRIZZLE
GRTST DEPTH: M ON M 7 = DUSTSTORM OR SANDSTORM:
VSBY 1/2 MILE OR LESS
8 = SMOKE OR HAZE
[NO. OF DAYS WITH] [WEATHER - DAYS WITH] 9 = BLOWING SNOW
X = TORNADO
MAX 32 OR BELOW: 0 0.01 INCH OR MORE: 0
MAX 90 OR ABOVE: 31 0.10 INCH OR MORE: 0
MIN 32 OR BELOW: 0 0.50 INCH OR MORE: 0
MIN 0 OR BELOW: 0 1.00 INCH OR MORE: 0
[HDD (BASE 65) ]
TOTAL THIS MO. 0 CLEAR (SCALE 0-3) 29
DPTR FM NORMAL 0 PTCLDY (SCALE 4-7) 2
TOTAL FM JUL 1 0 CLOUDY (SCALE 8-10) 0
DPTR FM NORMAL 0
[CDD (BASE 65) ]
TOTAL THIS MO. 766
DPTR FM NORMAL 230 [PRESSURE DATA]
TOTAL FM JAN 1 1978 HIGHEST SLP M ON M
DPTR FM NORMAL 710 LOWEST SLP M ON M
[REMARKS]
#FINAL-07-22#