000
CXUS52 KMLB 040334
CF6SFB
PRELIMINARY LOCAL CLIMATOLOGICAL DATA (WS FORM: F-6)
STATION: SANFORD
MONTH: DECEMBER
YEAR: 2022
LATITUDE: 28 46 N
LONGITUDE: 81 15 W
TEMPERATURE IN F: :PCPN: SNOW: WIND :SUNSHINE: SKY :PK WND
================================================================================
1 2 3 4 5 6A 6B 7 8 9 10 11 12 13 14 15 16 17 18
12Z AVG MX 2MIN
DY MAX MIN AVG DEP HDD CDD WTR SNW DPTH SPD SPD DIR MIN PSBL S-S WX SPD DR
================================================================================
1 76 59 68 3 0 3 0.00 0.0 0 11.5 21 50 M M 3 28 40
2 80 62 71 6 0 6 0.00 0.0 0 8.6 20 100 M M 5 24 90
3 82 58 70 5 0 5 0.00 0.0 0 3.1 12 110 M M 1 18 20
4 80 59 70 5 0 5 0.00 0.0 0 3.9 10 40 M M 2 1 16 340
5 76 62 69 4 0 4 T 0.0 0 2.9 9 50 M M 5 13 60
6 80 60 70 5 0 5 0.00 0.0 0 2.7 10 80 M M 4 1 12 80
7 82 61 72 8 0 7 0.00 0.0 0 3.8 10 30 M M 2 13 350
8 82 61 72 8 0 7 0.00 0.0 0 3.9 9 330 M M 2 14 10
9 80 60 70 6 0 5 0.00 0.0 0 4.5 12 340 M M 0 1 14 350
10 80 60 70 6 0 5 0.00 0.0 0 7.1 16 20 M M 5 1 20 350
11 68 61 65 1 0 0 0.00 0.0 0 6.9 13 350 M M 10 18 360
12 73 59 66 2 0 1 0.00 0.0 0 6.1 13 10 M M 5 17 10
13 74 59 67 3 0 2 0.00 0.0 0 8.2 17 100 M M 5 22 90
14 78 65 72 9 0 7 T 0.0 0 8.4 14 120 M M 6 17 160
15 72 60 66 3 0 1 0.39 0.0 0 9.5 21 200 M M 4 13 29 210
16 66 51 59 -4 6 0 T 0.0 0 6.0 17 350 M M 4 23 350
17 70 47 59 -4 6 0 0.00 0.0 0 4.2 10 30 M M 5 13 70
18 65 52 59 -4 6 0 T 0.0 0 7.8 16 340 M M 2 22 360
19 72 46 59 -3 6 0 0.00 0.0 0 6.7 16 80 M M 0 20 360
20 66 56 61 -1 4 0 0.10 0.0 0 4.8 10 350 M M 4 1 17 330
21 64 57 61 -1 4 0 0.29 0.0 0 8.1 16 350 M M 10 1 21 350
22 66 55 61 -1 4 0 T 0.0 0 3.7 9 260 M M 6 12 16 310
23 70 39 55 -7 10 0 0.00 0.0 0 12.1 21 310 M M 2 1 27 320
24 46 30 38 -24 27 0 0.00 0.0 0 8.9 17 320 M M 0 23 310
25 48 28 38 -24 27 0 0.00 0.0 0 6.6 14 320 M M 0 18 320
26 55 36 46 -16 19 0 0.00 0.0 0 6.0 14 340 M M 0 18 360
27 62 42 52 -9 13 0 0.00 0.0 0 7.4 15 350 M M 0 20 350
28 74 42 58 -3 7 0 0.00 0.0 0 5.8 14 70 M M 0 15 70
29 78 51 65 4 0 0 0.00 0.0 0 4.9 16 100 M M 1 1 21 90
30 79 52 66 5 0 1 0.00 0.0 0 4.7 14 120 M M 0 1 18 100
31 75 63 69 8 0 4 T 0.0 0 5.4 16 180 M M 7 12 M M
================================================================================
SM 2219 1653 139 68 0.78 0.0 194.2 M 100
================================================================================
AV 71.6 53.3 6.3 FASTST M M 3 MAX(MPH)
MISC ----> # 21 50 29 210
================================================================================
NOTES:
# LAST OF SEVERAL OCCURRENCES
COLUMN 17 PEAK WIND IN M.P.H.
PRELIMINARY LOCAL CLIMATOLOGICAL DATA (WS FORM: F-6) , PAGE 2
STATION: SANFORD
MONTH: DECEMBER
YEAR: 2022
LATITUDE: 28 46 N
LONGITUDE: 81 15 W
[TEMPERATURE DATA] [PRECIPITATION DATA] SYMBOLS USED IN COLUMN 16
AVERAGE MONTHLY: 62.5 TOTAL FOR MONTH: 0.78 1 = FOG OR MIST
DPTR FM NORMAL: -0.6 DPTR FM NORMAL: -1.46 2 = FOG REDUCING VISIBILITY
HIGHEST: 82 ON 8, 7 GRTST 24HR 0.39 ON 15-15 TO 1/4 MILE OR LESS
LOWEST: 28 ON 25 3 = THUNDER
SNOW, ICE PELLETS, HAIL 4 = ICE PELLETS
TOTAL MONTH: 0.0 INCH 5 = HAIL
GRTST 24HR 0.0 6 = FREEZING RAIN OR DRIZZLE
GRTST DEPTH: 0 7 = DUSTSTORM OR SANDSTORM:
VSBY 1/2 MILE OR LESS
8 = SMOKE OR HAZE
[NO. OF DAYS WITH] [WEATHER - DAYS WITH] 9 = BLOWING SNOW
X = TORNADO
MAX 32 OR BELOW: 0 0.01 INCH OR MORE: 3
MAX 90 OR ABOVE: 0 0.10 INCH OR MORE: 3
MIN 32 OR BELOW: 2 0.50 INCH OR MORE: 0
MIN 0 OR BELOW: 0 1.00 INCH OR MORE: 0
[HDD (BASE 65) ]
TOTAL THIS MO. 139 CLEAR (SCALE 0-3) 15
DPTR FM NORMAL 3 PTCLDY (SCALE 4-7) 14
TOTAL FM JUL 1 166 CLOUDY (SCALE 8-10) 2
DPTR FM NORMAL -21
[CDD (BASE 65) ]
TOTAL THIS MO. 68
DPTR FM NORMAL -8 [PRESSURE DATA]
TOTAL FM JAN 1 3821 HIGHEST SLP 30.36 ON 25
DPTR FM NORMAL 265 LOWEST SLP 29.85 ON 15
[REMARKS]
#FINAL-12-22#