000
CXUS52 KMLB 010646
CF6SFB
PRELIMINARY LOCAL CLIMATOLOGICAL DATA (WS FORM: F-6)
STATION: SANFORD
MONTH: AUGUST
YEAR: 2022
LATITUDE: 28 46 N
LONGITUDE: 81 15 W
TEMPERATURE IN F: :PCPN: SNOW: WIND :SUNSHINE: SKY :PK WND
================================================================================
1 2 3 4 5 6A 6B 7 8 9 10 11 12 13 14 15 16 17 18
12Z AVG MX 2MIN
DY MAX MIN AVG DEP HDD CDD WTR SNW DPTH SPD SPD DIR MIN PSBL S-S WX SPD DR
================================================================================
1 96 76 86 2 0 21 0.00 0.0 0 6.1 17 190 M M 1 27 210
2 96 74 85 1 0 20 0.15 0.0 0 5.8 20 270 M M 3 3 26 270
3 95 73 84 0 0 19 0.09 0.0 0 5.0 23 140 M M 1 3 27 140
4 93 74 84 0 0 19 0.00 0.0 0 7.2 20 80 M M 1 24 100
5 93 76 85 1 0 20 0.00 0.0 0 7.1 18 90 M M 1 3 24 70
6 92 76 84 0 0 19 0.30 0.0 0 5.9 17 120 M M 2 3 21 100
7 93 75 84 0 0 19 0.00 0.0 0 7.3 20 130 M M 1 24 110
8 92 76 84 0 0 19 T 0.0 0 6.6 21 150 M M 1 3 24 150
9 92 76 84 0 0 19 0.57 0.0 0 5.2 30 110 M M 1 138 35 100
10 94 77 86 2 0 21 0.00 0.0 0 6.9 17 120 M M 2 3 25 60
11 90 76 83 -1 0 18 T 0.0 0 5.8 26 270 M M 1 3 34 270
12 93 75 84 0 0 19 0.10 0.0 0 4.1 22 290 M M 2 3 28 290
13 92 73 83 -1 0 18 1.36 0.0 0 5.8 17 300 M M 6 13 21 290
14 90 73 82 -2 0 17 0.02 0.0 0 4.3 16 50 M M 4 19 30
15 93 74 84 0 0 19 0.00 0.0 0 4.0 14 70 M M 5 22 210
16 94 76 85 1 0 20 0.00 0.0 0 6.0 14 240 M M 1 19 250
17 91 77 84 0 0 19 T 0.0 0 6.8 22 270 M M 1 3 30 240
18 91 74 83 -1 0 18 0.84 0.0 0 4.6 26 260 M M 2 123 33 270
19 93 71 82 -2 0 17 1.20 0.0 0 4.3 26 230 M M 2 13 31 230
20 96 73 85 1 0 20 0.01 0.0 0 4.1 17 30 M M 1 3 21 50
21 94 77 86 3 0 21 0.00 0.0 0 4.7 18 150 M M 1 3 22 130
22 95 74 85 2 0 20 0.44 0.0 0 3.7 30 260 M M 2 13 40 280
23 92 75 84 1 0 19 0.04 0.0 0 3.9 23 20 M M 2 3 32 10
24 92 76 84 1 0 19 T 0.0 0 5.5 20 280 M M 2 3 24 290
25 93 74 84 1 0 19 0.39 0.0 0 5.8 29 110 M M 3 13 33 110
26 90 74 82 -1 0 17 0.30 0.0 0 6.2 24 150 M M 3 13 30 140
27 92 74 83 0 0 18 0.91 0.0 0 3.3 17 120 M M 4 13 22 120
28 89 74 82 -1 0 17 T 0.0 0 5.1 22 60 M M 4 3 27 50
29 91 75 83 0 0 18 0.09 0.0 0 4.2 18 80 M M 3 3 23 70
30 93 76 85 2 0 20 0.00 0.0 0 6.8 22 270 M M 2 38 25 260
31 94 74 84 1 0 19 1.45 0.0 0 5.7 37 330 M M 2 123 50 330
================================================================================
SM 2874 2318 0 588 8.26 0.0 167.8 M 67
================================================================================
AV 92.7 74.8 5.4 FASTST M M 2 MAX(MPH)
MISC ----> 37 330 50 330
================================================================================
NOTES:
# LAST OF SEVERAL OCCURRENCES
COLUMN 17 PEAK WIND IN M.P.H.
PRELIMINARY LOCAL CLIMATOLOGICAL DATA (WS FORM: F-6) , PAGE 2
STATION: SANFORD
MONTH: AUGUST
YEAR: 2022
LATITUDE: 28 46 N
LONGITUDE: 81 15 W
[TEMPERATURE DATA] [PRECIPITATION DATA] SYMBOLS USED IN COLUMN 16
AVERAGE MONTHLY: 83.7 TOTAL FOR MONTH: 8.26 1 = FOG OR MIST
DPTR FM NORMAL: 0.1 DPTR FM NORMAL: 1.49 2 = FOG REDUCING VISIBILITY
HIGHEST: 96 ON 20, 2 GRTST 24HR 1.45 ON 31-31 TO 1/4 MILE OR LESS
LOWEST: 71 ON 19 3 = THUNDER
SNOW, ICE PELLETS, HAIL 4 = ICE PELLETS
TOTAL MONTH: 0.0 INCH 5 = HAIL
GRTST 24HR 0.0 6 = FREEZING RAIN OR DRIZZLE
GRTST DEPTH: 0 7 = DUSTSTORM OR SANDSTORM:
VSBY 1/2 MILE OR LESS
8 = SMOKE OR HAZE
[NO. OF DAYS WITH] [WEATHER - DAYS WITH] 9 = BLOWING SNOW
X = TORNADO
MAX 32 OR BELOW: 0 0.01 INCH OR MORE: 17
MAX 90 OR ABOVE: 30 0.10 INCH OR MORE: 12
MIN 32 OR BELOW: 0 0.50 INCH OR MORE: 6
MIN 0 OR BELOW: 0 1.00 INCH OR MORE: 3
[HDD (BASE 65) ]
TOTAL THIS MO. 0 CLEAR (SCALE 0-3) 25
DPTR FM NORMAL 0 PTCLDY (SCALE 4-7) 6
TOTAL FM JUL 1 0 CLOUDY (SCALE 8-10) 0
DPTR FM NORMAL 0
[CDD (BASE 65) ]
TOTAL THIS MO. 588
DPTR FM NORMAL 13 [PRESSURE DATA]
TOTAL FM JAN 1 2729 HIGHEST SLP M ON M
DPTR FM NORMAL 215 LOWEST SLP 29.86 ON 16
[REMARKS]
#FINAL-08-22#