000
CXUS52 KMLB 012054 RRA
CF6SFB
PRELIMINARY LOCAL CLIMATOLOGICAL DATA (WS FORM: F-6)
STATION: SANFORD
MONTH: JANUARY
YEAR: 2024
LATITUDE: 28 46 N
LONGITUDE: 81 15 W
TEMPERATURE IN F: :PCPN: SNOW: WIND :SUNSHINE: SKY :PK WND
================================================================================
1 2 3 4 5 6A 6B 7 8 9 10 11 12 13 14 15 16 17 18
12Z AVG MX 2MIN
DY MAX MIN AVG DEP HDD CDD WTR SNW DPTH SPD SPD DIR MIN PSBL S-S WX SPD DR
================================================================================
1 71 43 57 -4 8 0 0.00 0.0 0 4.7 17 270 M M 1 128 24 280
2 63 48 56 -5 9 0 0.00 0.0 0 7.7 15 10 M M 0 22 10
3 69 47 58 -3 7 0 T 0.0 0 5.1 13 190 M M 3 16 190
4 64 52 58 -2 7 0 0.01 0.0 0 8.7 17 350 M M 5 1 23 360
5 74 49 62 2 3 0 0.00 0.0 0 9.3 21 110 M M 3 26 100
6 80 61 71 11 0 6 0.22 0.0 0 12.3 21 220 M M 4 1 32 240
7 70 51 61 1 4 0 0.01 0.0 0 8.6 17 320 M M 2 23 320
8 68 50 59 -1 6 0 0.00 0.0 0 10.2 21 140 M M 1 29 140
9 78 57 68 8 0 3 0.62 0.0 0 15.6 31 300 M M 8 13 46 200
10 63 46 55 -5 10 0 0.00 0.0 0 9.0 16 330 M M 1 23 280
11 65 44 55 -5 10 0 0.02 0.0 0 3.7 14 70 M M 3 17 70
12 79 57 68 8 0 3 0.32 0.0 0 7.7 20 220 M M 8 13 29 230
13 76 52 64 4 1 0 T 0.0 0 10.5 24 300 M M 4 30 300
14 59 50 55 -5 10 0 T 0.0 0 6.5 15 360 M M 1 20 350
15 77 52 65 5 0 0 0.15 0.0 0 4.0 10 140 M M 8 1 14 140
16 77 61 69 9 0 4 0.19 0.0 0 9.6 24 260 M M 10 123 34 240
17 61 42 52 -8 13 0 0.00 0.0 0 9.5 16 320 M M 2 22 310
18 73 47 60 0 5 0 0.02 0.0 0 6.2 21 290 M M 7 1 24 290
19 77 53 65 5 0 0 T 0.0 0 6.3 22 340 M M 5 31 340
20 58 43 51 -9 14 0 0.00 0.0 0 10.3 17 10 M M 0 29 350
21 59 38 49 -11 16 0 0.00 0.0 0 12.4 22 60 M M 0 29 30
22 70 44 57 -3 8 0 0.00 0.0 0 7.5 20 120 M M 5 27 110
23 76 61 69 9 0 4 0.00 0.0 0 8.8 20 130 M M 6 24 120
24 79 62 71 10 0 6 T 0.0 0 9.0 17 140 M M 5 1 22 130
25 83 62 73 12 0 8 0.00 0.0 0 6.3 16 150 M M 5 12 22 160
26 81 63 72 11 0 7 0.00 0.0 0 4.5 14 190 M M 2 1 18 200
27 85 62 74 13 0 9 0.00 0.0 0 7.2 18 220 M M 5 12 26 200
28 73 51 62 1 3 0 T 0.0 0 12.8 22 290 M M 3 32 260
29 63 45 54 -7 11 0 0.00 0.0 0 8.3 18 350 M M 0 28 360
30 69 44 57 -4 8 0 0.00 0.0 0 5.7 13 310 M M 0 19 280
31 72 47 60 -1 5 0 0.00 0.0 0 9.4 24 300 M M 0 33 300
================================================================================
SM 2212 1584 158 50 1.56 0.0 257.4 M 107
================================================================================
AV 71.4 51.1 8.3 FASTST M M 3 MAX(MPH)
MISC ----> 31 300 46 200
================================================================================
NOTES:
# LAST OF SEVERAL OCCURRENCES
COLUMN 17 PEAK WIND IN M.P.H.
PRELIMINARY LOCAL CLIMATOLOGICAL DATA (WS FORM: F-6) , PAGE 2
STATION: SANFORD
MONTH: JANUARY
YEAR: 2024
LATITUDE: 28 46 N
LONGITUDE: 81 15 W
[TEMPERATURE DATA] [PRECIPITATION DATA] SYMBOLS USED IN COLUMN 16
AVERAGE MONTHLY: 61.2 TOTAL FOR MONTH: 1.56 1 = FOG OR MIST
DPTR FM NORMAL: 0.8 DPTR FM NORMAL: -0.80 2 = FOG REDUCING VISIBILITY
HIGHEST: 85 ON 27 GRTST 24HR 0.62 ON 9-9 TO 1/4 MILE OR LESS
LOWEST: 38 ON 21 3 = THUNDER
SNOW, ICE PELLETS, HAIL 4 = ICE PELLETS
TOTAL MONTH: 0.0 INCH 5 = HAIL
GRTST 24HR 0.0 6 = FREEZING RAIN OR DRIZZLE
GRTST DEPTH: 0 7 = DUSTSTORM OR SANDSTORM:
VSBY 1/2 MILE OR LESS
8 = SMOKE OR HAZE
[NO. OF DAYS WITH] [WEATHER - DAYS WITH] 9 = BLOWING SNOW
X = TORNADO
MAX 32 OR BELOW: 0 0.01 INCH OR MORE: 9
MAX 90 OR ABOVE: 0 0.10 INCH OR MORE: 5
MIN 32 OR BELOW: 0 0.50 INCH OR MORE: 1
MIN 0 OR BELOW: 0 1.00 INCH OR MORE: 0
[HDD (BASE 65) ]
TOTAL THIS MO. 158 CLEAR (SCALE 0-3) 15
DPTR FM NORMAL -30 PTCLDY (SCALE 4-7) 14
TOTAL FM JUL 1 292 CLOUDY (SCALE 8-10) 2
DPTR FM NORMAL -76
[CDD (BASE 65) ]
TOTAL THIS MO. 50
DPTR FM NORMAL 3 [PRESSURE DATA]
TOTAL FM JAN 1 50 HIGHEST SLP 30.49 ON 21
DPTR FM NORMAL 3 LOWEST SLP 29.64 ON 9
[REMARKS]
#FINAL-01-24#