000
CXUS52 KMLB 010634
CF6SFB
PRELIMINARY LOCAL CLIMATOLOGICAL DATA (WS FORM: F-6)
STATION: SANFORD
MONTH: MAY
YEAR: 2021
LATITUDE: 28 46 N
LONGITUDE: 81 15 W
TEMPERATURE IN F: :PCPN: SNOW: WIND :SUNSHINE: SKY :PK WND
================================================================================
1 2 3 4 5 6A 6B 7 8 9 10 11 12 13 14 15 16 17 18
12Z AVG MX 2MIN
DY MAX MIN AVG DEP HDD CDD WTR SNW DPTH SPD SPD DIR MIN PSBL S-S WX SPD DR
================================================================================
1 87 70 79 4 0 14 0.00 0.0 0 6.9 15 70 M M 2 19 80
2 92 69 81 6 0 16 0.00 0.0 0 6.9 16 160 M M 2 21 160
3 95 71 83 7 0 18 0.46 0.0 0 7.1 37 280 M M 2 3 44 270
4 93 71 82 6 0 17 0.72 0.0 0 7.7 24 280 M M 2 13 29 280
5 94 72 83 7 0 18 0.02 0.0 0 7.1 23 260 M M 2 3 31 260
6 89 73 81 5 0 16 0.18 0.0 0 7.3 26 350 M M 5 3 32 350
7 84 65 75 -1 0 10 0.00 0.0 0 9.0 18 290 M M 1 23 300
8 83 63 73 -3 0 8 0.00 0.0 0 6.3 15 80 M M 0 18 70
9 88 64 76 -1 0 11 0.00 0.0 0 8.3 18 120 M M 1 23 150
10 92 73 83 6 0 18 0.00 0.0 0 7.4 20 300 M M 3 3 24 290
11 91 71 81 4 0 16 T 0.0 0 4.4 20 270 M M 2 3 23 270
12 91 71 81 4 0 16 T 0.0 0 6.1 29 160 M M 2 3 33 170
13 76 67 72 -5 0 7 T 0.0 0 10.9 17 340 M M 7 21 350
14 82 64 73 -4 0 8 0.00 0.0 0 11.5 23 40 M M 4 28 360
15 83 64 74 -4 0 9 0.00 0.0 0 9.9 22 40 M M 1 29 50
16 83 62 73 -5 0 8 0.00 0.0 0 9.0 18 70 M M 2 8 24 40
17 83 64 74 -4 0 9 0.00 0.0 0 8.8 22 100 M M 5 27 40
18 86 65 76 -2 0 11 T 0.0 0 11.2 24 70 M M 2 30 80
19 86 65 76 -2 0 11 T 0.0 0 13.4 24 80 M M 4 31 110
20 85 65 75 -3 0 10 T 0.0 0 13.4 26 100 M M 6 33 100
21 85 66 76 -3 0 11 0.00 0.0 0 11.1 24 70 M M 3 29 80
22 86 64 75 -4 0 10 0.00 0.0 0 9.0 21 70 M M 3 27 70
23 86 62 74 -5 0 9 0.00 0.0 0 5.9 16 70 M M 0 20 100
24 90 62 76 -3 0 11 0.00 0.0 0 5.6 18 100 M M 0 22 70
25 92 66 79 0 0 14 0.00 0.0 0 8.1 16 90 M M 0 22 120
26 92 67 80 0 0 15 0.00 0.0 0 7.6 16 120 M M 0 20 100
27 92 71 82 2 0 17 0.00 0.0 0 7.0 17 90 M M 2 21 100
28 93 70 82 2 0 17 0.00 0.0 0 5.8 18 150 M M 3 22 140
29 94 73 84 4 0 19 T 0.0 0 8.1 25 290 M M 4 3 29 300
30 93 71 82 2 0 17 T 0.0 0 7.1 17 80 M M 3 3 23 70
31 88 70 79 -1 0 14 0.00 0.0 0 10.7 22 110 M M 2 28 120
================================================================================
SM 2734 2091 0 405 1.38 0.0 258.6 M 75
================================================================================
AV 88.2 67.5 8.3 FASTST M M 2 MAX(MPH)
MISC ----> 37 280 44 270
================================================================================
NOTES:
# LAST OF SEVERAL OCCURRENCES
COLUMN 17 PEAK WIND IN M.P.H.
PRELIMINARY LOCAL CLIMATOLOGICAL DATA (WS FORM: F-6) , PAGE 2
STATION: SANFORD
MONTH: MAY
YEAR: 2021
LATITUDE: 28 46 N
LONGITUDE: 81 15 W
[TEMPERATURE DATA] [PRECIPITATION DATA] SYMBOLS USED IN COLUMN 16
AVERAGE MONTHLY: 77.8 TOTAL FOR MONTH: 1.38 1 = FOG OR MIST
DPTR FM NORMAL: 0.1 DPTR FM NORMAL: -1.93 2 = FOG REDUCING VISIBILITY
HIGHEST: 95 ON 3 GRTST 24HR 0.74 ON 4- 5 TO 1/4 MILE OR LESS
LOWEST: 62 ON 24,23 3 = THUNDER
SNOW, ICE PELLETS, HAIL 4 = ICE PELLETS
TOTAL MONTH: 0.0 INCH 5 = HAIL
GRTST 24HR 0.0 6 = FREEZING RAIN OR DRIZZLE
GRTST DEPTH: 0 7 = DUSTSTORM OR SANDSTORM:
VSBY 1/2 MILE OR LESS
8 = SMOKE OR HAZE
[NO. OF DAYS WITH] [WEATHER - DAYS WITH] 9 = BLOWING SNOW
X = TORNADO
MAX 32 OR BELOW: 0 0.01 INCH OR MORE: 4
MAX 90 OR ABOVE: 14 0.10 INCH OR MORE: 3
MIN 32 OR BELOW: 0 0.50 INCH OR MORE: 1
MIN 0 OR BELOW: 0 1.00 INCH OR MORE: 0
[HDD (BASE 65) ]
TOTAL THIS MO. 0 CLEAR (SCALE 0-3) 21
DPTR FM NORMAL 0 PTCLDY (SCALE 4-7) 10
TOTAL FM JUL 1 480 CLOUDY (SCALE 8-10) 0
DPTR FM NORMAL -77
[CDD (BASE 65) ]
TOTAL THIS MO. 405
DPTR FM NORMAL 9 [PRESSURE DATA]
TOTAL FM JAN 1 975 HIGHEST SLP M ON M
DPTR FM NORMAL 117 LOWEST SLP 29.83 ON 29
[REMARKS]
#FINAL-05-21#