000
CXUS56 KOTX 011010
CF6SFF
PRELIMINARY LOCAL CLIMATOLOGICAL DATA (WS FORM: F-6)
STATION: SPOKANE WA FELTS AIRPORT
MONTH: NOVEMBER
YEAR: 2022
LATITUDE: 47 40 N
LONGITUDE: 117 20 W
TEMPERATURE IN F: :PCPN: SNOW: WIND :SUNSHINE: SKY :PK WND
================================================================================
1 2 3 4 5 6A 6B 7 8 9 10 11 12 13 14 15 16 17 18
12Z AVG MX 2MIN
DY MAX MIN AVG DEP HDD CDD WTR SNW DPTH SPD SPD DIR MIN PSBL S-S WX SPD DR
================================================================================
1 46 39 43 0 22 0 0.62 M M 2.4 9 250 M M 10 1 12 280
2 44 32 38 -4 27 0 0.01 M M 6.9 16 210 M M 8 21 260
3 40 32 36 -6 29 0 0.07 M M 6.4 16 220 M M 10 1 21 220
4 54 33 44 2 21 0 0.73 M M 9.9 43 230 M M 10 1 56 220
5 53 28 41 0 24 0 0.00 M M 13.4 45 220 M M 2 62 220
6 47 29 38 -3 27 0 0.00 M M 12.0 23 80 M M 4 30 90
7 44 21 33 -7 32 0 0.25 M M 7.8 25 80 M M 9 128 31 90
8 37 17 27 -13 38 0 0.00 M M 0.8 7 90 M M 1 18 9 40
9 37 17 27 -13 38 0 0.00 M M 1.7 8 260 M M 0 18 11 260
10 38 19 29 -11 36 0 0.00 M M 1.6 7 100 M M 4 18 9 100
11 37 19 28 -11 37 0 0.00 M M 0.4 5 260 M M 1 18 7 20
12 38 23 31 -8 34 0 0.00 M M 1.1 8 240 M M 3 18 10 230
13 33 27 30 -9 35 0 0.00 M M 1.0 8 250 M M 9 18 10 250
14 37 23 30 -8 35 0 0.00 M M 0.4 6 210 M M 6 18 6 230
15 35 20 28 -10 37 0 T T 0 0.6 6 240 M M 4 128 7 220
16 31 19 25 -13 40 0 0.00 M M 1.1 6 250 M M 8 128 7 250
17 37 20 29 -8 36 0 0.00 M M 5.2 21 60 M M 2 18 25 80
18 34 15 25 -12 40 0 0.00 M M 0.7 6 90 M M 0 7 90
19 33 13 23 -14 42 0 0.00 M M 0.6 6 120 M M 0 7 30
20 32 15 24 -12 41 0 0.00 M M 0.1 8 100 M M 0 8 10 90
21 40 20 30 -6 35 0 0.00 M M 0.8 7 60 M M 5 8 7 60
22 38 30 34 -2 31 0 0.31 M M 3.3 16 230 M M 10 18 21 240
23 34 25 30 -6 35 0 0.00 M M 2.8 10 220 M M 10 1 13 240
24 36 27 32 -3 33 0 0.00 M M 1.9 12 80 M M 8 18 13 70
25 37 30 34 -1 31 0 0.07 M M 2.9 9 330 M M 9 1 15 330
26 38 29 34 -1 31 0 0.00 M M 4.5 13 190 M M 10 18 22 190
27 40 23 32 -2 33 0 T M M 10.2 30 230 M M 5 8 42 230
28 30 18 24 -10 41 0 0.10 M M 1.4 9 290 M M 8 128 13 300
29 26 9 18 -16 47 0 0.00 M M 3.8 16 90 M M 7 8 20 90
30 38 26 32 -2 33 0 0.52 M M 7.3 16 190 M M 10 1 21 200
================================================================================
SM 1144 698 1021 0 2.68 T 113.0 M 173
================================================================================
AV 38.1 23.3 3.8 FASTST M M 6 MAX(MPH)
MISC ----> 45 220 62 220
================================================================================
NOTES:
# LAST OF SEVERAL OCCURRENCES
COLUMN 17 PEAK WIND IN M.P.H.
PRELIMINARY LOCAL CLIMATOLOGICAL DATA (WS FORM: F-6) , PAGE 2
STATION: SPOKANE WA FELTS AIRPORT
MONTH: NOVEMBER
YEAR: 2022
LATITUDE: 47 40 N
LONGITUDE: 117 20 W
[TEMPERATURE DATA] [PRECIPITATION DATA] SYMBOLS USED IN COLUMN 16
AVERAGE MONTHLY: 30.7 TOTAL FOR MONTH: 2.68 1 = FOG OR MIST
DPTR FM NORMAL: -7.2 DPTR FM NORMAL: 0.67 2 = FOG REDUCING VISIBILITY
HIGHEST: 54 ON 4 GRTST 24HR 0.80 ON 3- 4 TO 1/4 MILE OR LESS
LOWEST: 9 ON 29 3 = THUNDER
SNOW, ICE PELLETS, HAIL 4 = ICE PELLETS
TOTAL MONTH: T 5 = HAIL
GRTST 24HR T ON 15-15 6 = FREEZING RAIN OR DRIZZLE
GRTST DEPTH: 0 7 = DUSTSTORM OR SANDSTORM:
VSBY 1/2 MILE OR LESS
8 = SMOKE OR HAZE
[NO. OF DAYS WITH] [WEATHER - DAYS WITH] 9 = BLOWING SNOW
X = TORNADO
MAX 32 OR BELOW: 4 0.01 INCH OR MORE: 9
MAX 90 OR ABOVE: 0 0.10 INCH OR MORE: 6
MIN 32 OR BELOW: 28 0.50 INCH OR MORE: 3
MIN 0 OR BELOW: 0 1.00 INCH OR MORE: 0
[HDD (BASE 65) ]
TOTAL THIS MO. 1021 CLEAR (SCALE 0-3) 8
DPTR FM NORMAL 208 PTCLDY (SCALE 4-7) 9
TOTAL FM JUL 1 1372 CLOUDY (SCALE 8-10) 13
DPTR FM NORMAL -111
[CDD (BASE 65) ]
TOTAL THIS MO. 0
DPTR FM NORMAL 0 [PRESSURE DATA]
TOTAL FM JAN 1 744 HIGHEST SLP M ON M
DPTR FM NORMAL 237 LOWEST SLP 29.24 ON 5
[REMARKS]
#FINAL-11-22#