000
CXUS53 KSGF 010710
CF6SGF
PRELIMINARY LOCAL CLIMATOLOGICAL DATA (WS FORM: F-6)
STATION: SPRINGFIELD MO
MONTH: MARCH
YEAR: 2023
LATITUDE: 37 13 N
LONGITUDE: 93 23 W
TEMPERATURE IN F: :PCPN: SNOW: WIND :SUNSHINE: SKY :PK WND
================================================================================
1 2 3 4 5 6A 6B 7 8 9 10 11 12 13 14 15 16 17 18
12Z AVG MX 2MIN
DY MAX MIN AVG DEP HDD CDD WTR SNW DPTH SPD SPD DIR MIN PSBL S-S WX SPD DR
================================================================================
1 61 43 52 9 13 0 0.00 0.0 0 9.0 20 360 M M 0 29 340
2 56 40 48 5 17 0 1.44 0.0 0 10.7 28 110 M M 5 13 37 110
3 50 34 42 -1 23 0 0.71 0.0 0 10.5 23 340 M M 9 1 30 340
4 61 30 46 2 19 0 0.00 0.0 0 5.2 15 180 M M 2 12 21 170
5 72 42 57 13 8 0 0.00 0.0 0 15.9 29 190 M M 1 39 180
6 71 47 59 15 6 0 0.00 0.0 0 13.6 23 240 M M 0 31 230
7 59 38 49 4 16 0 0.48 0.0 0 11.4 22 120 M M 5 13 27 120
8 50 43 47 2 18 0 0.21 0.0 0 11.6 31 150 M M 10 1 41 140
9 47 41 44 -1 21 0 0.10 0.0 0 10.2 21 320 M M 10 1 27 330
10 48 37 43 -3 22 0 0.00 0.0 0 8.6 16 100 M M 6 22 110
11 42 39 41 -5 24 0 0.01 0.0 0 16.9 31 150 M M 8 1 43 150
12 44 30 37 -9 28 0 0.00 0.0 0 11.9 21 350 M M 7 27 340
13 39 24 32 -15 33 0 0.00 0.0 0 10.0 17 350 M M 4 24 300
14 49 18 34 -13 31 0 0.00 0.0 0 4.1 14 160 M M 0 19 160
15 61 32 47 0 18 0 0.00 0.0 0 17.7 30 150 M M 1 8 39 160
16 62 34 48 0 17 0 0.33 0.0 0 19.4 30 280 M M 8 1 41 290
17 45 25 35 -13 30 0 T T 0 13.8 26 320 M M 2 36 320
18 35 20 28 -20 37 0 0.00 0.0 0 14.3 25 330 M M 4 34 340
19 41 17 29 -19 36 0 0.00 0.0 0 6.7 14 280 M M 0 19 270
20 59 24 42 -7 23 0 0.00 0.0 0 13.3 22 200 M M 2 8 29 200
21 47 40 44 -5 21 0 0.16 0.0 0 15.9 24 140 M M 10 1 31 160
22 75 44 60 10 5 0 0.00 0.0 0 17.9 31 210 M M 6 1 39 210
23 72 44 58 8 7 0 1.56 0.0 0 14.5 23 140 M M 7 13 32 210
24 48 42 45 -5 20 0 1.05 0.0 0 9.7 21 70 M M 10 13 28 70
25 59 40 50 0 15 0 T 0.0 0 7.3 18 290 M M 6 1 28 280
26 62 38 50 -1 15 0 0.03 0.0 0 8.3 21 340 M M 4 1 26 330
27 55 31 43 -8 22 0 0.00 0.0 0 7.0 15 330 M M 3 1 21 10
28 50 32 41 -10 24 0 0.00 0.0 0 7.0 20 340 M M 6 26 340
29 63 30 47 -5 18 0 0.00 0.0 0 7.9 16 220 M M 1 22 190
30 68 47 58 6 7 0 0.69 0.0 0 17.1 33 160 M M 8 13 42 160
31 80 54 67 15 0 2 0.01 0.0 0 18.5 36 250 M M 8 53 230
================================================================================
SM 1731 1100 594 2 6.78 T 365.9 M 153
================================================================================
AV 55.8 35.5 11.8 FASTST M M 5 MAX(MPH)
MISC ----> 36 250 53 230
================================================================================
NOTES:
# LAST OF SEVERAL OCCURRENCES
COLUMN 17 PEAK WIND IN M.P.H.
PRELIMINARY LOCAL CLIMATOLOGICAL DATA (WS FORM: F-6) , PAGE 2
STATION: SPRINGFIELD MO
MONTH: MARCH
YEAR: 2023
LATITUDE: 37 13 N
LONGITUDE: 93 23 W
[TEMPERATURE DATA] [PRECIPITATION DATA] SYMBOLS USED IN COLUMN 16
AVERAGE MONTHLY: 45.7 TOTAL FOR MONTH: 6.78 1 = FOG OR MIST
DPTR FM NORMAL: -1.9 DPTR FM NORMAL: 3.27 2 = FOG REDUCING VISIBILITY
HIGHEST: 80 ON 31 GRTST 24HR 2.56 ON 23-24 TO 1/4 MILE OR LESS
LOWEST: 17 ON 19 3 = THUNDER
SNOW, ICE PELLETS, HAIL 4 = ICE PELLETS
TOTAL MONTH: T 5 = HAIL
GRTST 24HR T ON 17-17 6 = FREEZING RAIN OR DRIZZLE
GRTST DEPTH: 0 7 = DUSTSTORM OR SANDSTORM:
VSBY 1/2 MILE OR LESS
8 = SMOKE OR HAZE
[NO. OF DAYS WITH] [WEATHER - DAYS WITH] 9 = BLOWING SNOW
X = TORNADO
MAX 32 OR BELOW: 0 0.01 INCH OR MORE: 13
MAX 90 OR ABOVE: 0 0.10 INCH OR MORE: 10
MIN 32 OR BELOW: 12 0.50 INCH OR MORE: 5
MIN 0 OR BELOW: 0 1.00 INCH OR MORE: 3
[HDD (BASE 65) ]
TOTAL THIS MO. 594 CLEAR (SCALE 0-3) 11
DPTR FM NORMAL 48 PTCLDY (SCALE 4-7) 14
TOTAL FM JUL 1 3714 CLOUDY (SCALE 8-10) 6
DPTR FM NORMAL -203
[CDD (BASE 65) ]
TOTAL THIS MO. 2
DPTR FM NORMAL -3 [PRESSURE DATA]
TOTAL FM JAN 1 2 HIGHEST SLP M ON M
DPTR FM NORMAL -4 LOWEST SLP 29.35 ON 3
[REMARKS]
#FINAL-03-23#