000
CXUS54 KHGX 011410
CF6SGR
PRELIMINARY LOCAL CLIMATOLOGICAL DATA (WS FORM: F-6)
STATION: SUGAR LAND/HULL FLD
MONTH: JUNE
YEAR: 2023
LATITUDE: 29 37 N
LONGITUDE: 95 39 W
TEMPERATURE IN F: :PCPN: SNOW: WIND :SUNSHINE: SKY :PK WND
================================================================================
1 2 3 4 5 6A 6B 7 8 9 10 11 12 13 14 15 16 17 18
12Z AVG MX 2MIN
DY MAX MIN AVG DEP HDD CDD WTR SNW DPTH SPD SPD DIR MIN PSBL S-S WX SPD DR
================================================================================
1 90 68 79 -3 0 14 0.00 0.0 0 6.7 17 160 M M 1 21 170
2 91 68 80 -2 0 15 0.00 0.0 0 4.9 16 180 M M 1 1 24 170
3 93 71 82 0 0 17 0.00 0.0 0 5.4 18 290 M M 2 3 25 290
4 86 67 77 -5 0 12 1.18 0.0 0 5.9 30 320 M M 3 13 53 330
5 86 68 77 -5 0 12 0.38 0.0 0 3.7 18 120 M M 3 13 28 130
6 87 67 77 -5 0 12 0.12 0.0 0 4.1 15 70 M M 4 13 22 80
7 90 67 79 -3 0 14 0.00 0.0 0 3.1 10 240 M M 0 1 14 240
8 91 69 80 -3 0 15 0.00 0.0 0 4.8 23 340 M M 1 33 340
9 95 68 82 -1 0 17 0.00 0.0 0 4.2 16 170 M M 0 21 160
10 94 74 84 1 0 19 0.00 0.0 0 9.1 33 60 M M 1 49 40
11 94 73 84 1 0 19 0.00 0.0 0 10.1 21 230 M M 2 28 230
12 94 74 84 1 0 19 0.00 0.0 0 8.1 20 180 M M 2 27 180
13 94 76 85 2 0 20 0.00 0.0 0 10.3 18 170 M M 2 25 170
14 95 77 86 3 0 21 0.00 0.0 0 10.5 20 200 M M 6 27 190
15 97 80 89 6 0 24 0.00 0.0 0 10.6 22 180 M M 4 29 170
16 97 81 89 6 0 24 0.00 0.0 0 9.8 20 190 M M 5 31 170
17 97 79 88 4 0 23 0.00 0.0 0 8.7 17 190 M M 4 22 190
18 99 81 90 6 0 25 0.00 0.0 0 12.0 22 200 M M 3 31 200
19 99 81 90 6 0 25 0.00 0.0 0 10.6 22 220 M M 4 33 220
20 99 82 91 7 0 26 0.00 0.0 0 10.7 18 200 M M 4 24 210
21 99 75 87 3 0 22 0.01 0.0 0 8.7 28 250 M M 5 3 42 250
22 98 75 87 3 0 22 0.00 0.0 0 6.9 20 220 M M 0 29 230
23 99 79 89 5 0 24 0.00 0.0 0 8.1 20 160 M M 4 1 25 150
24 98 79 89 5 0 24 0.00 0.0 0 9.2 20 170 M M 2 23 170
25 98 80 89 5 0 24 0.00 0.0 0 9.1 17 190 M M 4 25 190
26 99 79 89 5 0 24 0.00 0.0 0 9.4 20 180 M M 2 28 180
27 100 79 90 6 0 25 0.00 0.0 0 9.4 16 200 M M 3 21 180
28 99 78 89 5 0 24 0.00 0.0 0 8.7 16 180 M M 1 25 200
29 99 78 89 5 0 24 0.00 0.0 0 8.9 18 170 M M 2 25 160
30 99 76 88 4 0 23 0.00 0.0 0 8.9 22 150 M M 1 27 160
================================================================================
SM 2856 2249 0 609 1.69 0.0 240.6 M 76
================================================================================
AV 95.2 75.0 8.0 FASTST M M 3 MAX(MPH)
MISC ----> 33 60 53 330
================================================================================
NOTES:
# LAST OF SEVERAL OCCURRENCES
COLUMN 17 PEAK WIND IN M.P.H.
PRELIMINARY LOCAL CLIMATOLOGICAL DATA (WS FORM: F-6) , PAGE 2
STATION: SUGAR LAND/HULL FLD
MONTH: JUNE
YEAR: 2023
LATITUDE: 29 37 N
LONGITUDE: 95 39 W
[TEMPERATURE DATA] [PRECIPITATION DATA] SYMBOLS USED IN COLUMN 16
AVERAGE MONTHLY: 85.1 TOTAL FOR MONTH: 1.69 1 = FOG OR MIST
DPTR FM NORMAL: 1.9 DPTR FM NORMAL: -2.53 2 = FOG REDUCING VISIBILITY
HIGHEST: 100 ON 27 GRTST 24HR 1.18 ON 4- 4 TO 1/4 MILE OR LESS
LOWEST: 67 ON 7, 6 3 = THUNDER
SNOW, ICE PELLETS, HAIL 4 = ICE PELLETS
TOTAL MONTH: 0.0 INCH 5 = HAIL
GRTST 24HR 0.0 6 = FREEZING RAIN OR DRIZZLE
GRTST DEPTH: 0 7 = DUSTSTORM OR SANDSTORM:
VSBY 1/2 MILE OR LESS
8 = SMOKE OR HAZE
[NO. OF DAYS WITH] [WEATHER - DAYS WITH] 9 = BLOWING SNOW
X = TORNADO
MAX 32 OR BELOW: 0 0.01 INCH OR MORE: 4
MAX 90 OR ABOVE: 27 0.10 INCH OR MORE: 3
MIN 32 OR BELOW: 0 0.50 INCH OR MORE: 1
MIN 0 OR BELOW: 0 1.00 INCH OR MORE: 1
[HDD (BASE 65) ]
TOTAL THIS MO. 0 CLEAR (SCALE 0-3) 19
DPTR FM NORMAL 0 PTCLDY (SCALE 4-7) 11
TOTAL FM JUL 1 999 CLOUDY (SCALE 8-10) 0
DPTR FM NORMAL -147
[CDD (BASE 65) ]
TOTAL THIS MO. 609
DPTR FM NORMAL 63 [PRESSURE DATA]
TOTAL FM JAN 1 1490 HIGHEST SLP 30.02 ON 30
DPTR FM NORMAL 199 LOWEST SLP 29.68 ON 14
[REMARKS]
#FINAL-06-23#