000
CXUS54 KSJT 011226
CLMSJT
CLIMATE REPORT
NATIONAL WEATHER SERVICE SAN ANGELO TX
726 AM CDT SAT APR 01 2023
...................................
...THE SAN ANGELO CLIMATE SUMMARY FOR THE MONTH OF MARCH 2023...
CLIMATE NORMAL PERIOD: 1991 TO 2020
CLIMATE RECORD PERIOD: 1907 TO 2023
WEATHER OBSERVED NORMAL DEPART LAST YEAR`S
VALUE DATE(S) VALUE FROM VALUE DATE(S)
NORMAL
................................................................
TEMPERATURE (F)
RECORD
HIGH 98 03/17/1908
LOW 8 03/02/1980
HIGHEST 93 03/11 95 03/28
LOWEST 34 03/19 15 03/12
AVG. MAXIMUM 74.0 73.1 0.9 75.8
AVG. MINIMUM 46.4 45.6 0.8 41.1
MEAN 60.2 59.4 0.8 58.5
DAYS MAX >= 90 2 1.1 0.9 4
DAYS MAX <= 32 0 0.1 -0.1 0
DAYS MIN <= 32 0 3.9 -3.9 6
DAYS MIN <= 0 0 0.0 0.0 0
PRECIPITATION (INCHES)
RECORD
MAXIMUM 5.00 1953
MINIMUM 0.00 1963
TOTALS 0.57 1.48 -0.91 0.51
DAILY AVG. 0.02 0.05 -0.03 0.02
DAYS >= .01 6 4.9 1.1 2
DAYS >= .10 2 2.6 -0.6 1
DAYS >= .50 0 1.1 -1.1 1
DAYS >= 1.00 0 0.3 -0.3 0
GREATEST
24 HR. TOTAL 0.39 03/24 TO 03/24 0.50 03/29 TO 03/29
SNOWFALL (INCHES)
RECORDS
TOTAL 3.1 1962
TOTALS 0.0 MM MM 0.0
SINCE 7/1 T MM MM MM
SNOWDEPTH AVG. 0 0
DAYS >= 1.0 0 MM MM 0
GREATEST
SNOW DEPTH 0 0 MM
DEGREE DAYS
HEATING TOTAL 191 222 -31 249
SINCE 7/1 1923 2048 -125 MM
COOLING TOTAL 48 47 1 54
SINCE 1/1 54 56 -2 MM
................................................................
WIND (MPH)
AVERAGE WIND SPEED 10.9
HIGHEST WIND SPEED/DIRECTION 43/280 DATE 03/02
HIGHEST GUST SPEED/DIRECTION 59/280 DATE 03/02
SKY COVER
AVERAGE SKY COVER 0.31
AVERAGE RH (PERCENT) 55
WEATHER CONDITIONS. NUMBER OF DAYS WITH
THUNDERSTORM 5 MIXED PRECIP 0
HEAVY RAIN 1 RAIN 1
LIGHT RAIN 6 FREEZING RAIN 0
LT FREEZING RAIN 0 HAIL 0
HEAVY SNOW 0 SNOW 0
LIGHT SNOW 0 SLEET 0
FOG 5 FOG W/VIS <= 1/4 MILE 0
HAZE 4
- INDICATES NEGATIVE NUMBERS.
R INDICATES RECORD WAS SET OR TIED.
MM INDICATES DATA IS MISSING.
T INDICATES TRACE AMOUNT.
$$