000
CXUS56 KPQR 021107
CF6SLE
PRELIMINARY LOCAL CLIMATOLOGICAL DATA (WS FORM: F-6)
STATION: SALEM OR
MONTH: JUNE
YEAR: 2021
LATITUDE: 44 55 N
LONGITUDE: 123 0 W
TEMPERATURE IN F: :PCPN: SNOW: WIND :SUNSHINE: SKY :PK WND
================================================================================
1 2 3 4 5 6A 6B 7 8 9 10 11 12 13 14 15 16 17 18
12Z AVG MX 2MIN
DY MAX MIN AVG DEP HDD CDD WTR SNW DPTH SPD SPD DIR MIN PSBL S-S WX SPD DR
================================================================================
1 97 61 79 19 0 14 0.00 M M 4.6 15 310 M M 0 19 290
2 92 60 76 16 0 11 0.00 M M 5.4 17 290 M M 0 22 280
3 87 56 72 12 0 7 0.00 M M 5.7 17 280 M M 0 22 310
4 80 51 66 5 0 1 0.00 M M 6.2 18 280 M M 0 24 280
5 66 47 57 -4 8 0 T M M 8.9 22 280 M M 7 28 290
6 68 43 56 -5 9 0 0.02 M M 7.6 22 240 M M 7 27 240
7 65 49 57 -4 8 0 0.01 M M 5.9 20 270 M M 7 23 260
8 69 48 59 -2 6 0 T M M 4.6 21 270 M M 6 25 270
9 71 42 57 -4 8 0 0.00 M M 6.0 18 270 M M 3 24 290
10 69 46 58 -4 7 0 T M M 7.4 15 220 M M 6 21 240
11 66 53 60 -2 5 0 0.23 M M 4.2 14 250 M M 10 1 19 250
12 80 54 67 5 0 2 0.62 M M 4.6 14 260 M M 7 128 21 260
13 68 61 65 3 0 0 0.57 M M 4.4 12 150 M M 10 1 15 150
14 74 56 65 3 0 0 0.18 M M 4.8 15 260 M M 9 1 19 290
15 69 53 61 -1 4 0 0.09 M M 5.6 15 220 M M 7 8 18 220
16 81 50 66 4 0 1 0.00 M M 8.1 16 20 M M 0 20 360
17 85 51 68 5 0 3 0.00 M M 7.8 17 360 M M 0 21 30
18 83 52 68 5 0 3 0.00 M M 7.7 16 10 M M 0 20 10
19 84 51 68 5 0 3 0.00 M M 8.0 17 350 M M 0 22 360
20 92 60 76 13 0 11 0.00 M M 9.6 17 340 M M 0 23 330
21 96 63 80 16 0 15 0.00 M M 4.1 15 300 M M 0 20 280
22 88 57 73 9 0 8 0.00 M M 6.1 13 280 M M 0 17 40
23 86 58 72 8 0 7 0.00 M M 5.0 13 330 M M 1 16 330
24 91 55 73 9 0 8 0.00 M M 5.2 15 360 M M 0 20 360
25 94 63 79 14 0 14 0.00 M M 3.2 14 340 M M 0 18 320
26 105 67 86 21 0 21 0.00 M M 4.5 14 290 M M 0 17 280
27 113 70 92 27 0 27 0.00 M M 5.8 20 350 M M 0 25 360
28 117 68 93 28 0 28 0.00 M M 7.9 23 290 M M 0 29 270
29 92 61 77 11 0 12 0.00 M M 6.2 17 290 M M 0 21 260
30 77 60 69 3 0 4 0.00 M M 5.5 14 290 M M 8 17 290
================================================================================
SM 2505 1666 55 200 1.72 M 180.6 M 88
================================================================================
AV 83.5 55.5 6.0 FASTST M M 3 MAX(MPH)
MISC ----> 23 290 29 270
================================================================================
NOTES:
# LAST OF SEVERAL OCCURRENCES
COLUMN 17 PEAK WIND IN M.P.H.
PRELIMINARY LOCAL CLIMATOLOGICAL DATA (WS FORM: F-6) , PAGE 2
STATION: SALEM OR
MONTH: JUNE
YEAR: 2021
LATITUDE: 44 55 N
LONGITUDE: 123 0 W
[TEMPERATURE DATA] [PRECIPITATION DATA] SYMBOLS USED IN COLUMN 16
AVERAGE MONTHLY: 69.5 TOTAL FOR MONTH: 1.72 1 = FOG OR MIST
DPTR FM NORMAL: 6.8 DPTR FM NORMAL: 0.47 2 = FOG REDUCING VISIBILITY
HIGHEST: 117 ON 28 GRTST 24HR 1.19 ON 12-13 TO 1/4 MILE OR LESS
LOWEST: 42 ON 9 3 = THUNDER
SNOW, ICE PELLETS, HAIL 4 = ICE PELLETS
TOTAL MONTH: M 5 = HAIL
GRTST 24HR M ON M 6 = FREEZING RAIN OR DRIZZLE
GRTST DEPTH: M ON M 7 = DUSTSTORM OR SANDSTORM:
VSBY 1/2 MILE OR LESS
8 = SMOKE OR HAZE
[NO. OF DAYS WITH] [WEATHER - DAYS WITH] 9 = BLOWING SNOW
X = TORNADO
MAX 32 OR BELOW: 0 0.01 INCH OR MORE: 7
MAX 90 OR ABOVE: 10 0.10 INCH OR MORE: 4
MIN 32 OR BELOW: 0 0.50 INCH OR MORE: 2
MIN 0 OR BELOW: 0 1.00 INCH OR MORE: 0
[HDD (BASE 65) ]
TOTAL THIS MO. 55 CLEAR (SCALE 0-3) 19
DPTR FM NORMAL -53 PTCLDY (SCALE 4-7) 8
TOTAL FM JUL 1 4227 CLOUDY (SCALE 8-10) 3
DPTR FM NORMAL -113
[CDD (BASE 65) ]
TOTAL THIS MO. 200
DPTR FM NORMAL 161 [PRESSURE DATA]
TOTAL FM JAN 1 216 HIGHEST SLP 30.35 ON 15
DPTR FM NORMAL 165 LOWEST SLP 29.36 ON 28
[REMARKS]
#FINAL-06-21#