191
CXUS56 KPQR 011200
CF6SLE
PRELIMINARY LOCAL CLIMATOLOGICAL DATA (WS FORM: F-6)
STATION: SALEM OR
MONTH: AUGUST
YEAR: 2020
LATITUDE: 44 55 N
LONGITUDE: 123 0 W
TEMPERATURE IN F: :PCPN: SNOW: WIND :SUNSHINE: SKY :PK WND
================================================================================
1 2 3 4 5 6A 6B 7 8 9 10 11 12 13 14 15 16 17 18
12Z AVG MX 2MIN
DY MAX MIN AVG DEP HDD CDD WTR SNW DPTH SPD SPD DIR MIN PSBL S-S WX SPD DR
================================================================================
1 84 59 72 3 0 7 0.00 M M 4.4 12 320 M M 0 15 340
2 86 56 71 2 0 6 0.00 M M 6.2 16 280 M M 1 21 270
3 84 54 69 0 0 4 0.00 M M 5.2 13 300 M M 1 18 310
4 88 57 73 4 0 8 0.00 M M 7.0 15 320 M M 0 21 330
5 85 57 71 2 0 6 0.00 M M 5.6 17 280 M M 0 21 320
6 76 53 65 -4 0 0 0.09 M M 8.2 18 310 M M 5 1 23 310
7 79 48 64 -5 1 0 0.00 M M 5.4 16 360 M M 0 8 20 360
8 79 54 67 -1 0 2 0.00 M M 7.8 17 20 M M 4 21 20
9 85 50 68 0 0 3 0.00 M M 8.3 21 20 M M 0 27 360
10 92 57 75 7 0 10 0.00 M M 8.3 18 330 M M 0 23 330
11 83 47 65 -3 0 0 0.00 M M 5.2 16 290 M M 0 20 310
12 75 53 64 -4 1 0 T M M 7.3 15 30 M M 3 19 20
13 79 51 65 -3 0 0 0.00 M M 6.4 14 340 M M 0 18 340
14 89 54 72 4 0 7 0.00 M M 8.5 18 20 M M 0 26 350
15 100 55 78 10 0 13 0.00 M M 3.8 10 50 M M 0 14 40
16 93 65 79 11 0 14 T M M 2.7 14 160 M M 0 17 190
17 93 60 77 9 0 12 0.00 M M 3.8 12 270 M M 0 14 270
18 86 60 73 5 0 8 0.00 M M 5.5 13 280 M M 0 17 270
19 88 54 71 4 0 6 0.00 M M 4.4 15 280 M M 0 19 270
20 83 59 71 4 0 6 T M M 7.9 14 270 M M 4 23 200
21 79 61 70 3 0 5 0.01 M M 8.2 17 260 M M 9 1 20 260
22 80 54 67 0 0 2 0.00 M M 9.1 20 360 M M 3 25 20
23 85 52 69 2 0 4 0.00 M M 5.8 13 320 M M 0 16 310
24 83 53 68 1 0 3 0.00 M M 7.6 16 320 M M 0 20 310
25 82 55 69 2 0 4 0.00 M M 6.5 16 320 M M 0 19 360
26 84 51 68 2 0 3 0.00 M M 7.4 18 360 M M 0 24 350
27 85 48 67 1 0 2 0.00 M M 5.0 17 10 M M 0 21 10
28 85 50 68 2 0 3 0.00 M M 5.9 16 10 M M 0 21 20
29 80 52 66 0 0 1 0.00 M M 6.9 20 320 M M 0 25 320
30 78 46 62 -4 3 0 0.00 M M 4.9 16 20 M M 2 20 350
31 78 54 66 0 0 1 0.02 M M 6.5 17 330 M M 4 20 350
================================================================================
SM 2606 1679 5 140 0.12 M 195.7 M 36
================================================================================
AV 84.1 54.2 6.3 FASTST M M 1 MAX(MPH)
MISC ----> # 21 20 # 27 360
================================================================================
NOTES:
# LAST OF SEVERAL OCCURRENCES
COLUMN 17 PEAK WIND IN M.P.H.
PRELIMINARY LOCAL CLIMATOLOGICAL DATA (WS FORM: F-6) , PAGE 2
STATION: SALEM OR
MONTH: AUGUST
YEAR: 2020
LATITUDE: 44 55 N
LONGITUDE: 123 0 W
[TEMPERATURE DATA] [PRECIPITATION DATA] SYMBOLS USED IN COLUMN 16
AVERAGE MONTHLY: 69.1 TOTAL FOR MONTH: 0.12 1 = FOG OR MIST
DPTR FM NORMAL: 1.5 DPTR FM NORMAL: -0.33 2 = FOG REDUCING VISIBILITY
HIGHEST: 100 ON 15 GRTST 24HR 0.09 ON 6- 6 TO 1/4 MILE OR LESS
LOWEST: 46 ON 30 3 = THUNDER
SNOW, ICE PELLETS, HAIL 4 = ICE PELLETS
TOTAL MONTH: M 5 = HAIL
GRTST 24HR M ON M 6 = FREEZING RAIN OR DRIZZLE
GRTST DEPTH: M ON M 7 = DUSTSTORM OR SANDSTORM:
VSBY 1/2 MILE OR LESS
8 = SMOKE OR HAZE
[NO. OF DAYS WITH] [WEATHER - DAYS WITH] 9 = BLOWING SNOW
X = TORNADO
MAX 32 OR BELOW: 0 0.01 INCH OR MORE: 3
MAX 90 OR ABOVE: 4 0.10 INCH OR MORE: 0
MIN 32 OR BELOW: 0 0.50 INCH OR MORE: 0
MIN 0 OR BELOW: 0 1.00 INCH OR MORE: 0
[HDD (BASE 65) ]
TOTAL THIS MO. 5 CLEAR (SCALE 0-3) 25
DPTR FM NORMAL -21 PTCLDY (SCALE 4-7) 5
TOTAL FM JUL 1 27 CLOUDY (SCALE 8-10) 1
DPTR FM NORMAL -29
[CDD (BASE 65) ]
TOTAL THIS MO. 140
DPTR FM NORMAL 34 [PRESSURE DATA]
TOTAL FM JAN 1 336 HIGHEST SLP 30.24 ON 9
DPTR FM NORMAL 84 LOWEST SLP 29.77 ON 15
[REMARKS]
#FINAL-08-20#