000
CXUS51 KBTV 010700
CF6SLK
PRELIMINARY LOCAL CLIMATOLOGICAL DATA (WS FORM: F-6)
STATION: SARANAC LAKE NY
MONTH: MARCH
YEAR: 2020
LATITUDE: 44 23 N
LONGITUDE: 74 12 W
TEMPERATURE IN F: :PCPN: SNOW: WIND :SUNSHINE: SKY :PK WND
================================================================================
1 2 3 4 5 6A 6B 7 8 9 10 11 12 13 14 15 16 17 18
12Z AVG MX 2MIN
DY MAX MIN AVG DEP HDD CDD WTR SNW DPTH SPD SPD DIR MIN PSBL S-S WX SPD DR
================================================================================
1 23 1 12 -6 53 0 T M M 5.1 13 230 M M 6 18 18 250
2 40 12 26 7 39 0 0.23 M M 7.0 21 210 M M 10 18 25 220
3 46 35 41 22 24 0 0.12 M M 5.1 26 230 M M 10 1 40 220
4 35 29 32 13 33 0 0.03 M M 11.1 21 250 M M 10 1 34 250
5 35 20 28 8 37 0 0.01 M M 5.0 13 220 M M 8 1 21 280
6 38 21 30 10 35 0 T M M 10.0 20 40 M M 6 24 30
7 31 10 21 1 44 0 0.00 M M 6.7 18 30 M M 1 23 30
8 43 16 30 9 35 0 0.00 M M 7.0 16 220 M M 5 23 230
9 56 34 45 24 20 0 0.00 M M 8.4 18 220 M M 4 29 230
10 48 28 38 16 27 0 0.27 M M 7.0 23 210 M M 10 1 28 220
11 31 20 26 4 39 0 T M M 4.1 13 260 M M 7 18 17 250
12 44 23 34 11 31 0 0.00 M M 6.1 16 210 M M 10 21 210
13 44 32 38 15 27 0 0.19 M M 16.4 31 240 M M 10 1 42 240
14 39 28 34 11 31 0 T M M 8.8 22 250 M M 6 39 230
15 29 6 18 -6 47 0 0.00 M M 4.3 12 360 M M 0 18 330
16 39 2 21 -3 44 0 0.00 M M 5.2 18 210 M M 1 22 240
17 35 29 32 7 33 0 0.04 M M 13.1 23 220 M M 9 18 29 220
18 42 16 29 4 36 0 0.00 M M 4.3 12 230 M M 2 16 250
19 49 32 41 15 24 0 0.00 M M 3.9 16 230 M M 9 20 230
20 58 26 42 16 23 0 0.39 M M 10.9 21 250 M M 10 1 39 250
21 28 8 18 -8 47 0 T M M 4.9 13 300 M M 3 18 20 320
22 33 2 18 -9 47 0 0.00 M M 6.1 14 60 M M 0 18 50
23 31 16 24 -3 41 0 0.31 M M 6.7 20 160 M M 8 12 27 170
24 35 17 26 -2 39 0 T M M 1.3 8 10 M M 9 128 12 20
25 42 8 25 -3 40 0 T M M 1.9 13 240 M M 3 18 17 230
26 56 22 39 10 26 0 0.14 M M 6.8 23 220 M M 7 1 30 210
27 46 19 33 4 32 0 T M M 3.7 13 300 M M 5 1 19 250
28 50 14 32 2 33 0 0.00 M M 1.5 8 60 M M 3 10 80
29 47 37 42 12 23 0 0.51 M M 7.8 20 160 M M 10 13 30 150
30 46 30 38 7 27 0 0.25 M M 3.1 16 210 M M 9 1 20 210
31 45 20 33 2 32 0 T M M 8.1 16 60 M M 5 1 22 60
================================================================================
SM 1264 613 1069 0 2.49 M 201.4 M 196
================================================================================
AV 40.8 19.8 6.5 FASTST M M 6 MAX(MPH)
MISC ----> 31 240 42 240
================================================================================
NOTES:
# LAST OF SEVERAL OCCURRENCES
COLUMN 17 PEAK WIND IN M.P.H.
PRELIMINARY LOCAL CLIMATOLOGICAL DATA (WS FORM: F-6) , PAGE 2
STATION: SARANAC LAKE NY
MONTH: MARCH
YEAR: 2020
LATITUDE: 44 23 N
LONGITUDE: 74 12 W
[TEMPERATURE DATA] [PRECIPITATION DATA] SYMBOLS USED IN COLUMN 16
AVERAGE MONTHLY: 30.3 TOTAL FOR MONTH: 2.49 1 = FOG OR MIST
DPTR FM NORMAL: 5.8 DPTR FM NORMAL: 0.21 2 = FOG REDUCING VISIBILITY
HIGHEST: 58 ON 20 GRTST 24HR 0.51 ON 29-29 TO 1/4 MILE OR LESS
LOWEST: 1 ON 1 3 = THUNDER
SNOW, ICE PELLETS, HAIL 4 = ICE PELLETS
TOTAL MONTH: M 5 = HAIL
GRTST 24HR M ON M 6 = FREEZING RAIN OR DRIZZLE
GRTST DEPTH: M ON M 7 = DUSTSTORM OR SANDSTORM:
VSBY 1/2 MILE OR LESS
8 = SMOKE OR HAZE
[NO. OF DAYS WITH] [WEATHER - DAYS WITH] 9 = BLOWING SNOW
X = TORNADO
MAX 32 OR BELOW: 6 0.01 INCH OR MORE: 12
MAX 90 OR ABOVE: 0 0.10 INCH OR MORE: 9
MIN 32 OR BELOW: 28 0.50 INCH OR MORE: 1
MIN 0 OR BELOW: 0 1.00 INCH OR MORE: 0
[HDD (BASE 65) ]
TOTAL THIS MO. 1069 CLEAR (SCALE 0-3) 7
DPTR FM NORMAL -188 PTCLDY (SCALE 4-7) 11
TOTAL FM JUL 1 7557 CLOUDY (SCALE 8-10) 13
DPTR FM NORMAL -405
[CDD (BASE 65) ]
TOTAL THIS MO. 0
DPTR FM NORMAL 0 [PRESSURE DATA]
TOTAL FM JAN 1 0 HIGHEST SLP M ON M
DPTR FM NORMAL 0 LOWEST SLP 29.26 ON 3
[REMARKS]
#FINAL-03-20#