000
CXUS53 KICT 052208
CF6SLN
PRELIMINARY LOCAL CLIMATOLOGICAL DATA (WS FORM: F-6)
STATION: SALINA KS
MONTH: MARCH
YEAR: 2023
LATITUDE: 38 47 N
LONGITUDE: 97 39 W
TEMPERATURE IN F: :PCPN: SNOW: WIND :SUNSHINE: SKY :PK WND
================================================================================
1 2 3 4 5 6A 6B 7 8 9 10 11 12 13 14 15 16 17 18
12Z AVG MX 2MIN
DY MAX MIN AVG DEP HDD CDD WTR SNW DPTH SPD SPD DIR MIN PSBL S-S WX SPD DR
================================================================================
1 59 32 46 6 19 0 0.00 M M 9.8 21 330 M M 0 28 310
2 46 31 39 -1 26 0 0.00 M M 10.4 18 40 M M 2 24 60
3 62 26 44 4 21 0 0.00 M M 8.8 16 310 M M 1 23 250
4 59 36 48 7 17 0 0.03 M M 6.8 20 330 M M 4 1 24 300
5 76 40 58 17 7 0 0.00 M M 12.4 29 200 M M 1 36 210
6 52 35 44 2 21 0 0.00 M M 15.2 24 350 M M 1 32 360
7 47 34 41 -1 24 0 0.00 M M 9.6 18 20 M M 9 24 20
8 45 38 42 0 23 0 0.00 M M 10.4 15 330 M M 10 1 23 340
9 44 29 37 -6 28 0 0.03 M M 10.2 21 330 M M 7 12 26 320
10 45 25 35 -8 30 0 0.00 M M 9.6 20 120 M M 5 8 24 100
11 45 28 37 -7 28 0 0.01 M M 11.0 22 340 M M 6 1 27 120
12 47 24 36 -8 29 0 0.00 M M 13.6 25 350 M M 3 12 35 350
13 40 17 29 -15 36 0 0.00 M M 6.4 15 360 M M 4 19 10
14 56 25 41 -4 24 0 0.00 M M 13.2 26 180 M M 2 38 160
15 67 40 54 9 11 0 0.00 M M 21.9 39 190 M M 0 55 200
16 60 30 45 0 20 0 0.14 M M 21.6 37 340 M M 6 1 49 340
17 50 24 37 -9 28 0 0.00 M M 14.4 28 330 M M 3 34 340
18 37 17 27 -19 38 0 0.00 M M 14.2 26 340 M M 1 36 330
19 53 9 31 -15 34 0 0.00 M M 12.2 24 190 M M 0 35 160
20 62 36 49 2 16 0 0.00 M M 24.1 37 200 M M 0 47 190
21 66 44 55 8 10 0 0.00 M M 15.6 24 160 M M 4 32 170
22 57 46 52 4 13 0 0.00 M M 9.3 20 30 M M 10 18 29 40
23 54 36 45 -3 20 0 0.00 M M 12.2 26 350 M M 7 1 32 360
24 55 36 46 -2 19 0 0.14 M M 8.8 20 10 M M 9 1 27 50
25 60 33 47 -2 18 0 0.05 M M 7.7 29 230 M M 5 1 38 210
26 39 30 35 -14 30 0 0.00 M M 12.7 23 310 M M 9 30 310
27 47 24 36 -13 29 0 0.01 M M 6.7 17 10 M M 6 1 22 360
28 54 26 40 -10 25 0 0.01 M M 8.1 15 160 M M 2 1 19 160
29 67 26 47 -3 18 0 0.00 M M 11.8 22 160 M M 0 30 170
30 73 47 60 10 5 0 0.00 M M 22.2 35 190 M M 4 48 170
31 69 38 54 4 11 0 0.00 M M 21.5 44 310 M M 1 58 310
================================================================================
SM 1693 962 678 0 0.42 M 392.4 M 122
================================================================================
AV 54.6 31.0 12.7 FASTST M M 4 MAX(MPH)
MISC ----> 44 310 58 310
================================================================================
NOTES:
# LAST OF SEVERAL OCCURRENCES
COLUMN 17 PEAK WIND IN M.P.H.
PRELIMINARY LOCAL CLIMATOLOGICAL DATA (WS FORM: F-6) , PAGE 2
STATION: SALINA KS
MONTH: MARCH
YEAR: 2023
LATITUDE: 38 47 N
LONGITUDE: 97 39 W
[TEMPERATURE DATA] [PRECIPITATION DATA] SYMBOLS USED IN COLUMN 16
AVERAGE MONTHLY: 42.8 TOTAL FOR MONTH: 0.42 1 = FOG OR MIST
DPTR FM NORMAL: -2.5 DPTR FM NORMAL: -1.40 2 = FOG REDUCING VISIBILITY
HIGHEST: 76 ON 5 GRTST 24HR 0.17 ON 24-25 TO 1/4 MILE OR LESS
LOWEST: 9 ON 19 3 = THUNDER
SNOW, ICE PELLETS, HAIL 4 = ICE PELLETS
TOTAL MONTH: M 5 = HAIL
GRTST 24HR M ON M 6 = FREEZING RAIN OR DRIZZLE
GRTST DEPTH: M ON M 7 = DUSTSTORM OR SANDSTORM:
VSBY 1/2 MILE OR LESS
8 = SMOKE OR HAZE
[NO. OF DAYS WITH] [WEATHER - DAYS WITH] 9 = BLOWING SNOW
X = TORNADO
MAX 32 OR BELOW: 0 0.01 INCH OR MORE: 8
MAX 90 OR ABOVE: 0 0.10 INCH OR MORE: 2
MIN 32 OR BELOW: 17 0.50 INCH OR MORE: 0
MIN 0 OR BELOW: 0 1.00 INCH OR MORE: 0
[HDD (BASE 65) ]
TOTAL THIS MO. 678 CLEAR (SCALE 0-3) 15
DPTR FM NORMAL 63 PTCLDY (SCALE 4-7) 11
TOTAL FM JUL 1 4424 CLOUDY (SCALE 8-10) 5
DPTR FM NORMAL -65
[CDD (BASE 65) ]
TOTAL THIS MO. 0
DPTR FM NORMAL -3 [PRESSURE DATA]
TOTAL FM JAN 1 0 HIGHEST SLP 30.55 ON 19
DPTR FM NORMAL -3 LOWEST SLP 29.44 ON 16
[REMARKS]
#FINAL-03-23#