000
CXUS53 KICT 011410
CF6SLN
PRELIMINARY LOCAL CLIMATOLOGICAL DATA (WS FORM: F-6)
STATION: SALINA KS
MONTH: AUGUST
YEAR: 2021
LATITUDE: 38 47 N
LONGITUDE: 97 39 W
TEMPERATURE IN F: :PCPN: SNOW: WIND :SUNSHINE: SKY :PK WND
================================================================================
1 2 3 4 5 6A 6B 7 8 9 10 11 12 13 14 15 16 17 18
12Z AVG MX 2MIN
DY MAX MIN AVG DEP HDD CDD WTR SNW DPTH SPD SPD DIR MIN PSBL S-S WX SPD DR
================================================================================
1 89 65 77 -4 0 12 T M M 9.3 23 360 M M 1 18 36 10
2 86 57 72 -9 0 7 0.00 M M 5.4 12 50 M M 0 8 19 40
3 88 60 74 -7 0 9 0.00 M M 5.1 14 80 M M 1 18 18 90
4 91 62 77 -3 0 12 0.00 M M 9.9 20 170 M M 1 26 170
5 97 67 82 2 0 17 0.00 M M 10.3 18 190 M M 1 28 220
6 97 68 83 3 0 18 0.00 M M 13.3 22 150 M M 0 32 170
7 100 68 84 4 0 19 0.78 M M 18.4 40 260 M M 2 138 65 260
8 93 68 81 1 0 16 T M M 9.0 23 260 M M 2 138 32 260
9 96 71 84 4 0 19 0.00 M M 8.4 16 170 M M 0 26 160
10 94 78 86 6 0 21 0.02 M M 13.1 25 150 M M 1 3 34 190
11 102 78 90 10 0 25 0.00 M M 14.3 22 190 M M 0 30 190
12 103 76 90 10 0 25 T M M 10.9 24 280 M M 2 3 33 270
13 86 71 79 0 0 14 0.00 M M 9.7 25 100 M M 2 39 80
14 89 68 79 0 0 14 0.00 M M 7.7 14 140 M M 4 21 70
15 90 67 79 0 0 14 1.41 M M 8.3 36 30 M M 2 13 45 20
16 89 67 78 -1 0 13 0.00 M M 9.0 21 170 M M 1 29 170
17 91 65 78 -1 0 13 0.00 M M 8.9 21 150 M M 1 27 150
18 88 67 78 0 0 13 0.00 M M 9.8 16 160 M M 4 24 170
19 89 72 81 3 0 16 T M M 11.1 21 140 M M 5 27 150
20 97 74 86 8 0 21 0.19 M M 11.9 39 180 M M 5 38 60 160
21 84 65 75 -3 0 10 0.00 M M 7.9 16 10 M M 0 22 360
22 93 68 81 3 0 16 0.00 M M 12.8 25 160 M M 3 36 170
23 98 73 86 8 0 21 0.00 M M 12.3 24 160 M M 0 32 150
24 101 77 89 12 0 24 0.00 M M 16.6 26 190 M M 0 36 170
25 98 75 87 10 0 22 0.06 M M 10.1 32 190 M M 0 3 44 200
26 100 75 88 11 0 23 0.00 M M 12.2 21 150 M M 0 28 150
27 98 74 86 10 0 21 0.00 M M 16.4 28 190 M M 0 35 220
28 96 74 85 9 0 20 0.00 M M 15.0 24 150 M M 0 32 160
29 80 66 73 -3 0 8 1.61 M M 10.5 36 150 M M 3 13 47 150
30 91 65 78 2 0 13 0.00 M M 4.8 15 200 M M 0 20 190
31 92 69 81 5 0 16 0.00 M M 10.7 21 140 M M 0 29 80
================================================================================
SM 2886 2150 0 512 4.07 M 333.1 M 41
================================================================================
AV 93.1 69.4 10.7 FASTST M M 1 MAX(MPH)
MISC ----> 40 260 65 260
================================================================================
NOTES:
# LAST OF SEVERAL OCCURRENCES
COLUMN 17 PEAK WIND IN M.P.H.
PRELIMINARY LOCAL CLIMATOLOGICAL DATA (WS FORM: F-6) , PAGE 2
STATION: SALINA KS
MONTH: AUGUST
YEAR: 2021
LATITUDE: 38 47 N
LONGITUDE: 97 39 W
[TEMPERATURE DATA] [PRECIPITATION DATA] SYMBOLS USED IN COLUMN 16
AVERAGE MONTHLY: 81.2 TOTAL FOR MONTH: 4.07 1 = FOG OR MIST
DPTR FM NORMAL: 2.6 DPTR FM NORMAL: 0.36 2 = FOG REDUCING VISIBILITY
HIGHEST: 103 ON 12 GRTST 24HR 1.61 ON 29-29 TO 1/4 MILE OR LESS
LOWEST: 57 ON 2 3 = THUNDER
SNOW, ICE PELLETS, HAIL 4 = ICE PELLETS
TOTAL MONTH: M 5 = HAIL
GRTST 24HR M ON M 6 = FREEZING RAIN OR DRIZZLE
GRTST DEPTH: M ON M 7 = DUSTSTORM OR SANDSTORM:
VSBY 1/2 MILE OR LESS
8 = SMOKE OR HAZE
[NO. OF DAYS WITH] [WEATHER - DAYS WITH] 9 = BLOWING SNOW
X = TORNADO
MAX 32 OR BELOW: 0 0.01 INCH OR MORE: 6
MAX 90 OR ABOVE: 21 0.10 INCH OR MORE: 4
MIN 32 OR BELOW: 0 0.50 INCH OR MORE: 3
MIN 0 OR BELOW: 0 1.00 INCH OR MORE: 2
[HDD (BASE 65) ]
TOTAL THIS MO. 0 CLEAR (SCALE 0-3) 26
DPTR FM NORMAL -1 PTCLDY (SCALE 4-7) 5
TOTAL FM JUL 1 0 CLOUDY (SCALE 8-10) 0
DPTR FM NORMAL 0
[CDD (BASE 65) ]
TOTAL THIS MO. 512
DPTR FM NORMAL 89 [PRESSURE DATA]
TOTAL FM JAN 1 1490 HIGHEST SLP 30.25 ON 14
DPTR FM NORMAL 101 LOWEST SLP 29.60 ON 20
[REMARKS]
#FINAL-08-21#