000
CXUS54 KMAF 011210
CF6SNK
PRELIMINARY LOCAL CLIMATOLOGICAL DATA (WS FORM: F-6)
STATION: SNYDER WINSTON FIELD
MONTH: DECEMBER
YEAR: 2020
LATITUDE: 32 41 N
LONGITUDE: 100 57 W
TEMPERATURE IN F: :PCPN: SNOW: WIND :SUNSHINE: SKY :PK WND
================================================================================
1 2 3 4 5 6A 6B 7 8 9 10 11 12 13 14 15 16 17 18
12Z AVG MX 2MIN
DY MAX MIN AVG DEP HDD CDD WTR SNW DPTH SPD SPD DIR MIN PSBL S-S WX SPD DR
================================================================================
1 64 28 46 M 19 0 M M M 11.0 21 210 M M 0 26 210
2 45 33 39 M 26 0 M M M 15.5 25 350 M M 3 36 340
3 42 32 37 M 28 0 M M M 10.9 22 340 M M 7 29 350
4 56 26 41 M 24 0 M M M 5.1 9 290 M M 0 M M
5 50 32 41 M 24 0 M M M 3.9 9 360 M M 4 M M
6 60 37 49 M 16 0 M M M 7.1 14 350 M M 0 18 340
7 67 33 50 M 15 0 M M M 3.1 10 350 M M 0 M M
8 71 38 55 M 10 0 M M M 4.4 7 200 M M 0 M M
9 73 34 54 M 11 0 M M M 7.9 14 220 M M 0 18 220
10 79 37 58 M 7 0 0.08 M M 8.9 18 180 M M 2 24 180
11 60 43 52 M 13 0 0.03 M M 5.9 10 60 M M 3 20 160
12 53 33 43 M 22 0 M M M 8.3 12 100 M M 0 16 10
13 43 29 36 M 29 0 M M M 12.5 25 360 M M 5 37 360
14 49 21 35 M 30 0 M M M 7.7 16 150 M M 0 22 170
15 49 29 39 M 26 0 M M M 12.3 25 310 M M 1 35 310
16 51 21 36 M 29 0 M M M 6.1 9 220 M M 0 M M
17 61 30 46 M 19 0 M M M 6.8 13 150 M M 0 10 150
18 59 38 49 M 16 0 M M M 10.6 22 190 M M 0 26 190
19 57 35 46 M 19 0 M M M 9.1 15 10 M M 1 26 180
20 61 32 47 M 18 0 M M M 7.6 13 10 M M 0 17 10
21 65 32 49 M 16 0 M M M 6.6 9 200 M M 0 M M
22 72 38 55 M 10 0 M M M 11.6 24 210 M M 0 32 210
23 56 33 45 M 20 0 M M M 15.0 29 360 M M 1 8 39 360
24 56 20 38 M 27 0 M M M 10.0 22 290 M M 0 30 290
25 65 33 49 M 16 0 M M M 7.5 14 210 M M 0 17 240
26 66 37 52 M 13 0 M M M 11.0 21 220 M M 0 25 220
27 70 37 54 M 11 0 M M M 9.2 12 60 M M 0 18 70
28 51 39 45 M 20 0 M M M 14.1 18 60 M M 5 23 60
29 70 50 60 M 5 0 M M M 12.9 25 190 M M 7 36 190
30 56 32 44 M 21 0 0.02 M M 15.6 26 360 M M 10 37 20
31 35 28 32 M 33 0 0.07 M M 16.0 29 350 M M 9 35 360
================================================================================
SM 1812 1020 593 0 0.20 M 294.2 M 58
================================================================================
AV 58.5 32.9 9.5 FASTST M M 2 MAX(MPH)
MISC ----> # 29 360 39 360
================================================================================
NOTES:
# LAST OF SEVERAL OCCURRENCES
COLUMN 17 PEAK WIND IN M.P.H.
PRELIMINARY LOCAL CLIMATOLOGICAL DATA (WS FORM: F-6) , PAGE 2
STATION: SNYDER WINSTON FIELD
MONTH: DECEMBER
YEAR: 2020
LATITUDE: 32 41 N
LONGITUDE: 100 57 W
[TEMPERATURE DATA] [PRECIPITATION DATA] SYMBOLS USED IN COLUMN 16
AVERAGE MONTHLY: 45.7 TOTAL FOR MONTH: 0.20 1 = FOG OR MIST
DPTR FM NORMAL: 0.0 DPTR FM NORMAL: M 2 = FOG REDUCING VISIBILITY
HIGHEST: 79 ON 10 GRTST 24HR 0.08 ON 10-10 TO 1/4 MILE OR LESS
LOWEST: 20 ON 24 3 = THUNDER
SNOW, ICE PELLETS, HAIL 4 = ICE PELLETS
TOTAL MONTH: M 5 = HAIL
GRTST 24HR M ON M 6 = FREEZING RAIN OR DRIZZLE
GRTST DEPTH: M ON M 7 = DUSTSTORM OR SANDSTORM:
VSBY 1/2 MILE OR LESS
8 = SMOKE OR HAZE
[NO. OF DAYS WITH] [WEATHER - DAYS WITH] 9 = BLOWING SNOW
X = TORNADO
MAX 32 OR BELOW: 0 0.01 INCH OR MORE: 4
MAX 90 OR ABOVE: 0 0.10 INCH OR MORE: 0
MIN 32 OR BELOW: 14 0.50 INCH OR MORE: 0
MIN 0 OR BELOW: 0 1.00 INCH OR MORE: 0
[HDD (BASE 65) ]
TOTAL THIS MO. 593 CLEAR (SCALE 0-3) 24
DPTR FM NORMAL M PTCLDY (SCALE 4-7) 5
TOTAL FM JUL 1 1049 CLOUDY (SCALE 8-10) 2
DPTR FM NORMAL M
[CDD (BASE 65) ]
TOTAL THIS MO. 0
DPTR FM NORMAL M [PRESSURE DATA]
TOTAL FM JAN 1 2514 HIGHEST SLP M ON M
DPTR FM NORMAL M LOWEST SLP M ON M
[REMARKS]
#FINAL-12-20#