000
CXUS55 KCYS 161209
CF6SNY
PRELIMINARY LOCAL CLIMATOLOGICAL DATA (WS FORM: F-6)
STATION: SIDNEY NEBRASKA AIRPORT
MONTH: OCTOBER
YEAR: 2021
LATITUDE: 41 5 N
LONGITUDE: 102 59 W
TEMPERATURE IN F: :PCPN: SNOW: WIND :SUNSHINE: SKY :PK WND
================================================================================
1 2 3 4 5 6A 6B 7 8 9 10 11 12 13 14 15 16 17 18
12Z AVG MX 2MIN
DY MAX MIN AVG DEP HDD CDD WTR SNW DPTH SPD SPD DIR MIN PSBL S-S WX SPD DR
================================================================================
1 71 36 54 -1 11 0 0.00 M M 5.6 12 300 M M 0 8 14 300
2 75 36 56 1 9 0 0.00 M M 6.5 16 340 M M 0 22 10
3 82 32 57 3 8 0 0.00 M M 8.0 18 230 M M 0 36 290
4 84 39 62 8 3 0 0.00 M M 7.9 14 300 M M 0 17 170
5 83 37 60 7 5 0 0.00 M M 11.6 23 150 M M 0 28 150
6 83 43 63 10 2 0 0.00 M M 16.0 28 150 M M 0 37 150
7 81 45 63 11 2 0 T M M 6.8 20 350 M M 1 29 350
8 80 42 61 9 4 0 T M M 6.9 21 300 M M 2 29 300
9 78 43 61 10 4 0 0.00 M M 16.0 31 310 M M 1 44 320
10 69 41 55 4 10 0 0.00 M M 13.7 23 340 M M 1 30 330
11 68 32 50 0 15 0 0.00 M M 11.1 21 100 M M 1 26 90
12 69 35 52 2 13 0 0.01 M M 17.4 37 360 M M 6 138 59 20
13 53 33 43 -6 22 0 0.01 M M 26.1 48 300 M M 4 1 63 300
14 48 30 39 -10 26 0 T M M 7.3 16 270 M M 7 23 340
15 53 25 39 -9 26 0 0.00 M M 12.7 26 330 M M 1 36 300
16 68 28 48 0 17 0 0.00 M M 8.5 16 330 M M 0 8 22 290
17 77 27 52 5 13 0 0.00 M M 9.4 20 180 M M 0 31 190
18 75 30 53 6 12 0 0.00 M M 7.0 14 120 M M 0 16 70
19 59 34 47 1 18 0 0.01 M M 15.8 29 300 M M 4 1 40 300
20 55 30 43 -3 22 0 T M M 12.0 28 330 M M 4 36 330
21 69 29 49 3 16 0 0.00 M M 8.5 20 310 M M 0 26 310
22 73 33 53 8 12 0 0.00 M M 8.4 16 320 M M 0 22 290
23 60 26 43 -2 22 0 0.00 M M 5.8 14 130 M M 3 12 17 140
24 62 33 48 4 17 0 0.00 M M 12.5 28 320 M M 2 12 36 310
25 65 33 49 5 16 0 0.00 M M 16.3 28 170 M M 0 35 170
26 67 37 52 8 13 0 0.10 M M 17.9 36 330 M M 7 128 47 330
27 60 38 49 6 16 0 T M M 19.5 35 340 M M 4 47 340
28 55 29 42 -1 23 0 0.00 M M 19.8 38 340 M M 0 51 340
29 69 25 47 5 18 0 0.00 M M 8.0 16 200 M M 0 22 210
30 61 35 48 6 17 0 0.00 M M 14.1 23 20 M M 3 30 20
31 40 30 35 -7 30 0 0.15 M M 9.8 15 120 M M 10 12 19 90
================================================================================
SM 2092 1046 442 0 0.28 M 366.9 M 61
================================================================================
AV 67.5 33.7 11.8 FASTST M M 2 MAX(MPH)
MISC ----> 48 300 63 300
================================================================================
NOTES:
# LAST OF SEVERAL OCCURRENCES
COLUMN 17 PEAK WIND IN M.P.H.
PRELIMINARY LOCAL CLIMATOLOGICAL DATA (WS FORM: F-6) , PAGE 2
STATION: SIDNEY NEBRASKA AIRPORT
MONTH: OCTOBER
YEAR: 2021
LATITUDE: 41 5 N
LONGITUDE: 102 59 W
[TEMPERATURE DATA] [PRECIPITATION DATA] SYMBOLS USED IN COLUMN 16
AVERAGE MONTHLY: 50.6 TOTAL FOR MONTH: 0.28 1 = FOG OR MIST
DPTR FM NORMAL: 2.5 DPTR FM NORMAL: -0.73 2 = FOG REDUCING VISIBILITY
HIGHEST: 84 ON 4 GRTST 24HR 0.15 ON 31-31 TO 1/4 MILE OR LESS
LOWEST: 25 ON 29,15 3 = THUNDER
SNOW, ICE PELLETS, HAIL 4 = ICE PELLETS
TOTAL MONTH: M 5 = HAIL
GRTST 24HR M ON M 6 = FREEZING RAIN OR DRIZZLE
GRTST DEPTH: M ON M 7 = DUSTSTORM OR SANDSTORM:
VSBY 1/2 MILE OR LESS
8 = SMOKE OR HAZE
[NO. OF DAYS WITH] [WEATHER - DAYS WITH] 9 = BLOWING SNOW
X = TORNADO
MAX 32 OR BELOW: 0 0.01 INCH OR MORE: 5
MAX 90 OR ABOVE: 0 0.10 INCH OR MORE: 2
MIN 32 OR BELOW: 13 0.50 INCH OR MORE: 0
MIN 0 OR BELOW: 0 1.00 INCH OR MORE: 0
[HDD (BASE 65) ]
TOTAL THIS MO. 442 CLEAR (SCALE 0-3) 22
DPTR FM NORMAL -84 PTCLDY (SCALE 4-7) 8
TOTAL FM JUL 1 509 CLOUDY (SCALE 8-10) 1
DPTR FM NORMAL -182
[CDD (BASE 65) ]
TOTAL THIS MO. 0
DPTR FM NORMAL -3 [PRESSURE DATA]
TOTAL FM JAN 1 699 HIGHEST SLP 30.39 ON 16
DPTR FM NORMAL 7 LOWEST SLP 29.32 ON 26
[REMARKS]
#FINAL-10-21#