000
CXUS55 KPUB 031551
CF6SPD
PRELIMINARY LOCAL CLIMATOLOGICAL DATA (WS FORM: F-6)
STATION: SPRINGFIELD CO
MONTH: MARCH
YEAR: 2023
LATITUDE: 37 16 N
LONGITUDE: 102 37 W
TEMPERATURE IN F: :PCPN: SNOW: WIND :SUNSHINE: SKY :PK WND
================================================================================
1 2 3 4 5 6A 6B 7 8 9 10 11 12 13 14 15 16 17 18
12Z AVG MX 2MIN
DY MAX MIN AVG DEP HDD CDD WTR SNW DPTH SPD SPD DIR MIN PSBL S-S WX SPD DR
================================================================================
1 53 16 35 -3 30 0 0.00 M M 10.5 26 150 M M 0 36 150
2 43 24 34 -4 31 0 0.02 M M 8.4 21 350 M M 0 26 10
3 57 19 38 0 27 0 0.00 M M 8.6 28 360 M M 0 36 10
4 51 30 41 2 24 0 0.00 M M 14.2 28 360 M M 0 37 360
5 73 30 52 13 13 0 0.00 M M 13.5 28 220 M M 0 40 220
6 53 25 39 -1 26 0 0.00 M M 11.3 20 110 M M 0 26 50
7 31 26 29 -11 36 0 0.00 M M 8.3 16 110 M M 0 20 100
8 48 26 37 -3 28 0 0.00 M M 8.9 21 150 M M 0 26 150
9 51 26 39 -2 26 0 0.00 M M 10.6 28 340 M M 0 35 360
10 66 28 47 6 18 0 0.00 M M 17.8 38 190 M M 0 47 180
11 61 31 46 5 19 0 0.00 M M 11.9 35 20 M M 0 42 340
12 46 29 38 -4 27 0 0.00 M M 9.4 20 50 M M 0 30 40
13 53 20 37 -5 28 0 0.00 M M 12.5 23 130 M M 0 30 180
14 66 26 46 4 19 0 0.00 M M 15.1 24 190 M M 0 31 200
15 76 41 59 16 6 0 0.00 M M 13.7 25 220 M M 0 34 220
16 54 M M M M M 0.04 M M M M M M M M M M
17 M M M M M M 0.00 M M M M M M M 0 M M
18 47 14 31 -13 34 0 0.00 M M 10.2 23 340 M M 0 32 340
19 60 9 35 -9 30 0 0.00 M M 16.5 32 220 M M 0 44 220
20 65 35 50 6 15 0 0.00 M M 9.2 18 200 M M 0 26 220
21 67 30 49 4 16 0 0.00 M M 11.8 24 80 M M 0 34 90
22 78 36 57 12 8 0 0.00 M M 18.4 41 230 M M 0 57 200
23 57 36 47 2 18 0 0.00 M M 8.6 23 160 M M 0 30 160
24 54 28 41 -5 24 0 0.00 M M 11.5 26 320 M M 0 36 320
25 50 23 37 -9 28 0 0.00 M M 12.7 32 300 M M 0 47 300
26 49 14 32 -14 33 0 0.00 M M 10.0 22 100 M M 0 28 100
27 52 16 34 -12 31 0 0.00 M M 19.3 41 350 M M 0 50 350
28 52 14 33 -13 32 0 0.00 M M 15.2 29 190 M M 0 38 200
29 64 32 48 1 17 0 0.00 M M 12.7 28 230 M M 0 39 230
30 79 35 57 10 8 0 0.00 M M 22.0 41 220 M M 0 57 200
31 63 30 47 0 18 0 0.00 M M 20.1 40 270 M M 0 57 310
================================================================================
SM 1719 749 670 0 0.06 M 372.9 M 0
================================================================================
AV 57.3 25.8 12.9 FASTST M M 0 MAX(MPH)
MISC ----> #41 230 #57 200
================================================================================
NOTES:
# LAST OF SEVERAL OCCURRENCES
ASOS FAILED FROM 400 PM ON 3/16 UNTIL 600 PM ON 3/17. DAILY SUMMARY NOT
GENERATED FOR 3/16. SUMMARY ON 3/17 SHOWED HIGH FROM 3/16, WHICH WOULD HAVE
OCCURRED SHORTLY AFTER MIDNIGHT. PRECIP TOTALS WERE CORRECT FOR 3/16 AND
ACCORDING TO RADAR...NO PRECIP OCCURRED AFTER OBS FAILED...SO CARRIED TOTALS FOR
THE DAY.
COLUMN 17 PEAK WIND IN M.P.H.
PRELIMINARY LOCAL CLIMATOLOGICAL DATA (WS FORM: F-6) , PAGE 2
STATION: SPRINGFIELD CO
MONTH: MARCH
YEAR: 2023
LATITUDE: 37 16 N
LONGITUDE: 102 37 W
[TEMPERATURE DATA] [PRECIPITATION DATA] SYMBOLS USED IN COLUMN 16
AVERAGE MONTHLY: 41.6 TOTAL FOR MONTH: 0.06 1 = FOG OR MIST
DPTR FM NORMAL: -1.2 DPTR FM NORMAL: -0.85 2 = FOG REDUCING VISIBILITY
HIGHEST: 79 ON 30 GRTST 24HR 0.04 ON 16 TO 1/4 MILE OR LESS
LOWEST: 9 ON 19 3 = THUNDER
SNOW, ICE PELLETS, HAIL 4 = ICE PELLETS
TOTAL MONTH: M 5 = HAIL
GRTST 24HR M ON M 6 = FREEZING RAIN OR DRIZZLE
GRTST DEPTH: M ON M 7 = DUSTSTORM OR SANDSTORM:
VSBY 1/2 MILE OR LESS
8 = SMOKE OR HAZE
[NO. OF DAYS WITH] [WEATHER - DAYS WITH] 9 = BLOWING SNOW
X = TORNADO
MAX 32 OR BELOW: 1 0.01 INCH OR MORE: 2
MAX 90 OR ABOVE: 0 0.10 INCH OR MORE: 0
MIN 32 OR BELOW: 24 0.50 INCH OR MORE: 0
MIN 0 OR BELOW: 0 1.00 INCH OR MORE: 0
[HDD (BASE 65) ]
TOTAL THIS MO. 670 CLEAR (SCALE 0-3) 30
DPTR FM NORMAL -18 PTCLDY (SCALE 4-7) 0
TOTAL FM JUL 1 4546 CLOUDY (SCALE 8-10) 1
DPTR FM NORMAL -208
[CDD (BASE 65) ]
TOTAL THIS MO. 0
DPTR FM NORMAL 0 [PRESSURE DATA]
TOTAL FM JAN 1 0 HIGHEST SLP 30.47 ON 28
DPTR FM NORMAL 0 LOWEST SLP 29.28 ON 30
[REMARKS]
#FINAL-03-23#