000
CXUS53 KILX 011000
CF6SPI
PRELIMINARY LOCAL CLIMATOLOGICAL DATA (WS FORM: F-6)
STATION: SPRINGFIELD IL
MONTH: NOVEMBER
YEAR: 2023
LATITUDE: 39 50 N
LONGITUDE: 89 41 W
TEMPERATURE IN F: :PCPN: SNOW: WIND :SUNSHINE: SKY :PK WND
================================================================================
1 2 3 4 5 6A 6B 7 8 9 10 11 12 13 14 15 16 17 18
12Z AVG MX 2MIN
DY MAX MIN AVG DEP HDD CDD WTR SNW DPTH SPD SPD DIR MIN PSBL S-S WX SPD DR
================================================================================
1 45 21 33 -16 32 0 0.00 0.0 0 6.9 14 270 M M 0 25 200
2 59 32 46 -3 19 0 0.00 0.0 0 12.4 22 190 M M 0 30 180
3 62 42 52 3 13 0 0.00 0.0 0 15.1 23 180 M M 2 33 180
4 63 35 49 1 16 0 0.00 0.0 0 3.0 10 340 M M 0 1 13 310
5 65 31 48 0 17 0 0.00 0.0 0 7.2 20 170 M M 0 18 27 180
6 72 48 60 13 5 0 0.00 0.0 0 11.6 24 250 M M 4 1 33 250
7 71 40 56 9 9 0 0.00 0.0 0 7.4 20 100 M M 1 1 24 120
8 79 52 66 20 0 1 0.00 0.0 0 11.6 21 330 M M 5 18 30 310
9 57 40 49 3 16 0 0.00 0.0 0 7.1 22 340 M M 0 8 30 320
10 53 30 42 -4 23 0 0.00 0.0 0 7.0 14 330 M M 0 22 310
11 53 24 39 -6 26 0 0.00 0.0 0 4.9 12 140 M M 1 1 16 130
12 61 35 48 3 17 0 0.00 0.0 0 8.9 16 180 M M 2 23 160
13 67 30 49 5 16 0 0.00 0.0 0 4.2 15 350 M M 0 8 24 320
14 64 28 46 2 19 0 0.00 0.0 0 7.7 20 180 M M 0 26 200
15 71 37 54 10 11 0 0.00 0.0 0 6.6 15 260 M M 0 8 20 180
16 67 43 55 12 10 0 0.00 0.0 0 12.8 25 180 M M 3 8 33 190
17 62 28 45 2 20 0 0.01 0.0 0 9.5 20 320 M M 3 26 360
18 56 22 39 -3 26 0 0.00 0.0 0 3.4 14 260 M M 0 21 280
19 61 31 46 4 19 0 0.00 0.0 0 2.9 9 190 M M 0 15 150
20 51 44 48 6 17 0 0.41 0.0 0 10.2 20 60 M M 9 18 29 50
21 45 36 41 0 24 0 0.03 0.0 0 10.7 20 300 M M 9 1 28 300
22 42 33 38 -3 27 0 0.00 0.0 0 9.1 14 250 M M 7 18 19 290
23 51 33 42 2 23 0 0.00 0.0 0 8.0 15 10 M M 0 21 10
24 38 29 34 -6 31 0 0.00 0.0 0 11.6 20 20 M M 2 27 10
25 43 27 35 -5 30 0 0.00 0.0 0 4.4 8 80 M M 0 11 80
26 36 31 34 -5 31 0 0.23 T T 10.1 24 280 M M 9 18 35 260
27 34 20 27 -12 38 0 0.00 0.0 0 12.5 23 270 M M 1 30 250
28 28 14 21 -17 44 0 0.00 0.0 0 7.7 16 180 M M 1 8 25 320
29 53 25 39 1 26 0 0.00 0.0 0 8.2 16 260 M M 0 20 260
30 55 39 47 9 18 0 0.12 0.0 0 12.0 20 200 M M 5 1 26 190
================================================================================
SM 1664 980 623 1 0.80 T 254.7 M 64
================================================================================
AV 55.5 32.7 8.5 FASTST M M 2 MAX(MPH)
MISC ----> 25 180 35 260
================================================================================
NOTES:
# LAST OF SEVERAL OCCURRENCES
COLUMN 17 PEAK WIND IN M.P.H.
PRELIMINARY LOCAL CLIMATOLOGICAL DATA (WS FORM: F-6) , PAGE 2
STATION: SPRINGFIELD IL
MONTH: NOVEMBER
YEAR: 2023
LATITUDE: 39 50 N
LONGITUDE: 89 41 W
[TEMPERATURE DATA] [PRECIPITATION DATA] SYMBOLS USED IN COLUMN 16
AVERAGE MONTHLY: 44.1 TOTAL FOR MONTH: 0.80 1 = FOG OR MIST
DPTR FM NORMAL: 0.6 DPTR FM NORMAL: -1.91 2 = FOG REDUCING VISIBILITY
HIGHEST: 79 ON 8 GRTST 24HR 0.44 ON 20-21 TO 1/4 MILE OR LESS
LOWEST: 14 ON 28 3 = THUNDER
SNOW, ICE PELLETS, HAIL 4 = ICE PELLETS
TOTAL MONTH: T 5 = HAIL
GRTST 24HR T ON 26-26 6 = FREEZING RAIN OR DRIZZLE
GRTST DEPTH: T 7 = DUSTSTORM OR SANDSTORM:
VSBY 1/2 MILE OR LESS
8 = SMOKE OR HAZE
[NO. OF DAYS WITH] [WEATHER - DAYS WITH] 9 = BLOWING SNOW
X = TORNADO
MAX 32 OR BELOW: 1 0.01 INCH OR MORE: 5
MAX 90 OR ABOVE: 0 0.10 INCH OR MORE: 3
MIN 32 OR BELOW: 16 0.50 INCH OR MORE: 0
MIN 0 OR BELOW: 0 1.00 INCH OR MORE: 0
[HDD (BASE 65) ]
TOTAL THIS MO. 623 CLEAR (SCALE 0-3) 22
DPTR FM NORMAL -25 PTCLDY (SCALE 4-7) 5
TOTAL FM JUL 1 939 CLOUDY (SCALE 8-10) 3
DPTR FM NORMAL -83
[CDD (BASE 65) ]
TOTAL THIS MO. 1
DPTR FM NORMAL 0 [PRESSURE DATA]
TOTAL FM JAN 1 1148 HIGHEST SLP 30.49 ON 24
DPTR FM NORMAL -103 LOWEST SLP 29.57 ON 8
[REMARKS]
#FINAL-11-23#