000
CXUS53 KILX 240900
CF6SPI
PRELIMINARY LOCAL CLIMATOLOGICAL DATA (WS FORM: F-6)
STATION: SPRINGFIELD IL
MONTH: APRIL
YEAR: 2024
LATITUDE: 39 50 N
LONGITUDE: 89 41 W
TEMPERATURE IN F: :PCPN: SNOW: WIND :SUNSHINE: SKY :PK WND
================================================================================
1 2 3 4 5 6A 6B 7 8 9 10 11 12 13 14 15 16 17 18
12Z AVG MX 2MIN
DY MAX MIN AVG DEP HDD CDD WTR SNW DPTH SPD SPD DIR MIN PSBL S-S WX SPD DR
================================================================================
1 65 48 57 8 8 0 1.43 0.0 0 8.6 20 70 M M 8 138 25 40
2 65 39 52 2 13 0 0.28 0.0 0 15.5 33 250 M M 10 138 43 240
3 41 35 38 -12 27 0 0.18 T 0 17.3 29 270 M M 10 138 39 270
4 43 36 40 -10 25 0 0.01 0.0 0 12.0 20 290 M M 10 29 270
5 47 34 41 -10 24 0 0.00 0.0 0 8.0 13 20 M M 5 17 20
6 55 28 42 -9 23 0 0.00 0.0 0 8.2 15 130 M M 0 23 110
7 64 45 55 4 10 0 M M M 17.3 28 160 M M 4 38 40 130
8 75 M M M M M 0.00 0.0 0 10.6 21 180 M M 0 27 190
9 68 47 58 6 7 0 0.00 0.0 0 6.3 17 260 M M 2 23 250
10 65 44 55 3 10 0 0.09 0.0 0 7.1 15 60 M M 6 19 70
11 69 49 59 6 6 0 0.04 0.0 0 12.6 30 310 M M 7 40 300
12 67 45 56 3 9 0 0.01 0.0 0 16.2 30 300 M M 2 42 300
13 78 38 58 4 7 0 0.00 0.0 0 10.1 21 190 M M 0 30 190
14 87 60 74 20 0 9 0.00 0.0 0 10.2 23 250 M M 0 33 240
15 83 55 69 15 0 4 0.00 0.0 0 10.2 20 100 M M 0 26 90
16 82 64 73 18 0 8 0.02 0.0 0 20.2 35 160 M M 2 3 47 150
17 72 48 60 5 5 0 0.00 0.0 0 15.6 33 250 M M 3 49 260
18 76 47 62 7 3 0 M 0.0 0 11.4 39 310 M M 3 138 48 310
19 57 43 50 -6 15 0 0.00 0.0 0 10.2 15 310 M M 0 22 300
20 50 37 44 -12 21 0 0.00 0.0 0 12.4 20 320 M M 0 23 310
21 59 32 46 -10 19 0 0.00 0.0 0 10.6 16 340 M M 0 23 360
22 68 36 52 -5 13 0 0.00 0.0 0 12.6 24 170 M M 0 34 180
23 61 M M M M M 0.67 0.0 0 11.8 30 220 M M 5 13 30 220
================================================================================
SM 1497 910 245 21 2.73 T 275.0 M 77
================================================================================
AV 65.1 43.3 12.0 FASTST M M 3 MAX(MPH)
MISC ----> 39 310 49 260
================================================================================
NOTES:
# LAST OF SEVERAL OCCURRENCES
COLUMN 17 PEAK WIND IN M.P.H.
PRELIMINARY LOCAL CLIMATOLOGICAL DATA (WS FORM: F-6) , PAGE 2
STATION: SPRINGFIELD IL
MONTH: APRIL
YEAR: 2024
LATITUDE: 39 50 N
LONGITUDE: 89 41 W
[TEMPERATURE DATA] [PRECIPITATION DATA] SYMBOLS USED IN COLUMN 16
AVERAGE MONTHLY: 54.2 TOTAL FOR MONTH: 2.73 1 = FOG OR MIST
DPTR FM NORMAL: 1.0 DPTR FM NORMAL: -0.17 2 = FOG REDUCING VISIBILITY
HIGHEST: 87 ON 14 GRTST 24HR 1.69 ON 1- 2 TO 1/4 MILE OR LESS
LOWEST: 28 ON 6 3 = THUNDER
SNOW, ICE PELLETS, HAIL 4 = ICE PELLETS
TOTAL MONTH: T 5 = HAIL
GRTST 24HR T ON 3- 3 6 = FREEZING RAIN OR DRIZZLE
GRTST DEPTH: 0 7 = DUSTSTORM OR SANDSTORM:
VSBY 1/2 MILE OR LESS
8 = SMOKE OR HAZE
[NO. OF DAYS WITH] [WEATHER - DAYS WITH] 9 = BLOWING SNOW
X = TORNADO
MAX 32 OR BELOW: 0 0.01 INCH OR MORE: 9
MAX 90 OR ABOVE: 0 0.10 INCH OR MORE: 4
MIN 32 OR BELOW: 2 0.50 INCH OR MORE: 2
MIN 0 OR BELOW: 0 1.00 INCH OR MORE: 1
[HDD (BASE 65) ]
TOTAL THIS MO. 245 CLEAR (SCALE 0-3) 14
DPTR FM NORMAL -39 PTCLDY (SCALE 4-7) 6
TOTAL FM JUL 1 4317 CLOUDY (SCALE 8-10) 3
DPTR FM NORMAL -727
[CDD (BASE 65) ]
TOTAL THIS MO. 21
DPTR FM NORMAL 9 [PRESSURE DATA]
TOTAL FM JAN 1 22 HIGHEST SLP M ON M
DPTR FM NORMAL 7 LOWEST SLP 29.36 ON 2
[REMARKS]