000
CXUS53 KGRB 300737
CF6STE
PRELIMINARY LOCAL CLIMATOLOGICAL DATA (WS FORM: F-6)
STATION: STEVENS POINT WI
MONTH: SEPTEMBER
YEAR: 2021
LATITUDE: 44 32 N
LONGITUDE: 89 32 W
TEMPERATURE IN F: :PCPN: SNOW: WIND :SUNSHINE: SKY :PK WND
================================================================================
1 2 3 4 5 6A 6B 7 8 9 10 11 12 13 14 15 16 17 18
12Z AVG MX 2MIN
DY MAX MIN AVG DEP HDD CDD WTR SNW DPTH SPD SPD DIR MIN PSBL S-S WX SPD DR
================================================================================
1 73 47 60 M 5 0 0.01 M M 2.6 8 60 M M 0 M M
2 70 45 58 M 7 0 M M M 3.5 9 120 M M 0 M M
3 62 55 59 M 6 0 M M M 4.9 10 90 M M 8 1 M M
4 69 54 62 M 3 0 0.01 M M 3.8 9 300 M M 7 1 17 320
5 72 49 61 M 4 0 M M M 5.1 12 280 M M 2 1 21 290
6 73 43 58 M 7 0 0.01 M M 2.0 8 230 M M 1 M M
7 75 51 63 M 2 0 M M M 7.1 13 330 M M 3 25 270
8 68 49 59 M 6 0 M M M 6.8 14 320 M M 3 24 300
9 70 43 57 M 8 0 M M M 0.9 5 310 M M 5 12 M M
10 74 44 59 M 6 0 M M M 3.3 12 230 M M 1 17 250
11 79 53 66 M 0 1 M M M 4.7 12 270 M M 0 23 240
12 67 47 57 M 8 0 M M M 2.4 6 40 M M 4 M M
13 71 43 57 M 8 0 M M M 6.0 12 110 M M 4 20 110
14 67 55 61 M 4 0 0.15 M M 7.5 14 250 M M 7 24 170
15 72 41 57 M 8 0 M M M 2.1 10 260 M M 2 1 M M
16 77 50 64 M 1 0 M M M 9.4 18 170 M M 0 24 200
17 74 41 58 M 7 0 M M M 6.3 13 320 M M 1 18 320
18 72 36 54 M 11 0 M M M 3.7 9 120 M M 0 M M
19 84 48 66 M 0 1 M M M 5.8 14 170 M M 0 21 200
20 76 59 68 M 0 3 0.06 M M 8.2 14 170 M M 6 3 23 170
21 65 41 53 M 12 0 0.03 M M 6.4 12 310 M M 7 20 290
22 63 38 51 M 14 0 0.01 M M 4.3 16 350 M M 2 20 10
23 68 37 53 M 12 0 M M M 5.3 16 350 M M 0 22 350
24 74 37 56 M 9 0 M M M 6.0 14 280 M M 3 23 310
25 61 40 51 M 14 0 M M M 6.6 15 280 M M 3 24 260
26 71 39 55 M 10 0 M M M 2.9 8 250 M M 0 M M
27 71 45 58 M 7 0 M M M 3.9 14 60 M M 0 18 60
28 70 41 56 M 9 0 M M M 2.4 8 150 M M 0 1 16 120
29 75 40 58 M 7 0 M M M 2.7 8 150 M M 0 M M
================================================================================
SM 2063 1311 195 5 0.28 M 136.9 M 69
================================================================================
AV 71.1 45.2 4.7 FASTST M M 2 MAX(MPH)
MISC ----> 18 170 25 270
================================================================================
NOTES:
# LAST OF SEVERAL OCCURRENCES
COLUMN 17 PEAK WIND IN M.P.H.
PRELIMINARY LOCAL CLIMATOLOGICAL DATA (WS FORM: F-6) , PAGE 2
STATION: STEVENS POINT WI
MONTH: SEPTEMBER
YEAR: 2021
LATITUDE: 44 32 N
LONGITUDE: 89 32 W
[TEMPERATURE DATA] [PRECIPITATION DATA] SYMBOLS USED IN COLUMN 16
AVERAGE MONTHLY: 58.2 TOTAL FOR MONTH: 0.28 1 = FOG OR MIST
DPTR FM NORMAL: 0.0 DPTR FM NORMAL: 0.28 2 = FOG REDUCING VISIBILITY
HIGHEST: 84 ON 19 GRTST 24HR 0.15 ON 14-14 TO 1/4 MILE OR LESS
LOWEST: 36 ON 18 3 = THUNDER
SNOW, ICE PELLETS, HAIL 4 = ICE PELLETS
TOTAL MONTH: M 5 = HAIL
GRTST 24HR M ON M 6 = FREEZING RAIN OR DRIZZLE
GRTST DEPTH: M ON M 7 = DUSTSTORM OR SANDSTORM:
VSBY 1/2 MILE OR LESS
8 = SMOKE OR HAZE
[NO. OF DAYS WITH] [WEATHER - DAYS WITH] 9 = BLOWING SNOW
X = TORNADO
MAX 32 OR BELOW: 0 0.01 INCH OR MORE: 7
MAX 90 OR ABOVE: 0 0.10 INCH OR MORE: 1
MIN 32 OR BELOW: 0 0.50 INCH OR MORE: 0
MIN 0 OR BELOW: 0 1.00 INCH OR MORE: 0
[HDD (BASE 65) ]
TOTAL THIS MO. 195 CLEAR (SCALE 0-3) 18
DPTR FM NORMAL M PTCLDY (SCALE 4-7) 11
TOTAL FM JUL 1 246 CLOUDY (SCALE 8-10) 0
DPTR FM NORMAL M
[CDD (BASE 65) ]
TOTAL THIS MO. 5
DPTR FM NORMAL M [PRESSURE DATA]
TOTAL FM JAN 1 357 HIGHEST SLP M ON M
DPTR FM NORMAL 357 LOWEST SLP M ON M
[REMARKS]