000
CXUS53 KEAX 010836
CF6STJ
PRELIMINARY LOCAL CLIMATOLOGICAL DATA (WS FORM: F-6)
STATION: ST. JOSEPH MO
MONTH: JANUARY
YEAR: 2022
LATITUDE: 39 46 N
LONGITUDE: 94 55 W
TEMPERATURE IN F: :PCPN: SNOW: WIND :SUNSHINE: SKY :PK WND
================================================================================
1 2 3 4 5 6A 6B 7 8 9 10 11 12 13 14 15 16 17 18
12Z AVG MX 2MIN
DY MAX MIN AVG DEP HDD CDD WTR SNW DPTH SPD SPD DIR MIN PSBL S-S WX SPD DR
================================================================================
1 27 7 17 -11 48 0 0.03 M M 19.6 28 360 M M 10 128 36 360
2 12 -3 5 -23 60 0 0.00 M M 6.1 20 340 M M 1 24 340
3 39 1 20 -7 45 0 0.00 M M 5.7 14 190 M M 0 1 19 180
4 44 25 35 8 30 0 0.00 M M 16.2 37 320 M M 0 48 320
5 25 11 18 -9 47 0 0.00 M M 15.9 29 320 M M 4 40 330
6 12 3 8 -19 57 0 0.00 M M 12.5 24 340 M M 4 31 340
7 24 5 15 -12 50 0 0.00 M M 8.4 17 150 M M 2 22 150
8 38 19 29 2 36 0 0.00 M M 9.8 17 340 M M 8 1 23 160
9 34 13 24 -3 41 0 0.00 M M 10.4 26 350 M M 1 34 360
10 40 10 25 -2 40 0 0.00 M M 3.2 9 130 M M 0 14 10
11 60 18 39 12 26 0 0.00 M M 9.6 26 220 M M 0 35 220
12 51 22 37 10 28 0 0.00 M M 5.6 20 310 M M 0 25 300
13 54 26 40 13 25 0 0.00 M M 5.5 17 330 M M 2 22 330
14 41 26 34 7 31 0 0.11 M M 7.1 23 310 M M 6 1 28 310
15 32 17 25 -2 40 0 M M M 16.5 29 20 M M 10 18 37 20
16 33 16 25 -2 40 0 0.00 M M 6.9 15 260 M M 8 1 19 250
17 41 16 29 2 36 0 0.00 M M 5.8 13 320 M M 2 1 16 330
18 50 23 37 10 28 0 0.00 M M 6.9 20 350 M M 0 27 350
19 38 8 23 -4 42 0 0.00 M M 19.2 31 350 M M 3 39 360
20 17 2 10 -17 55 0 0.00 M M 6.3 15 360 M M 0 20 10
21 26 0 13 -14 52 0 0.00 M M 7.3 15 180 M M 1 20 180
22 45 15 30 3 35 0 0.00 M M 7.0 18 230 M M 2 27 230
23 43 26 35 8 30 0 0.00 M M 9.4 23 240 M M 6 33 240
24 50 15 33 6 32 0 0.00 M M 11.9 28 350 M M 4 36 350
25 23 7 15 -12 50 0 0.00 M M 7.5 15 20 M M 0 20 10
26 33 2 18 -10 47 0 0.00 M M 8.3 20 200 M M 2 24 190
27 43 25 34 6 31 0 0.00 M M 9.6 24 350 M M 3 8 32 320
28 29 6 18 -10 47 0 0.00 M M 7.5 22 340 M M 2 27 350
29 53 17 35 7 30 0 0.00 M M 5.9 12 220 M M 0 8 15 190
30 43 22 33 5 32 0 0.00 M M 5.2 18 350 M M 0 22 350
31 62 22 42 14 23 0 0.00 M M 8.1 17 200 M M 0 24 200
================================================================================
SM 1162 422 1214 0 0.14 M 284.9 M 81
================================================================================
AV 37.5 13.6 9.2 FASTST M M 3 MAX(MPH)
MISC ----> 37 320 48 320
================================================================================
NOTES:
# LAST OF SEVERAL OCCURRENCES
COLUMN 17 PEAK WIND IN M.P.H.
PRELIMINARY LOCAL CLIMATOLOGICAL DATA (WS FORM: F-6) , PAGE 2
STATION: ST. JOSEPH MO
MONTH: JANUARY
YEAR: 2022
LATITUDE: 39 46 N
LONGITUDE: 94 55 W
[TEMPERATURE DATA] [PRECIPITATION DATA] SYMBOLS USED IN COLUMN 16
AVERAGE MONTHLY: 25.5 TOTAL FOR MONTH: 0.14 1 = FOG OR MIST
DPTR FM NORMAL: -1.8 DPTR FM NORMAL: -0.57 2 = FOG REDUCING VISIBILITY
HIGHEST: 62 ON 31 GRTST 24HR 0.43 ON 1- 1 TO 1/4 MILE OR LESS
LOWEST: -3 ON 2 3 = THUNDER
SNOW, ICE PELLETS, HAIL 4 = ICE PELLETS
TOTAL MONTH: M 5 = HAIL
GRTST 24HR M ON M 6 = FREEZING RAIN OR DRIZZLE
GRTST DEPTH: M ON M 7 = DUSTSTORM OR SANDSTORM:
VSBY 1/2 MILE OR LESS
8 = SMOKE OR HAZE
[NO. OF DAYS WITH] [WEATHER - DAYS WITH] 9 = BLOWING SNOW
X = TORNADO
MAX 32 OR BELOW: 10 0.01 INCH OR MORE: 2
MAX 90 OR ABOVE: 0 0.10 INCH OR MORE: 1
MIN 32 OR BELOW: 31 0.50 INCH OR MORE: 0
MIN 0 OR BELOW: 2 1.00 INCH OR MORE: 0
[HDD (BASE 65) ]
TOTAL THIS MO. 1214 CLEAR (SCALE 0-3) 20
DPTR FM NORMAL 44 PTCLDY (SCALE 4-7) 9
TOTAL FM JUL 1 2863 CLOUDY (SCALE 8-10) 2
DPTR FM NORMAL -452
[CDD (BASE 65) ]
TOTAL THIS MO. 0
DPTR FM NORMAL 0 [PRESSURE DATA]
TOTAL FM JAN 1 0 HIGHEST SLP 30.80 ON 20
DPTR FM NORMAL 0 LOWEST SLP 29.54 ON 4
[REMARKS]
#FINAL-01-22#