000
CXUS53 KEAX 010848
CLMSTJ
CLIMATE REPORT
NATIONAL WEATHER SERVICE KANSAS CITY/PLEASANT HILL MO
243 AM CST THU FEB 01 2024
...................................
...THE ST. JOSEPH MO CLIMATE SUMMARY FOR THE MONTH OF JANUARY 2024...
CLIMATE NORMAL PERIOD: 1991 TO 2020
CLIMATE RECORD PERIOD: 1892 TO 2024
WEATHER OBSERVED NORMAL DEPART LAST YEAR`S
VALUE DATE(S) VALUE FROM VALUE DATE(S)
NORMAL
................................................................
TEMPERATURE (F)
RECORD
HIGH 73 MM
LOW -17 01/04/2010
HIGHEST 63 01/31 60 3 58 01/16
LOWEST -13 01/14 -3 -10 3 01/31
AVG. MAXIMUM 32.5 37.4 -4.9 40.1
AVG. MINIMUM 16.9 17.1 -0.2 21.2
MEAN 24.7 27.3 -2.6 30.6
DAYS MAX >= 90 0 0.0 0.0 0
DAYS MAX <= 32 11 10.3 0.7 7
DAYS MIN <= 32 25 28.9 -3.9 28
DAYS MIN <= 0 6 3.0 3.0 0
PRECIPITATION (INCHES)
RECORD
MAXIMUM 4.55 1949
MINIMUM 0.00 2000
TOTALS 1.15 0.71 0.44 0.99
DAILY AVG. 0.04 0.02 0.02 0.03
DAYS >= .01 7 4.7 2.3 7
DAYS >= .10 4 2.2 1.8 2
DAYS >= .50 0 0.3 -0.3 1
DAYS >= 1.00 0 0.0 0.0 0
GREATEST
24 HR. TOTAL 0.48 01/08 TO 01/09
DEGREE DAYS
HEATING TOTAL 1238 1170 68 1056
SINCE 7/1 2959 3315 -356 MM
COOLING TOTAL 0 0 0 0
SINCE 1/1 0 0 0 MM
................................................................
WIND (MPH)
AVERAGE WIND SPEED 8.1
HIGHEST WIND SPEED/DIRECTION 35/340 DATE 01/09
HIGHEST GUST SPEED/DIRECTION 45/330 DATE 01/09
SKY COVER
POSSIBLE SUNSHINE (PERCENT) MM
AVERAGE SKY COVER 0.52
NUMBER OF DAYS FAIR 10
NUMBER OF DAYS PC 11
NUMBER OF DAYS CLOUDY 10
AVERAGE RH (PERCENT) 77
WEATHER CONDITIONS. NUMBER OF DAYS WITH
THUNDERSTORM 0 MIXED PRECIP 0
HEAVY RAIN 0 RAIN 1
LIGHT RAIN 4 FREEZING RAIN 0
LT FREEZING RAIN 0 HAIL 0
HEAVY SNOW 1 SNOW 6
LIGHT SNOW 10 SLEET 0
FOG 22 FOG W/VIS <= 1/4 MILE 4
HAZE 9
- INDICATES NEGATIVE NUMBERS.
R INDICATES RECORD WAS SET OR TIED.
MM INDICATES DATA IS MISSING.
T INDICATES TRACE AMOUNT.
$$